Last updated on 2025-02-10 17:49:26 CET.
Flavor | Version | Tinstall | Tcheck | Ttotal | Status | Flags |
---|---|---|---|---|---|---|
r-devel-linux-x86_64-debian-clang | 0.3.5 | 3.37 | 300.07 | 303.44 | NOTE | |
r-devel-linux-x86_64-debian-gcc | 0.3.5 | 2.67 | 154.18 | 156.85 | NOTE | |
r-devel-linux-x86_64-fedora-clang | 0.3.5 | 336.49 | OK | |||
r-devel-linux-x86_64-fedora-gcc | 0.3.5 | 475.54 | OK | |||
r-devel-windows-x86_64 | 0.3.5 | 5.00 | 140.00 | 145.00 | NOTE | |
r-patched-linux-x86_64 | 0.3.5 | 9.80 | 215.46 | 225.26 | OK | |
r-release-linux-x86_64 | 0.3.5 | 3.35 | 212.76 | 216.11 | OK | |
r-release-macos-arm64 | 0.3.5 | 50.00 | OK | |||
r-release-macos-x86_64 | 0.3.5 | 99.00 | OK | |||
r-release-windows-x86_64 | 0.3.5 | 4.00 | 140.00 | 144.00 | OK | |
r-oldrel-macos-arm64 | 0.3.5 | 56.00 | OK | |||
r-oldrel-macos-x86_64 | 0.3.5 | 85.00 | OK | |||
r-oldrel-windows-x86_64 | 0.3.5 | 7.00 | 161.00 | 168.00 | OK |
Version: 0.3.5
Check: Rd cross-references
Result: NOTE
Found the following Rd file(s) with Rd \link{} targets missing package
anchors:
periodogram.Rd: behavr
periodogram_methods.Rd: data.table
spectrogram.Rd: behavr
Please provide package anchors for all Rd \link{} targets not in the
package itself and the base packages.
Flavors: r-devel-linux-x86_64-debian-clang, r-devel-linux-x86_64-debian-gcc, r-devel-windows-x86_64