Last updated on 2024-06-29 06:49:56 CEST.
Flavor | Version | Tinstall | Tcheck | Ttotal | Status | Flags |
---|---|---|---|---|---|---|
r-devel-linux-x86_64-debian-clang | 0.4.0 | 10.92 | 88.60 | 99.52 | OK | |
r-devel-linux-x86_64-debian-gcc | 0.4.0 | 8.33 | 66.00 | 74.33 | OK | |
r-devel-linux-x86_64-fedora-clang | 0.4.0 | 127.26 | OK | |||
r-devel-linux-x86_64-fedora-gcc | 0.4.0 | 113.96 | OK | |||
r-devel-windows-x86_64 | 0.4.0 | 10.00 | 78.00 | 88.00 | OK | |
r-patched-linux-x86_64 | 0.4.0 | 6.49 | 82.78 | 89.27 | OK | |
r-release-linux-x86_64 | 0.4.0 | 6.86 | 84.71 | 91.57 | OK | |
r-release-macos-arm64 | 0.4.0 | 40.00 | OK | |||
r-release-macos-x86_64 | 0.4.0 | 52.00 | OK | |||
r-release-windows-x86_64 | 0.4.0 | 10.00 | 80.00 | 90.00 | OK | |
r-oldrel-macos-arm64 | 0.4.0 | 39.00 | OK | |||
r-oldrel-macos-x86_64 | 0.4.0 | 62.00 | NOTE | |||
r-oldrel-windows-x86_64 | 0.4.0 | 14.00 | 93.00 | 107.00 | OK |
Version: 0.4.0
Check: package dependencies
Result: NOTE
Package suggested but not available for checking: ‘nlmixr2’
Flavor: r-oldrel-macos-x86_64