Last updated on 2024-08-16 06:50:16 CEST.
Flavor | Version | Tinstall | Tcheck | Ttotal | Status | Flags |
---|---|---|---|---|---|---|
r-devel-linux-x86_64-debian-clang | 3.0.2 | 6.81 | 42.03 | 48.84 | OK | |
r-devel-linux-x86_64-debian-gcc | 3.0.2 | 4.60 | 30.44 | 35.04 | OK | |
r-devel-linux-x86_64-fedora-clang | 3.0.2 | 74.94 | NOTE | |||
r-devel-linux-x86_64-fedora-gcc | 3.0.2 | 74.99 | NOTE | |||
r-devel-windows-x86_64 | 3.0.2 | 7.00 | 64.00 | 71.00 | OK | |
r-patched-linux-x86_64 | 3.0.2 | 6.36 | 38.69 | 45.05 | OK | |
r-release-linux-x86_64 | 3.0.2 | 5.98 | 39.39 | 45.37 | OK | |
r-release-macos-arm64 | 3.0.2 | 28.00 | OK | |||
r-release-macos-x86_64 | 3.0.2 | 35.00 | OK | |||
r-release-windows-x86_64 | 3.0.2 | 8.00 | 58.00 | 66.00 | OK | |
r-oldrel-macos-arm64 | 3.0.2 | 26.00 | OK | |||
r-oldrel-macos-x86_64 | 3.0.2 | 41.00 | OK | |||
r-oldrel-windows-x86_64 | 3.0.2 | 9.00 | 66.00 | 75.00 | OK |
Version: 3.0.2
Check: data for non-ASCII characters
Result: NOTE
Note: found 268 marked UTF-8 strings
Flavors: r-devel-linux-x86_64-fedora-clang, r-devel-linux-x86_64-fedora-gcc