Last updated on 2025-02-10 17:49:26 CET.
Flavor | Version | Tinstall | Tcheck | Ttotal | Status | Flags |
---|---|---|---|---|---|---|
r-devel-linux-x86_64-debian-clang | 1.1.7 | 5.35 | 41.78 | 47.13 | NOTE | |
r-devel-linux-x86_64-debian-gcc | 1.1.7 | 4.15 | 30.97 | 35.12 | NOTE | |
r-devel-linux-x86_64-fedora-clang | 1.1.7 | 75.58 | NOTE | |||
r-devel-linux-x86_64-fedora-gcc | 1.1.7 | 73.40 | NOTE | |||
r-devel-windows-x86_64 | 1.1.7 | 8.00 | 61.00 | 69.00 | NOTE | |
r-patched-linux-x86_64 | 1.1.7 | 9.19 | 38.48 | 47.67 | NOTE | |
r-release-linux-x86_64 | 1.1.7 | 5.54 | 38.28 | 43.82 | NOTE | |
r-release-macos-arm64 | 1.1.7 | 26.00 | NOTE | |||
r-release-macos-x86_64 | 1.1.7 | 38.00 | NOTE | |||
r-release-windows-x86_64 | 1.1.7 | 11.00 | 60.00 | 71.00 | NOTE | |
r-oldrel-macos-arm64 | 1.1.7 | 25.00 | OK | |||
r-oldrel-macos-x86_64 | 1.1.7 | 35.00 | OK | |||
r-oldrel-windows-x86_64 | 1.1.7 | 9.00 | 72.00 | 81.00 | OK |
Version: 1.1.7
Check: Rd files
Result: NOTE
checkRd: (-1) xshow.Rd:19: Lost braces in \enumerate; meant \describe ?
checkRd: (-1) xshow.Rd:20: Lost braces in \enumerate; meant \describe ?
Flavors: r-devel-linux-x86_64-debian-clang, r-devel-linux-x86_64-debian-gcc, r-devel-linux-x86_64-fedora-clang, r-devel-linux-x86_64-fedora-gcc, r-devel-windows-x86_64, r-patched-linux-x86_64, r-release-linux-x86_64, r-release-macos-arm64, r-release-macos-x86_64, r-release-windows-x86_64
Version: 1.1.7
Check: Rd cross-references
Result: NOTE
Found the following Rd file(s) with Rd \link{} targets missing package
anchors:
xtest.Rd: compareGrowthCurves
Please provide package anchors for all Rd \link{} targets not in the
package itself and the base packages.
Flavors: r-devel-linux-x86_64-debian-clang, r-devel-linux-x86_64-debian-gcc, r-devel-windows-x86_64