Last updated on 2025-05-14 06:50:46 CEST.
Flavor | Version | Tinstall | Tcheck | Ttotal | Status | Flags |
---|---|---|---|---|---|---|
r-devel-linux-x86_64-debian-clang | 1.1.1 | 11.99 | 28.88 | 40.87 | OK | |
r-devel-linux-x86_64-debian-gcc | 1.1.1 | 8.95 | 23.40 | 32.35 | OK | |
r-devel-linux-x86_64-fedora-clang | 1.1.1 | 70.38 | OK | |||
r-devel-linux-x86_64-fedora-gcc | 1.1.1 | 68.25 | OK | |||
r-devel-windows-x86_64 | 1.1.1 | 18.00 | 64.00 | 82.00 | OK | |
r-patched-linux-x86_64 | 1.1.1 | 11.87 | 27.01 | 38.88 | OK | |
r-release-linux-x86_64 | 1.1.1 | 11.45 | 26.90 | 38.35 | OK | |
r-release-macos-arm64 | 1.1.1 | 24.00 | OK | |||
r-release-macos-x86_64 | 1.1.1 | 40.00 | OK | |||
r-release-windows-x86_64 | 1.1.1 | 18.00 | 66.00 | 84.00 | OK | |
r-oldrel-macos-arm64 | 1.1.1 | 24.00 | NOTE | |||
r-oldrel-macos-x86_64 | 1.1.1 | 33.00 | NOTE | |||
r-oldrel-windows-x86_64 | 1.1.1 | 20.00 | 77.00 | 97.00 | NOTE |
Version: 1.1.1
Check: LazyData
Result: NOTE
'LazyData' is specified without a 'data' directory
Flavors: r-oldrel-macos-arm64, r-oldrel-macos-x86_64, r-oldrel-windows-x86_64