CRAN Package Check Results for Package wildpoker

Last updated on 2025-11-17 05:49:54 CET.

Flavor Version Tinstall Tcheck Ttotal Status Flags
r-devel-linux-x86_64-debian-clang 1.1 4.70 31.79 36.49 NOTE
r-devel-linux-x86_64-debian-gcc 1.1 3.35 24.55 27.90 NOTE
r-devel-linux-x86_64-fedora-clang 1.1 56.38 OK
r-devel-linux-x86_64-fedora-gcc 1.1 11.00 41.66 52.66 OK
r-devel-windows-x86_64 1.1 7.00 47.00 54.00 OK
r-patched-linux-x86_64 1.1 5.28 30.14 35.42 OK
r-release-linux-x86_64 1.1 4.95 30.55 35.50 OK
r-release-macos-arm64 1.1 3.00 17.00 20.00 OK
r-release-macos-x86_64 1.1 5.00 30.00 35.00 OK
r-release-windows-x86_64 1.1 6.00 46.00 52.00 OK
r-oldrel-macos-arm64 1.1 2.00 19.00 21.00 OK
r-oldrel-macos-x86_64 1.1 4.00 27.00 31.00 OK
r-oldrel-windows-x86_64 1.1 6.00 48.00 54.00 OK

Check Details

Version: 1.1
Check: CRAN incoming feasibility
Result: NOTE Maintainer: ‘Bradley Shanrock-Solberg <greblosb@gmail.com>’ No Authors@R field in DESCRIPTION. Please add one, modifying Authors@R: person(given = "Bradley", family = "Shanrock-Solberg", role = c("aut", "cre"), email = "greblosb@gmail.com") as necessary. Flavors: r-devel-linux-x86_64-debian-clang, r-devel-linux-x86_64-debian-gcc