CRAN Package Check Results for Package whitestrap

Last updated on 2025-11-26 05:51:56 CET.

Flavor Version Tinstall Tcheck Ttotal Status Flags
r-devel-linux-x86_64-debian-clang 0.0.1 1.63 30.83 32.46 NOTE
r-devel-linux-x86_64-debian-gcc 0.0.1 1.52 23.75 25.27 NOTE
r-devel-linux-x86_64-fedora-clang 0.0.1 48.36 OK
r-devel-linux-x86_64-fedora-gcc 0.0.1 45.76 OK
r-devel-windows-x86_64 0.0.1 5.00 46.00 51.00 OK
r-patched-linux-x86_64 0.0.1 1.70 27.98 29.68 OK
r-release-linux-x86_64 0.0.1 1.57 28.59 30.16 OK
r-release-macos-arm64 0.0.1 OK
r-release-macos-x86_64 0.0.1 2.00 30.00 32.00 OK
r-release-windows-x86_64 0.0.1 3.00 51.00 54.00 OK
r-oldrel-macos-arm64 0.0.1 NOTE
r-oldrel-macos-x86_64 0.0.1 1.00 26.00 27.00 NOTE
r-oldrel-windows-x86_64 0.0.1 3.00 56.00 59.00 NOTE

Check Details

Version: 0.0.1
Check: CRAN incoming feasibility
Result: NOTE Maintainer: ‘Jorge Lopez Perez <jorge@loperez.com>’ Package CITATION file contains call(s) to old-style citEntry(). Please use bibentry() instead. Flavors: r-devel-linux-x86_64-debian-clang, r-devel-linux-x86_64-debian-gcc

Version: 0.0.1
Check: LazyData
Result: NOTE 'LazyData' is specified without a 'data' directory Flavors: r-oldrel-macos-arm64, r-oldrel-macos-x86_64, r-oldrel-windows-x86_64