Last updated on 2025-06-30 18:49:55 CEST.
Flavor | Version | Tinstall | Tcheck | Ttotal | Status | Flags |
---|---|---|---|---|---|---|
r-devel-linux-x86_64-debian-clang | 2.0.0 | 17.94 | 57.93 | 75.87 | NOTE | |
r-devel-linux-x86_64-debian-gcc | 2.1.0 | 11.12 | 42.87 | 53.99 | OK | |
r-devel-linux-x86_64-fedora-clang | 2.0.0 | 115.41 | OK | |||
r-devel-linux-x86_64-fedora-gcc | 2.1.0 | 99.26 | OK | |||
r-devel-windows-x86_64 | 2.0.0 | 18.00 | 83.00 | 101.00 | OK | |
r-patched-linux-x86_64 | OK | |||||
r-release-linux-x86_64 | 2.0.0 | 14.98 | 54.17 | 69.15 | OK | |
r-release-macos-arm64 | 2.0.0 | 39.00 | OK | |||
r-release-macos-x86_64 | 2.1.0 | 67.00 | OK | |||
r-release-windows-x86_64 | 2.0.0 | 17.00 | 84.00 | 101.00 | OK | |
r-oldrel-macos-arm64 | 2.0.0 | 33.00 | OK | |||
r-oldrel-macos-x86_64 | 2.1.0 | 87.00 | OK | |||
r-oldrel-windows-x86_64 | 2.1.0 | 16.00 | 87.00 | 103.00 | OK |
Version: 2.0.0
Check: DESCRIPTION meta-information
Result: NOTE
Author field differs from that derived from Authors@R
Author: ‘Scott Chamberlain [aut, cre] (<https://orcid.org/0000-0003-1444-9135>), Aaron Wolen [ctb] (<https://orcid.org/0000-0003-2542-2202>), rOpenSci [fnd] (019jywm96)’
Authors@R: ‘Scott Chamberlain [aut, cre] (ORCID: <https://orcid.org/0000-0003-1444-9135>), Aaron Wolen [ctb] (ORCID: <https://orcid.org/0000-0003-2542-2202>), rOpenSci [fnd] (ROR: <https://ror.org/019jywm96>)’
Flavor: r-devel-linux-x86_64-debian-clang