Last updated on 2024-08-16 06:50:15 CEST.
Flavor | Version | Tinstall | Tcheck | Ttotal | Status | Flags |
---|---|---|---|---|---|---|
r-devel-linux-x86_64-debian-clang | 1.0.2 | 8.97 | 84.06 | 93.03 | NOTE | |
r-devel-linux-x86_64-debian-gcc | 1.0.2 | 6.68 | 60.34 | 67.02 | NOTE | |
r-devel-linux-x86_64-fedora-clang | 1.0.2 | 149.33 | OK | |||
r-devel-linux-x86_64-fedora-gcc | 1.0.2 | 145.01 | OK | |||
r-devel-windows-x86_64 | 1.0.2 | 11.00 | 95.00 | 106.00 | NOTE | |
r-patched-linux-x86_64 | 1.0.2 | 8.29 | 78.82 | 87.11 | OK | |
r-release-linux-x86_64 | 1.0.2 | 7.56 | 78.59 | 86.15 | OK | |
r-release-macos-arm64 | 1.0.2 | 37.00 | OK | |||
r-release-macos-x86_64 | 1.0.2 | 63.00 | OK | |||
r-release-windows-x86_64 | 1.0.2 | 12.00 | 94.00 | 106.00 | OK | |
r-oldrel-macos-arm64 | 1.0.2 | 60.00 | OK | |||
r-oldrel-macos-x86_64 | 1.0.2 | 98.00 | OK | |||
r-oldrel-windows-x86_64 | 1.0.2 | 13.00 | 110.00 | 123.00 | OK |
Version: 1.0.2
Check: Rd cross-references
Result: NOTE
Found the following Rd file(s) with Rd \link{} targets missing package
anchors:
wcep.Rd: coxph
Please provide package anchors for all Rd \link{} targets not in the
package itself and the base packages.
Flavors: r-devel-linux-x86_64-debian-clang, r-devel-linux-x86_64-debian-gcc, r-devel-windows-x86_64