Last updated on 2024-08-16 06:50:15 CEST.
Flavor | Version | Tinstall | Tcheck | Ttotal | Status | Flags |
---|---|---|---|---|---|---|
r-devel-linux-x86_64-debian-clang | 1.0.0 | 16.99 | 161.61 | 178.60 | NOTE | |
r-devel-linux-x86_64-debian-gcc | 1.0.0 | 12.34 | 109.74 | 122.08 | NOTE | |
r-devel-linux-x86_64-fedora-clang | 1.0.0 | 280.53 | NOTE | |||
r-devel-linux-x86_64-fedora-gcc | 1.0.0 | 275.93 | NOTE | |||
r-devel-windows-x86_64 | 1.0.0 | 18.00 | 145.00 | 163.00 | NOTE | |
r-patched-linux-x86_64 | 1.0.0 | 17.55 | 149.79 | 167.34 | NOTE | |
r-release-linux-x86_64 | 1.0.0 | 17.85 | 149.50 | 167.35 | NOTE | |
r-release-macos-arm64 | 1.0.0 | 74.00 | NOTE | |||
r-release-macos-x86_64 | 1.0.0 | 132.00 | NOTE | |||
r-release-windows-x86_64 | 1.0.0 | 18.00 | 147.00 | 165.00 | NOTE | |
r-oldrel-macos-arm64 | 1.0.0 | 82.00 | NOTE | |||
r-oldrel-macos-x86_64 | 1.0.0 | 165.00 | NOTE | |||
r-oldrel-windows-x86_64 | 1.0.0 | 24.00 | 189.00 | 213.00 | NOTE |
Version: 1.0.0
Check: LazyData
Result: NOTE
'LazyData' is specified without a 'data' directory
Flavors: r-devel-linux-x86_64-debian-clang, r-devel-linux-x86_64-debian-gcc, r-devel-linux-x86_64-fedora-clang, r-devel-linux-x86_64-fedora-gcc, r-devel-windows-x86_64, r-patched-linux-x86_64, r-release-linux-x86_64, r-release-macos-arm64, r-release-macos-x86_64, r-release-windows-x86_64, r-oldrel-macos-arm64, r-oldrel-macos-x86_64, r-oldrel-windows-x86_64