CRAN Package Check Results for Package vegperiod

Last updated on 2025-11-26 05:51:55 CET.

Flavor Version Tinstall Tcheck Ttotal Status Flags
r-devel-linux-x86_64-debian-clang 0.4.0 2.03 26.24 28.27 NOTE
r-devel-linux-x86_64-debian-gcc 0.4.0 1.50 21.15 22.65 NOTE
r-devel-linux-x86_64-fedora-clang 0.4.0 39.05 OK
r-devel-linux-x86_64-fedora-gcc 0.4.0 38.30 OK
r-devel-windows-x86_64 0.4.0 4.00 44.00 48.00 OK
r-patched-linux-x86_64 0.4.0 2.20 23.32 25.52 OK
r-release-linux-x86_64 0.4.0 2.12 22.94 25.06 OK
r-release-macos-arm64 0.4.0 OK
r-release-macos-x86_64 0.4.0 2.00 26.00 28.00 OK
r-release-windows-x86_64 0.4.0 3.00 51.00 54.00 OK
r-oldrel-macos-arm64 0.4.0 OK
r-oldrel-macos-x86_64 0.4.0 2.00 22.00 24.00 OK
r-oldrel-windows-x86_64 0.4.0 3.00 49.00 52.00 OK

Check Details

Version: 0.4.0
Check: CRAN incoming feasibility
Result: NOTE Maintainer: ‘Robert Nuske <robert.nuske@mailbox.org>’ Package CITATION file contains call(s) to old-style citEntry(). Please use bibentry() instead. Flavors: r-devel-linux-x86_64-debian-clang, r-devel-linux-x86_64-debian-gcc