Last updated on 2025-02-05 17:50:11 CET.
Flavor | Version | Tinstall | Tcheck | Ttotal | Status | Flags |
---|---|---|---|---|---|---|
r-devel-linux-x86_64-debian-clang | 0.1.0 | 2.18 | 27.66 | 29.84 | OK | |
r-devel-linux-x86_64-debian-gcc | 0.1.0 | 1.68 | 21.95 | 23.63 | OK | |
r-devel-linux-x86_64-fedora-clang | 0.1.0 | 51.21 | NOTE | |||
r-devel-linux-x86_64-fedora-gcc | 0.1.0 | 47.65 | NOTE | |||
r-devel-windows-x86_64 | 0.1.0 | 5.00 | 55.00 | 60.00 | OK | |
r-patched-linux-x86_64 | 0.1.0 | 2.30 | 26.43 | 28.73 | OK | |
r-release-linux-x86_64 | 0.1.0 | 2.26 | 26.17 | 28.43 | OK | |
r-release-macos-arm64 | 0.1.0 | 20.00 | OK | |||
r-release-macos-x86_64 | 0.1.0 | 32.00 | OK | |||
r-release-windows-x86_64 | 0.1.0 | 5.00 | 48.00 | 53.00 | OK | |
r-oldrel-macos-arm64 | 0.1.0 | 22.00 | OK | |||
r-oldrel-macos-x86_64 | 0.1.0 | 28.00 | OK | |||
r-oldrel-windows-x86_64 | 0.1.0 | 5.00 | 52.00 | 57.00 | OK |
Version: 0.1.0
Check: dependencies in R code
Result: NOTE
Namespace in Imports field not imported from: ‘pander’
All declared Imports should be used.
Flavors: r-devel-linux-x86_64-fedora-clang, r-devel-linux-x86_64-fedora-gcc