Last updated on 2025-11-26 05:51:55 CET.
| Flavor | Version | Tinstall | Tcheck | Ttotal | Status | Flags |
|---|---|---|---|---|---|---|
| r-devel-linux-x86_64-debian-clang | 2.0.4 | 0.32 | 3.06 | 3.38 | ERROR | |
| r-devel-linux-x86_64-debian-gcc | 2.0.4 | 0.26 | 2.38 | 2.64 | ERROR | |
| r-devel-linux-x86_64-fedora-clang | 2.0.4 | 2.65 | ERROR | |||
| r-devel-linux-x86_64-fedora-gcc | 2.0.4 | 2.72 | ERROR | |||
| r-devel-windows-x86_64 | 2.0.4 | 13.00 | 76.00 | 89.00 | OK | |
| r-patched-linux-x86_64 | 2.0.4 | 10.22 | 69.83 | 80.05 | OK | |
| r-release-linux-x86_64 | 2.0.4 | 8.49 | 69.38 | 77.87 | OK | |
| r-release-macos-arm64 | 2.0.4 | OK | ||||
| r-release-macos-x86_64 | 2.0.4 | 12.00 | 70.00 | 82.00 | OK | |
| r-release-windows-x86_64 | 2.0.4 | 10.00 | 88.00 | 98.00 | OK | |
| r-oldrel-macos-arm64 | 2.0.4 | OK | ||||
| r-oldrel-macos-x86_64 | 2.0.4 | 6.00 | 47.00 | 53.00 | OK | |
| r-oldrel-windows-x86_64 | 2.0.4 | 15.00 | 99.00 | 114.00 | OK |
Version: 2.0.4
Check: package dependencies
Result: ERROR
Package required but not available: ‘h3jsr’
See section ‘The DESCRIPTION file’ in the ‘Writing R Extensions’
manual.
Flavors: r-devel-linux-x86_64-debian-clang, r-devel-linux-x86_64-debian-gcc, r-devel-linux-x86_64-fedora-clang, r-devel-linux-x86_64-fedora-gcc