CRAN Package Check Results for Package valhallr

Last updated on 2025-11-25 17:50:10 CET.

Flavor Version Tinstall Tcheck Ttotal Status Flags
r-devel-linux-x86_64-debian-clang 0.1.0 0.33 2.99 3.32 ERROR
r-devel-linux-x86_64-debian-gcc 0.1.0 0.26 2.64 2.90 ERROR
r-devel-linux-x86_64-fedora-clang 0.1.0 2.81 ERROR
r-devel-linux-x86_64-fedora-gcc 0.1.0 2.83 ERROR
r-devel-windows-x86_64 0.1.0 15.00 50.00 65.00 OK
r-patched-linux-x86_64 0.1.0 2.36 29.28 31.64 OK
r-release-linux-x86_64 0.1.0 2.47 29.81 32.28 OK
r-release-macos-arm64 0.1.0 OK
r-release-macos-x86_64 0.1.0 2.00 44.00 46.00 OK
r-release-windows-x86_64 0.1.0 5.00 58.00 63.00 OK
r-oldrel-macos-arm64 0.1.0 NOTE
r-oldrel-macos-x86_64 0.1.0 2.00 33.00 35.00 NOTE
r-oldrel-windows-x86_64 0.1.0 7.00 59.00 66.00 NOTE

Check Details

Version: 0.1.0
Check: CRAN incoming feasibility
Result: NOTE Maintainer: ‘Christopher Belanger <christopher.a.belanger@gmail.com>’ No Authors@R field in DESCRIPTION. Please add one, modifying Authors@R: person(given = "Christopher", family = "Belanger", role = c("aut", "cre"), email = "christopher.a.belanger@gmail.com") as necessary. Flavors: r-devel-linux-x86_64-debian-clang, r-devel-linux-x86_64-debian-gcc

Version: 0.1.0
Check: package dependencies
Result: ERROR Package required but not available: ‘geojsonio’ See section ‘The DESCRIPTION file’ in the ‘Writing R Extensions’ manual. Flavors: r-devel-linux-x86_64-debian-clang, r-devel-linux-x86_64-debian-gcc, r-devel-linux-x86_64-fedora-clang, r-devel-linux-x86_64-fedora-gcc

Version: 0.1.0
Check: LazyData
Result: NOTE 'LazyData' is specified without a 'data' directory Flavors: r-oldrel-macos-arm64, r-oldrel-macos-x86_64, r-oldrel-windows-x86_64