Last updated on 2025-11-26 05:51:55 CET.
| Flavor | Version | Tinstall | Tcheck | Ttotal | Status | Flags |
|---|---|---|---|---|---|---|
| r-devel-linux-x86_64-debian-clang | 1.2-1 | 9.73 | 20.88 | 30.61 | OK | |
| r-devel-linux-x86_64-debian-gcc | 1.2-1 | 7.68 | 17.40 | 25.08 | OK | |
| r-devel-linux-x86_64-fedora-clang | 1.2-1 | 23.00 | 21.73 | 44.73 | OK | |
| r-devel-linux-x86_64-fedora-gcc | 1.2-1 | 42.00 | 2.64 | 44.64 | OK | |
| r-devel-windows-x86_64 | 1.2-1 | 18.00 | 36.00 | 54.00 | OK | |
| r-patched-linux-x86_64 | 1.2-1 | 7.59 | 19.66 | 27.25 | OK | |
| r-release-linux-x86_64 | 1.2-1 | 7.38 | 19.35 | 26.73 | OK | |
| r-release-macos-arm64 | 1.2-1 | OK | ||||
| r-release-macos-x86_64 | 1.2-1 | 33.00 | 20.00 | 53.00 | OK | |
| r-release-windows-x86_64 | 1.2-1 | 19.00 | 36.00 | 55.00 | OK | |
| r-oldrel-macos-arm64 | 1.2-1 | OK | ||||
| r-oldrel-macos-x86_64 | 1.2-1 | 53.00 | 28.00 | 81.00 | OK | |
| r-oldrel-windows-x86_64 | 1.2-1 | 18.00 | 41.00 | 59.00 | WARN |
Version: 1.2-1
Check: whether package can be installed
Result: WARN
Found the following significant warnings:
randutils.c:60:12: warning: function declaration isn't a prototype [-Wstrict-prototypes]
See 'd:/Rcompile/CRANpkg/local/4.4/uuid.Rcheck/00install.out' for details.
* used C compiler: 'gcc.exe (GCC) 13.2.0'
Flavor: r-oldrel-windows-x86_64