Last updated on 2025-05-15 18:51:03 CEST.
Flavor | Version | Tinstall | Tcheck | Ttotal | Status | Flags |
---|---|---|---|---|---|---|
r-devel-linux-x86_64-debian-clang | 0.2.3 | 7.42 | 83.10 | 90.52 | NOTE | |
r-devel-linux-x86_64-debian-gcc | 0.2.3 | 5.36 | 57.18 | 62.54 | NOTE | |
r-devel-linux-x86_64-fedora-clang | 0.2.3 | 141.86 | OK | |||
r-devel-linux-x86_64-fedora-gcc | 0.2.3 | 148.52 | OK | |||
r-devel-windows-x86_64 | 0.2.3 | 10.00 | 96.00 | 106.00 | OK | |
r-patched-linux-x86_64 | 0.2.3 | 7.61 | 77.19 | 84.80 | OK | |
r-release-linux-x86_64 | 0.2.3 | 5.79 | 77.77 | 83.56 | OK | |
r-release-macos-arm64 | 0.2.3 | 43.00 | OK | |||
r-release-macos-x86_64 | 0.2.3 | 87.00 | OK | |||
r-release-windows-x86_64 | 0.2.3 | 10.00 | 95.00 | 105.00 | OK | |
r-oldrel-macos-arm64 | 0.2.3 | 41.00 | OK | |||
r-oldrel-macos-x86_64 | 0.2.3 | 64.00 | OK | |||
r-oldrel-windows-x86_64 | 0.2.3 | 12.00 | 121.00 | 133.00 | OK |
Version: 0.2.3
Check: CRAN incoming feasibility
Result: NOTE
Maintainer: ‘Sinead E. Morris <sinead.morris@columbia.edu>’
Package CITATION file contains call(s) to old-style citEntry(). Please
use bibentry() instead.
Flavors: r-devel-linux-x86_64-debian-clang, r-devel-linux-x86_64-debian-gcc