Last updated on 2025-02-10 17:49:25 CET.
Flavor | Version | Tinstall | Tcheck | Ttotal | Status | Flags |
---|---|---|---|---|---|---|
r-devel-linux-x86_64-debian-clang | 1.0.2 | 1.50 | 20.45 | 21.95 | OK | |
r-devel-linux-x86_64-debian-gcc | 1.0.2 | 1.26 | 16.13 | 17.39 | OK | |
r-devel-linux-x86_64-fedora-clang | 1.0.2 | 36.99 | OK | |||
r-devel-linux-x86_64-fedora-gcc | 1.0.2 | 48.22 | OK | |||
r-devel-windows-x86_64 | 1.0.2 | 3.00 | 43.00 | 46.00 | OK | |
r-patched-linux-x86_64 | 1.0.2 | 1.85 | 19.53 | 21.38 | NOTE | |
r-release-linux-x86_64 | 1.0.2 | 1.57 | 19.55 | 21.12 | NOTE | |
r-release-macos-arm64 | 1.0.2 | 24.00 | NOTE | |||
r-release-macos-x86_64 | 1.0.2 | 35.00 | NOTE | |||
r-release-windows-x86_64 | 1.0.2 | 3.00 | 43.00 | 46.00 | NOTE | |
r-oldrel-macos-arm64 | 1.0.2 | 21.00 | NOTE | |||
r-oldrel-macos-x86_64 | 1.0.2 | 29.00 | NOTE | |||
r-oldrel-windows-x86_64 | 1.0.2 | 3.00 | 44.00 | 47.00 | NOTE |
Version: 1.0.2
Check: LazyData
Result: NOTE
'LazyData' is specified without a 'data' directory
Flavors: r-patched-linux-x86_64, r-release-linux-x86_64, r-release-macos-arm64, r-release-macos-x86_64, r-release-windows-x86_64, r-oldrel-macos-arm64, r-oldrel-macos-x86_64, r-oldrel-windows-x86_64