CRAN Package Check Results for Package ukgasapi

Last updated on 2025-07-01 07:50:27 CEST.

Flavor Version Tinstall Tcheck Ttotal Status Flags
r-devel-linux-x86_64-debian-clang 0.21 1.80 21.26 23.06 OK
r-devel-linux-x86_64-debian-gcc 0.21 1.35 17.65 19.00 OK
r-devel-linux-x86_64-fedora-clang 0.21 36.68 OK
r-devel-linux-x86_64-fedora-gcc 0.21 50.56 OK
r-devel-windows-x86_64 0.21 4.00 42.00 46.00 OK
r-patched-linux-x86_64 OK
r-release-linux-x86_64 0.21 1.65 20.20 21.85 OK
r-release-macos-arm64 0.21 35.00 OK
r-release-macos-x86_64 0.21 48.00 OK
r-release-windows-x86_64 0.21 3.00 48.00 51.00 OK
r-oldrel-macos-arm64 0.21 21.00 NOTE
r-oldrel-macos-x86_64 0.21 32.00 NOTE
r-oldrel-windows-x86_64 0.21 4.00 48.00 52.00 NOTE

Check Details

Version: 0.21
Check: LazyData
Result: NOTE 'LazyData' is specified without a 'data' directory Flavors: r-oldrel-macos-arm64, r-oldrel-macos-x86_64, r-oldrel-windows-x86_64