CRAN Package Check Results for Package troopdata

Last updated on 2025-07-01 07:50:27 CEST.

Flavor Version Tinstall Tcheck Ttotal Status Flags
r-devel-linux-x86_64-debian-clang 1.0.3 4.52 46.59 51.11 OK
r-devel-linux-x86_64-debian-gcc 1.0.3 3.15 33.93 37.08 OK
r-devel-linux-x86_64-fedora-clang 1.0.3 77.65 OK
r-devel-linux-x86_64-fedora-gcc 1.0.3 72.52 OK
r-devel-windows-x86_64 1.0.3 6.00 66.00 72.00 OK
r-patched-linux-x86_64 NOTE
r-release-linux-x86_64 1.0.3 4.85 41.90 46.75 OK
r-release-macos-arm64 1.0.2 22.00 NOTE
r-release-macos-x86_64 1.0.3 43.00 OK
r-release-windows-x86_64 1.0.3 6.00 65.00 71.00 OK
r-oldrel-macos-arm64 1.0.2 23.00 OK
r-oldrel-macos-x86_64 1.0.3 43.00 OK
r-oldrel-windows-x86_64 1.0.3 8.00 74.00 82.00 OK

Check Details

Version: 1.0.2
Check: DESCRIPTION meta-information
Result: NOTE Missing dependency on R >= 4.1.0 because package code uses the pipe |> or function shorthand \(...) syntax added in R 4.1.0. File(s) using such syntax: ‘get_troopdata.R’ Flavors: r-patched-linux-x86_64, r-release-macos-arm64