Last updated on 2025-05-15 18:51:03 CEST.
Flavor | Version | Tinstall | Tcheck | Ttotal | Status | Flags |
---|---|---|---|---|---|---|
r-devel-linux-x86_64-debian-clang | 1.1.4.3 | 28.61 | 179.62 | 208.23 | NOTE | |
r-devel-linux-x86_64-debian-gcc | 1.1.4.3 | 19.16 | 133.22 | 152.38 | NOTE | |
r-devel-linux-x86_64-fedora-clang | 1.1.4.3 | 326.13 | OK | |||
r-devel-linux-x86_64-fedora-gcc | 1.1.4.3 | 337.02 | OK | |||
r-devel-windows-x86_64 | 1.1.4.3 | 37.00 | 189.00 | 226.00 | NOTE | |
r-patched-linux-x86_64 | 1.1.4.3 | 27.15 | 166.83 | 193.98 | NOTE | |
r-release-linux-x86_64 | 1.1.4.3 | 26.93 | 166.76 | 193.69 | NOTE | |
r-release-macos-arm64 | 1.1.4.3 | 92.00 | OK | |||
r-release-macos-x86_64 | 1.1.4.3 | 181.00 | OK | |||
r-release-windows-x86_64 | 1.1.4.3 | 36.00 | 190.00 | 226.00 | NOTE | |
r-oldrel-macos-arm64 | 1.1.4.3 | 87.00 | OK | |||
r-oldrel-macos-x86_64 | 1.1.4.3 | 135.00 | OK | |||
r-oldrel-windows-x86_64 | 1.1.4.3 | 42.00 | 240.00 | 282.00 | OK |
Version: 1.1.4.3
Check: Rd cross-references
Result: NOTE
Found the following Rd file(s) with Rd \link{} targets missing package
anchors:
plotGroves.Rd: s.class
plotGrovesD3.Rd: scatterD3
plotTreeDiff.Rd: plot.phylo
Please provide package anchors for all Rd \link{} targets not in the
package itself and the base packages.
Flavors: r-devel-linux-x86_64-debian-clang, r-devel-linux-x86_64-debian-gcc, r-devel-windows-x86_64, r-patched-linux-x86_64, r-release-linux-x86_64, r-release-windows-x86_64