Last updated on 2025-05-15 18:51:03 CEST.
Flavor | Version | Tinstall | Tcheck | Ttotal | Status | Flags |
---|---|---|---|---|---|---|
r-devel-linux-x86_64-debian-clang | 0.1.1 | 8.27 | 70.18 | 78.45 | NOTE | |
r-devel-linux-x86_64-debian-gcc | 0.1.1 | 5.24 | 50.09 | 55.33 | NOTE | |
r-devel-linux-x86_64-fedora-clang | 0.1.1 | 128.14 | OK | |||
r-devel-linux-x86_64-fedora-gcc | 0.1.1 | 119.99 | OK | |||
r-devel-windows-x86_64 | 0.1.1 | 8.00 | 80.00 | 88.00 | OK | |
r-patched-linux-x86_64 | 0.1.1 | 8.50 | 61.94 | 70.44 | OK | |
r-release-linux-x86_64 | 0.1.1 | 7.44 | 63.64 | 71.08 | OK | |
r-release-macos-arm64 | 0.1.1 | 40.00 | OK | |||
r-release-macos-x86_64 | 0.1.1 | 65.00 | OK | |||
r-release-windows-x86_64 | 0.1.1 | 9.00 | 86.00 | 95.00 | OK | |
r-oldrel-macos-arm64 | 0.1.1 | 41.00 | OK | |||
r-oldrel-macos-x86_64 | 0.1.1 | 52.00 | OK | |||
r-oldrel-windows-x86_64 | 0.1.1 | 12.00 | 96.00 | 108.00 | OK |
Version: 0.1.1
Check: CRAN incoming feasibility
Result: NOTE
Maintainer: ‘Cristhian Paredes <craparedesca@unal.edu.co>’
No Authors@R field in DESCRIPTION.
Please add one, modifying
Authors@R: c(person(given = "Cristhian",
family = "Paredes",
role = c("aut", "cre"),
email = "craparedesca@unal.edu.co"),
person(given = c("Eduardo", "Rodríguez", "de", "San"),
family = "Miguel",
role = "aut"))
as necessary.
Flavors: r-devel-linux-x86_64-debian-clang, r-devel-linux-x86_64-debian-gcc