Last updated on 2025-02-10 17:49:25 CET.
Flavor | Version | Tinstall | Tcheck | Ttotal | Status | Flags |
---|---|---|---|---|---|---|
r-devel-linux-x86_64-debian-clang | 1.0.0 | 2.07 | 20.89 | 22.96 | OK | |
r-devel-linux-x86_64-debian-gcc | 1.0.0 | 1.53 | 16.91 | 18.44 | OK | |
r-devel-linux-x86_64-fedora-clang | 1.0.0 | 37.61 | OK | |||
r-devel-linux-x86_64-fedora-gcc | 1.0.0 | 35.06 | OK | |||
r-devel-windows-x86_64 | 1.0.0 | 2.00 | 43.00 | 45.00 | OK | |
r-patched-linux-x86_64 | 1.0.0 | 1.88 | 19.83 | 21.71 | NOTE | |
r-release-linux-x86_64 | 1.0.0 | 1.85 | 20.27 | 22.12 | NOTE | |
r-release-macos-arm64 | 1.0.0 | 22.00 | NOTE | |||
r-release-macos-x86_64 | 1.0.0 | 30.00 | NOTE | |||
r-release-windows-x86_64 | 1.0.0 | 2.00 | 43.00 | 45.00 | NOTE | |
r-oldrel-macos-arm64 | 1.0.0 | 22.00 | NOTE | |||
r-oldrel-macos-x86_64 | 1.0.0 | 31.00 | NOTE | |||
r-oldrel-windows-x86_64 | 1.0.0 | 3.00 | 45.00 | 48.00 | NOTE |
Version: 1.0.0
Check: LazyData
Result: NOTE
'LazyData' is specified without a 'data' directory
Flavors: r-patched-linux-x86_64, r-release-linux-x86_64, r-release-macos-arm64, r-release-macos-x86_64, r-release-windows-x86_64, r-oldrel-macos-arm64, r-oldrel-macos-x86_64, r-oldrel-windows-x86_64