Last updated on 2025-02-10 17:49:25 CET.
Flavor | Version | Tinstall | Tcheck | Ttotal | Status | Flags |
---|---|---|---|---|---|---|
r-devel-linux-x86_64-debian-clang | 0.3-2 | 10.43 | 88.68 | 99.11 | NOTE | |
r-devel-linux-x86_64-debian-gcc | 0.3-2 | 6.43 | 64.18 | 70.61 | NOTE | |
r-devel-linux-x86_64-fedora-clang | 0.3-2 | 165.91 | OK | |||
r-devel-linux-x86_64-fedora-gcc | 0.3-2 | 164.29 | OK | |||
r-devel-windows-x86_64 | 0.3-2 | 12.00 | 134.00 | 146.00 | NOTE | |
r-patched-linux-x86_64 | 0.3-2 | 15.03 | 81.69 | 96.72 | NOTE | |
r-release-linux-x86_64 | 0.3-2 | 9.61 | 83.11 | 92.72 | NOTE | |
r-release-macos-arm64 | 0.3-2 | 84.00 | NOTE | |||
r-release-macos-x86_64 | 0.3-2 | 118.00 | NOTE | |||
r-release-windows-x86_64 | 0.3-2 | 13.00 | 136.00 | 149.00 | NOTE | |
r-oldrel-macos-arm64 | 0.3-2 | 83.00 | NOTE | |||
r-oldrel-macos-x86_64 | 0.3-2 | 110.00 | NOTE | |||
r-oldrel-windows-x86_64 | 0.3-2 | 14.00 | 161.00 | 175.00 | NOTE |
Version: 0.3-2
Check: Rd cross-references
Result: NOTE
Found the following Rd file(s) with Rd \link{} targets missing package
anchors:
LDAprep.Rd: lda
plotTopic.Rd: top.topic.words
plotTopicWord.Rd: top.topic.words
plotWordSub.Rd: top.topic.words
plotWordpt.Rd: top.topic.words
readWiki.Rd: WikipediR, pages_in_category
Please provide package anchors for all Rd \link{} targets not in the
package itself and the base packages.
Flavors: r-devel-linux-x86_64-debian-clang, r-devel-linux-x86_64-debian-gcc, r-devel-windows-x86_64
Version: 0.3-2
Check: package dependencies
Result: NOTE
Package suggested but not available for checking: ‘toscaData’
Flavors: r-patched-linux-x86_64, r-release-linux-x86_64, r-release-macos-arm64, r-release-macos-x86_64, r-release-windows-x86_64, r-oldrel-macos-arm64, r-oldrel-macos-x86_64, r-oldrel-windows-x86_64