Last updated on 2025-02-05 17:50:10 CET.
Flavor | Version | Tinstall | Tcheck | Ttotal | Status | Flags |
---|---|---|---|---|---|---|
r-devel-linux-x86_64-debian-clang | 0.1.0 | 11.27 | 87.12 | 98.39 | NOTE | |
r-devel-linux-x86_64-debian-gcc | 0.1.0 | 7.16 | 62.95 | 70.11 | NOTE | |
r-devel-linux-x86_64-fedora-clang | 0.1.0 | 154.59 | NOTE | |||
r-devel-linux-x86_64-fedora-gcc | 0.1.0 | 140.13 | NOTE | |||
r-devel-windows-x86_64 | 0.1.0 | 11.00 | 96.00 | 107.00 | NOTE | |
r-patched-linux-x86_64 | 0.1.0 | 9.39 | 81.37 | 90.76 | NOTE | |
r-release-linux-x86_64 | 0.1.0 | 10.42 | 83.01 | 93.43 | NOTE | |
r-release-macos-arm64 | 0.1.0 | 47.00 | NOTE | |||
r-release-macos-x86_64 | 0.1.0 | 65.00 | NOTE | |||
r-release-windows-x86_64 | 0.1.0 | 11.00 | 88.00 | 99.00 | NOTE | |
r-oldrel-macos-arm64 | 0.1.0 | 41.00 | OK | |||
r-oldrel-macos-x86_64 | 0.1.0 | 71.00 | OK | |||
r-oldrel-windows-x86_64 | 0.1.0 | 13.00 | 112.00 | 125.00 | OK |
Version: 0.1.0
Check: Rd files
Result: NOTE
checkRd: (-1) ETM.Rd:33: Lost braces in \itemize; \value handles \item{}{} directly
checkRd: (-1) ETM.Rd:34: Lost braces in \itemize; \value handles \item{}{} directly
checkRd: (-1) ETM.Rd:35: Lost braces in \itemize; \value handles \item{}{} directly
checkRd: (-1) ETM.Rd:36: Lost braces in \itemize; \value handles \item{}{} directly
checkRd: (-1) ETM.Rd:37: Lost braces in \itemize; \value handles \item{}{} directly
Flavors: r-devel-linux-x86_64-debian-clang, r-devel-linux-x86_64-debian-gcc, r-devel-linux-x86_64-fedora-clang, r-devel-linux-x86_64-fedora-gcc, r-devel-windows-x86_64, r-patched-linux-x86_64, r-release-linux-x86_64, r-release-macos-arm64, r-release-macos-x86_64, r-release-windows-x86_64