Last updated on 2025-11-26 05:51:55 CET.
| Flavor | Version | Tinstall | Tcheck | Ttotal | Status | Flags |
|---|---|---|---|---|---|---|
| r-devel-linux-x86_64-debian-clang | 0.1.0 | 0.33 | 2.46 | 2.79 | ERROR | |
| r-devel-linux-x86_64-debian-gcc | 0.1.0 | 0.29 | 1.75 | 2.04 | ERROR | |
| r-devel-linux-x86_64-fedora-clang | 0.1.0 | 2.51 | ERROR | |||
| r-devel-linux-x86_64-fedora-gcc | 0.1.0 | 2.54 | ERROR | |||
| r-devel-windows-x86_64 | 0.1.0 | 43.00 | 230.00 | 273.00 | OK | |
| r-patched-linux-x86_64 | 0.1.0 | 35.08 | 275.33 | 310.41 | OK | |
| r-release-linux-x86_64 | 0.1.0 | 31.30 | 273.58 | 304.88 | OK | |
| r-release-macos-arm64 | 0.1.0 | OK | ||||
| r-release-macos-x86_64 | 0.1.0 | 35.00 | 258.00 | 293.00 | OK | |
| r-release-windows-x86_64 | 0.1.0 | 34.00 | 250.00 | 284.00 | OK | |
| r-oldrel-macos-arm64 | 0.1.0 | OK | ||||
| r-oldrel-macos-x86_64 | 0.1.0 | 33.00 | 234.00 | 267.00 | OK | |
| r-oldrel-windows-x86_64 | 0.1.0 | 49.00 | 331.00 | 380.00 | OK |
Version: 0.1.0
Check: package dependencies
Result: ERROR
Packages required but not available: 'tmap', 'mapgl'
See section ‘The DESCRIPTION file’ in the ‘Writing R Extensions’
manual.
Flavors: r-devel-linux-x86_64-debian-clang, r-devel-linux-x86_64-debian-gcc, r-devel-linux-x86_64-fedora-clang, r-devel-linux-x86_64-fedora-gcc