Last updated on 2025-11-26 05:51:55 CET.
| Flavor | Version | Tinstall | Tcheck | Ttotal | Status | Flags |
|---|---|---|---|---|---|---|
| r-devel-linux-x86_64-debian-clang | 4.2 | 0.35 | 3.65 | 4.00 | ERROR | |
| r-devel-linux-x86_64-debian-gcc | 4.2 | 0.29 | 2.98 | 3.27 | ERROR | |
| r-devel-linux-x86_64-fedora-clang | 4.2 | 2.66 | ERROR | |||
| r-devel-linux-x86_64-fedora-gcc | 4.2 | 2.61 | ERROR | |||
| r-devel-windows-x86_64 | 4.2 | 62.00 | 352.00 | 414.00 | OK | |
| r-patched-linux-x86_64 | 4.2 | 64.51 | 413.13 | 477.64 | OK | |
| r-release-linux-x86_64 | 4.2 | 52.94 | 414.04 | 466.98 | OK | |
| r-release-macos-arm64 | 4.2 | OK | ||||
| r-release-macos-x86_64 | 4.2 | 113.00 | 540.00 | 653.00 | OK | |
| r-release-windows-x86_64 | 4.2 | 61.00 | 382.00 | 443.00 | OK | |
| r-oldrel-macos-arm64 | 4.2 | NOTE | ||||
| r-oldrel-macos-x86_64 | 4.2 | 103.00 | 509.00 | 612.00 | NOTE | |
| r-oldrel-windows-x86_64 | 4.2 | 80.00 | 484.00 | 564.00 | OK |
Version: 4.2
Check: package dependencies
Result: ERROR
Packages required but not available: 'leafem', 'leafgl'
See section ‘The DESCRIPTION file’ in the ‘Writing R Extensions’
manual.
Flavors: r-devel-linux-x86_64-debian-clang, r-devel-linux-x86_64-debian-gcc, r-devel-linux-x86_64-fedora-clang, r-devel-linux-x86_64-fedora-gcc
Version: 4.2
Check: installed package size
Result: NOTE
installed size is 5.0Mb
sub-directories of 1Mb or more:
R 2.1Mb
data 2.0Mb
Flavors: r-oldrel-macos-arm64, r-oldrel-macos-x86_64