Last updated on 2025-11-26 05:51:55 CET.
| Flavor | Version | Tinstall | Tcheck | Ttotal | Status | Flags |
|---|---|---|---|---|---|---|
| r-devel-linux-x86_64-debian-clang | 0.1.0 | 4.38 | 101.33 | 105.71 | NOTE | |
| r-devel-linux-x86_64-debian-gcc | 0.1.0 | 3.06 | 68.74 | 71.80 | NOTE | |
| r-devel-linux-x86_64-fedora-clang | 0.1.0 | 155.16 | OK | |||
| r-devel-linux-x86_64-fedora-gcc | 0.1.0 | 178.76 | OK | |||
| r-devel-windows-x86_64 | 0.1.0 | 10.00 | 121.00 | 131.00 | OK | |
| r-patched-linux-x86_64 | 0.1.0 | 5.30 | 93.81 | 99.11 | OK | |
| r-release-linux-x86_64 | 0.1.0 | 3.58 | 94.06 | 97.64 | OK | |
| r-release-macos-arm64 | 0.1.0 | OK | ||||
| r-release-macos-x86_64 | 0.1.0 | 4.00 | 106.00 | 110.00 | OK | |
| r-release-windows-x86_64 | 0.1.0 | 8.00 | 129.00 | 137.00 | OK | |
| r-oldrel-macos-arm64 | 0.1.0 | OK | ||||
| r-oldrel-macos-x86_64 | 0.1.0 | 5.00 | 122.00 | 127.00 | OK | |
| r-oldrel-windows-x86_64 | 0.1.0 | 6.00 | 163.00 | 169.00 | OK |
Version: 0.1.0
Check: DESCRIPTION meta-information
Result: NOTE
Author field differs from that derived from Authors@R
Author: ‘Lukas Soenning [aut, cre, cph] (<https://orcid.org/0000-0002-2705-395X>), German Research Foundation (DFG) [fnd] (018mejw64, Grant number 548274092)’
Authors@R: ‘Lukas Soenning [aut, cre, cph] (ORCID: <https://orcid.org/0000-0002-2705-395X>), German Research Foundation (DFG) [fnd] (ROR: <https://ror.org/018mejw64>, Grant number 548274092)’
Flavors: r-devel-linux-x86_64-debian-clang, r-devel-linux-x86_64-debian-gcc