Last updated on 2025-02-05 17:50:10 CET.
Flavor | Version | Tinstall | Tcheck | Ttotal | Status | Flags |
---|---|---|---|---|---|---|
r-devel-linux-x86_64-debian-clang | 0.7.0 | 8.35 | 75.81 | 84.16 | OK | |
r-devel-linux-x86_64-debian-gcc | 0.7.0 | 4.85 | 52.23 | 57.08 | OK | |
r-devel-linux-x86_64-fedora-clang | 0.7.0 | 140.18 | OK | |||
r-devel-linux-x86_64-fedora-gcc | 0.7.0 | 130.35 | OK | |||
r-devel-windows-x86_64 | 0.7.0 | 9.00 | 113.00 | 122.00 | OK | |
r-patched-linux-x86_64 | 0.7.0 | 7.69 | 72.38 | 80.07 | OK | |
r-release-linux-x86_64 | 0.7.0 | 7.01 | 73.59 | 80.60 | OK | |
r-release-macos-arm64 | 0.7.0 | 62.00 | OK | |||
r-release-macos-x86_64 | 0.7.0 | 107.00 | OK | |||
r-release-windows-x86_64 | 0.7.0 | 12.00 | 120.00 | 132.00 | OK | |
r-oldrel-macos-arm64 | 0.6.1 | 46.00 | OK | |||
r-oldrel-macos-x86_64 | 0.6.1 | 113.00 | OK | |||
r-oldrel-windows-x86_64 | 0.7.0 | 9.00 | 79.00 | 88.00 | ERROR |
Version: 0.7.0
Check: tests
Result: ERROR
Running 'tinytest.R' [7s]
Running the tests in 'tests/tinytest.R' failed.
Complete output:
> if (requireNamespace("tinytest", quietly = TRUE)) {
+ tinytest::test_package("tinytable")
+ }
test-assert.R................. 0 tests
test-assert.R................. 0 tests
test-assert.R................. 1 tests <1b>[0;32mOK<1b>[0m
test-assert.R................. 2 tests <1b>[0;32mOK<1b>[0m <1b>[0;34m0.3s<1b>[0m
test-colrowspan.R............. 0 tests
test-colrowspan.R............. 0 tests
test-colrowspan.R............. 0 tests
test-colrowspan.R............. 0 tests
test-colrowspan.R............. 0 tests
test-colrowspan.R............. 0 tests
test-colrowspan.R............. 0 tests
test-colrowspan.R............. 0 tests
test-colrowspan.R............. 1 tests <1b>[0;32mOK<1b>[0m
test-colrowspan.R............. 1 tests <1b>[0;32mOK<1b>[0m <1b>[0;34m0.7s<1b>[0m
test-docx.R................... 0 tests
test-docx.R................... 0 tests
test-docx.R................... 0 tests
test-docx.R................... 0 tests
test-docx.R................... 0 tests
test-docx.R................... 1 tests <1b>[0;32mOK<1b>[0m
test-docx.R................... 1 tests <1b>[0;32mOK<1b>[0m
test-docx.R................... 2 tests <1b>[0;32mOK<1b>[0m
test-docx.R................... 2 tests <1b>[0;32mOK<1b>[0m
test-docx.R................... 3 tests <1b>[0;32mOK<1b>[0m
test-docx.R................... 3 tests <1b>[0;32mOK<1b>[0m
test-docx.R................... 4 tests <1b>[0;32mOK<1b>[0m
test-docx.R................... 4 tests <1b>[0;32mOK<1b>[0m <1b>[0;34m0.5s<1b>[0m
test-escape.R................. 0 tests
test-escape.R................. 0 tests
test-escape.R................. 0 tests
test-escape.R................. 0 tests
test-escape.R................. 0 tests
test-escape.R................. 1 tests <1b>[0;32mOK<1b>[0m
test-escape.R................. 1 tests <1b>[0;32mOK<1b>[0m
test-escape.R................. 2 tests <1b>[0;32mOK<1b>[0m
test-escape.R................. 2 tests <1b>[0;32mOK<1b>[0m
test-escape.R................. 2 tests <1b>[0;32mOK<1b>[0m
test-escape.R................. 3 tests <1b>[0;32mOK<1b>[0m
test-escape.R................. 3 tests <1b>[0;32mOK<1b>[0m
test-escape.R................. 3 tests <1b>[0;32mOK<1b>[0m
test-escape.R................. 3 tests <1b>[0;32mOK<1b>[0m
test-escape.R................. 4 tests <1b>[0;32mOK<1b>[0m
test-escape.R................. 4 tests <1b>[0;32mOK<1b>[0m
test-escape.R................. 4 tests <1b>[0;32mOK<1b>[0m
test-escape.R................. 5 tests <1b>[0;32mOK<1b>[0m
test-escape.R................. 5 tests <1b>[0;32mOK<1b>[0m
test-escape.R................. 5 tests <1b>[0;32mOK<1b>[0m
test-escape.R................. 6 tests <1b>[0;32mOK<1b>[0m
test-escape.R................. 6 tests <1b>[0;32mOK<1b>[0m
test-escape.R................. 6 tests <1b>[0;32mOK<1b>[0m
test-escape.R................. 7 tests <1b>[0;32mOK<1b>[0m <1b>[0;34m1.1s<1b>[0m
test-format_tt.R.............. 0 tests
test-format_tt.R.............. 0 tests
test-format_tt.R.............. 0 tests
test-format_tt.R.............. 0 tests
test-format_tt.R.............. 0 tests
test-format_tt.R.............. 1 tests <1b>[0;32mOK<1b>[0m
test-format_tt.R.............. 1 tests <1b>[0;32mOK<1b>[0m
test-format_tt.R.............. 1 tests <1b>[0;32mOK<1b>[0m
test-format_tt.R.............. 2 tests <1b>[0;32mOK<1b>[0m
test-format_tt.R.............. 2 tests <1b>[0;32mOK<1b>[0m
test-format_tt.R.............. 2 tests <1b>[0;32mOK<1b>[0m
test-format_tt.R.............. 2 tests <1b>[0;32mOK<1b>[0m
test-format_tt.R.............. 3 tests <1b>[0;32mOK<1b>[0m
test-format_tt.R.............. 3 tests <1b>[0;32mOK<1b>[0m
test-format_tt.R.............. 3 tests <1b>[0;32mOK<1b>[0m
test-format_tt.R.............. 3 tests <1b>[0;32mOK<1b>[0m
test-format_tt.R.............. 4 tests <1b>[0;32mOK<1b>[0m
test-format_tt.R.............. 4 tests <1b>[0;32mOK<1b>[0m
test-format_tt.R.............. 5 tests <1b>[0;32mOK<1b>[0m
test-format_tt.R.............. 6 tests <1b>[0;32mOK<1b>[0m
test-format_tt.R.............. 6 tests <1b>[0;32mOK<1b>[0m
test-format_tt.R.............. 6 tests <1b>[0;32mOK<1b>[0m
test-format_tt.R.............. 7 tests <1b>[0;32mOK<1b>[0m
test-format_tt.R.............. 7 tests <1b>[0;32mOK<1b>[0m
test-format_tt.R.............. 7 tests <1b>[0;32mOK<1b>[0m
test-format_tt.R.............. 8 tests <1b>[0;32mOK<1b>[0m
test-format_tt.R.............. 8 tests <1b>[0;32mOK<1b>[0m
test-format_tt.R.............. 8 tests <1b>[0;32mOK<1b>[0m
test-format_tt.R.............. 9 tests <1b>[0;32mOK<1b>[0m
test-format_tt.R.............. 9 tests <1b>[0;32mOK<1b>[0m
test-format_tt.R.............. 10 tests <1b>[0;32mOK<1b>[0m
test-format_tt.R.............. 10 tests <1b>[0;32mOK<1b>[0m
test-format_tt.R.............. 10 tests <1b>[0;32mOK<1b>[0m
test-format_tt.R.............. 10 tests <1b>[0;32mOK<1b>[0m
test-format_tt.R.............. 11 tests <1b>[0;32mOK<1b>[0m
test-format_tt.R.............. 11 tests <1b>[0;32mOK<1b>[0m
test-format_tt.R.............. 12 tests <1b>[0;32mOK<1b>[0m
test-format_tt.R.............. 12 tests <1b>[0;32mOK<1b>[0m
test-format_tt.R.............. 13 tests <1b>[0;32mOK<1b>[0m
test-format_tt.R.............. 13 tests <1b>[0;32mOK<1b>[0m
test-format_tt.R.............. 13 tests <1b>[0;32mOK<1b>[0m
test-format_tt.R.............. 13 tests <1b>[0;32mOK<1b>[0m
test-format_tt.R.............. 14 tests <1b>[0;32mOK<1b>[0m
test-format_tt.R.............. 14 tests <1b>[0;32mOK<1b>[0m
test-format_tt.R.............. 14 tests <1b>[0;32mOK<1b>[0m
test-format_tt.R.............. 15 tests <1b>[0;32mOK<1b>[0m
test-format_tt.R.............. 15 tests <1b>[0;32mOK<1b>[0m
test-format_tt.R.............. 16 tests <1b>[0;32mOK<1b>[0m
test-format_tt.R.............. 16 tests <1b>[0;32mOK<1b>[0m
test-format_tt.R.............. 17 tests <1b>[0;32mOK<1b>[0m
test-format_tt.R.............. 17 tests <1b>[0;32mOK<1b>[0m
test-format_tt.R.............. 18 tests <1b>[0;32mOK<1b>[0m
test-format_tt.R.............. 18 tests <1b>[0;32mOK<1b>[0m
test-format_tt.R.............. 19 tests <1b>[0;32mOK<1b>[0m
test-format_tt.R.............. 19 tests <1b>[0;32mOK<1b>[0m
test-format_tt.R.............. 20 tests <1b>[0;32mOK<1b>[0m
test-format_tt.R.............. 20 tests <1b>[0;32mOK<1b>[0m
test-format_tt.R.............. 21 tests <1b>[0;32mOK<1b>[0m
test-format_tt.R.............. 21 tests <1b>[0;32mOK<1b>[0m
test-format_tt.R.............. 21 tests <1b>[0;32mOK<1b>[0m
test-format_tt.R.............. 21 tests <1b>[0;32mOK<1b>[0m
test-format_tt.R.............. 22 tests <1b>[0;32mOK<1b>[0m
test-format_tt.R.............. 22 tests <1b>[0;32mOK<1b>[0m
test-format_tt.R.............. 23 tests <1b>[0;32mOK<1b>[0m
test-format_tt.R.............. 23 tests <1b>[0;32mOK<1b>[0m
test-format_tt.R.............. 23 tests <1b>[0;32mOK<1b>[0m
test-format_tt.R.............. 23 tests <1b>[0;32mOK<1b>[0m
test-format_tt.R.............. 24 tests <1b>[0;32mOK<1b>[0m
test-format_tt.R.............. 24 tests <1b>[0;32mOK<1b>[0m
test-format_tt.R.............. 24 tests <1b>[0;32mOK<1b>[0m
test-format_tt.R.............. 25 tests <1b>[0;32mOK<1b>[0m
test-format_tt.R.............. 25 tests <1b>[0;32mOK<1b>[0m
test-format_tt.R.............. 25 tests <1b>[0;32mOK<1b>[0m
test-format_tt.R.............. 26 tests <1b>[0;32mOK<1b>[0m
test-format_tt.R.............. 26 tests <1b>[0;32mOK<1b>[0m
test-format_tt.R.............. 26 tests <1b>[0;32mOK<1b>[0m
test-format_tt.R.............. 26 tests <1b>[0;32mOK<1b>[0m
test-format_tt.R.............. 26 tests <1b>[0;32mOK<1b>[0m
test-format_tt.R.............. 26 tests <1b>[0;32mOK<1b>[0m
test-format_tt.R.............. 27 tests <1b>[0;32mOK<1b>[0m
test-format_tt.R.............. 27 tests <1b>[0;32mOK<1b>[0m
test-format_tt.R.............. 27 tests <1b>[0;32mOK<1b>[0m
test-format_tt.R.............. 28 tests <1b>[0;32mOK<1b>[0m
test-format_tt.R.............. 29 tests <1b>[0;32mOK<1b>[0m
test-format_tt.R.............. 30 tests <1b>[0;32mOK<1b>[0m
test-format_tt.R.............. 31 tests <1b>[0;32mOK<1b>[0m
test-format_tt.R.............. 31 tests <1b>[0;32mOK<1b>[0m
test-format_tt.R.............. 31 tests <1b>[0;32mOK<1b>[0m
test-format_tt.R.............. 31 tests <1b>[0;32mOK<1b>[0m
test-format_tt.R.............. 31 tests <1b>[0;32mOK<1b>[0m
test-format_tt.R.............. 31 tests <1b>[0;32mOK<1b>[0m
test-format_tt.R.............. 32 tests <1b>[0;32mOK<1b>[0m
test-format_tt.R.............. 33 tests <1b>[0;32mOK<1b>[0m
test-format_tt.R.............. 34 tests <1b>[0;32mOK<1b>[0m <1b>[0;34m1.5s<1b>[0m
test-group_tt.R............... 0 tests
test-group_tt.R............... 0 tests
test-group_tt.R............... 0 tests
test-group_tt.R............... 0 tests
test-group_tt.R............... 0 tests
test-group_tt.R............... 1 tests <1b>[0;32mOK<1b>[0m
test-group_tt.R............... 1 tests <1b>[0;32mOK<1b>[0m
test-group_tt.R............... 1 tests <1b>[0;32mOK<1b>[0m
test-group_tt.R............... 1 tests <1b>[0;32mOK<1b>[0m
test-group_tt.R............... 2 tests <1b>[0;32mOK<1b>[0m
test-group_tt.R............... 2 tests <1b>[0;32mOK<1b>[0m
test-group_tt.R............... 2 tests <1b>[0;32mOK<1b>[0m
test-group_tt.R............... 2 tests <1b>[0;32mOK<1b>[0m
test-group_tt.R............... 2 tests <1b>[0;32mOK<1b>[0m
test-group_tt.R............... 2 tests <1b>[0;32mOK<1b>[0m
test-group_tt.R............... 3 tests <1b>[0;32mOK<1b>[0m
test-group_tt.R............... 3 tests <1b>[0;32mOK<1b>[0m
test-group_tt.R............... 3 tests <1b>[0;32mOK<1b>[0m
test-group_tt.R............... 3 tests <1b>[0;32mOK<1b>[0m
test-group_tt.R............... 3 tests <1b>[0;32mOK<1b>[0m
test-group_tt.R............... 4 tests <1b>[0;32mOK<1b>[0m
test-group_tt.R............... 4 tests <1b>[0;32mOK<1b>[0m
test-group_tt.R............... 5 tests <1b>[0;32mOK<1b>[0m
test-group_tt.R............... 5 tests <1b>[0;32mOK<1b>[0m
test-group_tt.R............... 5 tests <1b>[0;32mOK<1b>[0m
test-group_tt.R............... 5 tests <1b>[0;32mOK<1b>[0m
test-group_tt.R............... 6 tests <1b>[0;32mOK<1b>[0m
test-group_tt.R............... 6 tests <1b>[0;32mOK<1b>[0m
test-group_tt.R............... 6 tests <1b>[0;32mOK<1b>[0m
test-group_tt.R............... 7 tests <1b>[0;32mOK<1b>[0m
test-group_tt.R............... 15 tests <1b>[0;32mOK<1b>[0m
test-group_tt.R............... 15 tests <1b>[0;32mOK<1b>[0m
test-group_tt.R............... 15 tests <1b>[0;32mOK<1b>[0m
test-group_tt.R............... 16 tests <1b>[0;32mOK<1b>[0m Error in sort_by(head(mtcars, 10), ~am) :
could not find function "sort_by"
Calls: <Anonymous> -> run_test_dir -> lapply -> FUN -> eval -> eval
Execution halted
Flavor: r-oldrel-windows-x86_64