CRAN Package Check Results for Package tidygate

Last updated on 2025-11-26 05:51:54 CET.

Flavor Version Tinstall Tcheck Ttotal Status Flags
r-devel-linux-x86_64-debian-clang 1.0.14 9.06 86.93 95.99 NOTE
r-devel-linux-x86_64-debian-gcc 1.0.14 6.60 61.09 67.69 NOTE
r-devel-linux-x86_64-fedora-clang 1.0.14 18.00 126.64 144.64 NOTE
r-devel-linux-x86_64-fedora-gcc 1.0.14 23.00 128.00 151.00 NOTE
r-devel-windows-x86_64 1.0.14 13.00 92.00 105.00 NOTE
r-patched-linux-x86_64 1.0.14 8.80 78.75 87.55 NOTE
r-release-linux-x86_64 1.0.14 8.00 78.25 86.25 NOTE
r-release-macos-arm64 1.0.14 NOTE
r-release-macos-x86_64 1.0.14 5.00 68.00 73.00 NOTE
r-release-windows-x86_64 1.0.14 10.00 99.00 109.00 NOTE
r-oldrel-macos-arm64 1.0.14 OK
r-oldrel-macos-x86_64 1.0.14 6.00 67.00 73.00 OK
r-oldrel-windows-x86_64 1.0.14 14.00 118.00 132.00 OK

Check Details

Version: 1.0.14
Check: DESCRIPTION meta-information
Result: NOTE Missing dependency on R >= 4.1.0 because package code uses the pipe |> or function shorthand \(...) syntax added in R 4.1.0. File(s) using such syntax: ‘functions_chr_int.R’ ‘gate.Rd’ ‘gate_app.R’ ‘methods.R’ Flavors: r-devel-linux-x86_64-debian-clang, r-devel-linux-x86_64-debian-gcc, r-devel-linux-x86_64-fedora-clang, r-devel-linux-x86_64-fedora-gcc, r-devel-windows-x86_64, r-patched-linux-x86_64, r-release-linux-x86_64, r-release-macos-arm64, r-release-windows-x86_64

Version: 1.0.14
Check: DESCRIPTION meta-information
Result: NOTE Missing dependency on R >= 4.1.0 because package code uses the pipe |> or function shorthand \(...) syntax added in R 4.1.0. File(s) using such syntax: ‘functions_chr_int.R’ ‘gate_app.R’ ‘methods.R’ Flavor: r-release-macos-x86_64