Last updated on 2025-11-26 05:51:54 CET.
| Flavor | Version | Tinstall | Tcheck | Ttotal | Status | Flags |
|---|---|---|---|---|---|---|
| r-devel-linux-x86_64-debian-clang | 0.2.0 | 2.34 | 24.62 | 26.96 | OK | |
| r-devel-linux-x86_64-debian-gcc | 0.2.0 | 1.86 | 20.39 | 22.25 | OK | |
| r-devel-linux-x86_64-fedora-clang | 0.2.0 | 40.72 | OK | |||
| r-devel-linux-x86_64-fedora-gcc | 0.2.0 | 38.17 | OK | |||
| r-devel-windows-x86_64 | 0.2.0 | 6.00 | 43.00 | 49.00 | OK | |
| r-patched-linux-x86_64 | 0.2.0 | 2.46 | 23.12 | 25.58 | OK | |
| r-release-linux-x86_64 | 0.2.0 | 2.40 | 23.26 | 25.66 | OK | |
| r-release-macos-arm64 | 0.2.0 | OK | ||||
| r-release-macos-x86_64 | 0.2.0 | 2.00 | 24.00 | 26.00 | OK | |
| r-release-windows-x86_64 | 0.2.0 | 4.00 | 46.00 | 50.00 | OK | |
| r-oldrel-macos-arm64 | 0.2.0 | NOTE | ||||
| r-oldrel-macos-x86_64 | 0.2.0 | 2.00 | 23.00 | 25.00 | NOTE | |
| r-oldrel-windows-x86_64 | 0.2.0 | 6.00 | 49.00 | 55.00 | NOTE |
Version: 0.2.0
Check: LazyData
Result: NOTE
'LazyData' is specified without a 'data' directory
Flavors: r-oldrel-macos-arm64, r-oldrel-macos-x86_64, r-oldrel-windows-x86_64