Last updated on 2025-11-26 05:51:54 CET.
| Flavor | Version | Tinstall | Tcheck | Ttotal | Status | Flags |
|---|---|---|---|---|---|---|
| r-devel-linux-x86_64-debian-clang | 0.4.0 | 4.80 | 36.82 | 41.62 | OK | |
| r-devel-linux-x86_64-debian-gcc | 0.4.0 | 3.36 | 29.00 | 32.36 | OK | |
| r-devel-linux-x86_64-fedora-clang | 0.4.0 | 63.77 | OK | |||
| r-devel-linux-x86_64-fedora-gcc | 0.4.0 | 11.00 | 63.51 | 74.51 | OK | |
| r-devel-windows-x86_64 | 0.4.0 | 8.00 | 52.00 | 60.00 | OK | |
| r-patched-linux-x86_64 | 0.4.0 | 4.55 | 33.81 | 38.36 | OK | |
| r-release-linux-x86_64 | 0.4.0 | 4.19 | 33.39 | 37.58 | OK | |
| r-release-macos-arm64 | 0.4.0 | OK | ||||
| r-release-macos-x86_64 | 0.4.0 | 4.00 | 52.00 | 56.00 | OK | |
| r-release-windows-x86_64 | 0.4.0 | 6.00 | 56.00 | 62.00 | OK | |
| r-oldrel-macos-arm64 | 0.4.0 | NOTE | ||||
| r-oldrel-macos-x86_64 | 0.4.0 | 3.00 | 37.00 | 40.00 | NOTE | |
| r-oldrel-windows-x86_64 | 0.4.0 | 8.00 | 62.00 | 70.00 | NOTE |
Version: 0.4.0
Check: LazyData
Result: NOTE
'LazyData' is specified without a 'data' directory
Flavors: r-oldrel-macos-arm64, r-oldrel-macos-x86_64, r-oldrel-windows-x86_64