Last updated on 2025-11-25 17:50:09 CET.
| Flavor | Version | Tinstall | Tcheck | Ttotal | Status | Flags |
|---|---|---|---|---|---|---|
| r-devel-linux-x86_64-debian-clang | 0.3.0 | 0.38 | 3.05 | 3.43 | ERROR | |
| r-devel-linux-x86_64-debian-gcc | 0.3.0 | 0.28 | 2.66 | 2.94 | ERROR | |
| r-devel-linux-x86_64-fedora-clang | 0.3.0 | 2.83 | ERROR | |||
| r-devel-linux-x86_64-fedora-gcc | 0.3.0 | 2.66 | ERROR | |||
| r-devel-windows-x86_64 | 0.3.0 | 6.00 | 83.00 | 89.00 | OK | |
| r-patched-linux-x86_64 | 0.3.0 | 2.22 | 57.42 | 59.64 | OK | |
| r-release-linux-x86_64 | 0.3.0 | 2.01 | 57.91 | 59.92 | OK | |
| r-release-macos-arm64 | 0.3.0 | OK | ||||
| r-release-macos-x86_64 | 0.3.0 | 2.00 | 89.00 | 91.00 | OK | |
| r-release-windows-x86_64 | 0.3.0 | 5.00 | 95.00 | 100.00 | OK | |
| r-oldrel-macos-arm64 | 0.3.0 | OK | ||||
| r-oldrel-macos-x86_64 | 0.3.0 | 2.00 | 64.00 | 66.00 | OK | |
| r-oldrel-windows-x86_64 | 0.3.0 | 5.00 | 102.00 | 107.00 | OK |
Version: 0.3.0
Check: package dependencies
Result: ERROR
Package required but not available: ‘geojsonsf’
See section ‘The DESCRIPTION file’ in the ‘Writing R Extensions’
manual.
Flavors: r-devel-linux-x86_64-debian-clang, r-devel-linux-x86_64-debian-gcc, r-devel-linux-x86_64-fedora-clang, r-devel-linux-x86_64-fedora-gcc