Last updated on 2024-06-29 06:49:55 CEST.
Flavor | Version | Tinstall | Tcheck | Ttotal | Status | Flags |
---|---|---|---|---|---|---|
r-devel-linux-x86_64-debian-clang | 0.4.1 | 9.66 | 94.27 | 103.93 | NOTE | |
r-devel-linux-x86_64-debian-gcc | 0.4.1 | 7.60 | 67.22 | 74.82 | NOTE | |
r-devel-linux-x86_64-fedora-clang | 0.4.1 | 127.52 | NOTE | |||
r-devel-linux-x86_64-fedora-gcc | 0.4.1 | 139.44 | NOTE | |||
r-devel-windows-x86_64 | 0.4.1 | 9.00 | 85.00 | 94.00 | NOTE | |
r-patched-linux-x86_64 | 0.4.1 | 9.08 | 86.99 | 96.07 | NOTE | |
r-release-linux-x86_64 | 0.4.1 | 9.06 | 87.98 | 97.04 | NOTE | |
r-release-macos-arm64 | 0.4.1 | 45.00 | NOTE | |||
r-release-macos-x86_64 | 0.4.1 | 68.00 | NOTE | |||
r-release-windows-x86_64 | 0.4.1 | 10.00 | 86.00 | 96.00 | NOTE | |
r-oldrel-macos-arm64 | 0.4.1 | 47.00 | NOTE | |||
r-oldrel-macos-x86_64 | 0.4.1 | 76.00 | NOTE | |||
r-oldrel-windows-x86_64 | 0.4.1 | 12.00 | 101.00 | 113.00 | NOTE |
Version: 0.4.1
Check: LazyData
Result: NOTE
'LazyData' is specified without a 'data' directory
Flavors: r-devel-linux-x86_64-debian-clang, r-devel-linux-x86_64-debian-gcc, r-devel-linux-x86_64-fedora-clang, r-devel-linux-x86_64-fedora-gcc, r-devel-windows-x86_64, r-patched-linux-x86_64, r-release-linux-x86_64, r-release-macos-arm64, r-release-macos-x86_64, r-release-windows-x86_64, r-oldrel-macos-arm64, r-oldrel-macos-x86_64, r-oldrel-windows-x86_64