Last updated on 2024-08-16 06:50:14 CEST.
Flavor | Version | Tinstall | Tcheck | Ttotal | Status | Flags |
---|---|---|---|---|---|---|
r-devel-linux-x86_64-debian-clang | 1.7.5 | 2.74 | 32.80 | 35.54 | OK | |
r-devel-linux-x86_64-debian-gcc | 1.7.5 | 2.59 | 24.76 | 27.35 | OK | |
r-devel-linux-x86_64-fedora-clang | 1.7.5 | 59.44 | NOTE | |||
r-devel-linux-x86_64-fedora-gcc | 1.7.5 | 56.85 | OK | |||
r-devel-windows-x86_64 | 1.7.5 | 4.00 | 58.00 | 62.00 | OK | |
r-patched-linux-x86_64 | 1.7.5 | 3.65 | 30.97 | 34.62 | OK | |
r-release-linux-x86_64 | 1.7.5 | 3.11 | 31.04 | 34.15 | OK | |
r-release-macos-arm64 | 1.7.5 | 20.00 | OK | |||
r-release-macos-x86_64 | 1.7.5 | 30.00 | OK | |||
r-release-windows-x86_64 | 1.7.5 | 5.00 | 58.00 | 63.00 | OK | |
r-oldrel-macos-arm64 | 1.7.5 | 38.00 | OK | |||
r-oldrel-macos-x86_64 | 1.7.5 | 72.00 | OK | |||
r-oldrel-windows-x86_64 | 1.7.5 | 5.00 | 64.00 | 69.00 | OK |
Version: 1.7.5
Check: Rd cross-references
Result: NOTE
Undeclared package ‘tm’ in Rd xrefs
Flavor: r-devel-linux-x86_64-fedora-clang