CRAN Package Check Results for Package textreuse

Last updated on 2025-06-30 18:49:54 CEST.

Flavor Version Tinstall Tcheck Ttotal Status Flags
r-devel-linux-x86_64-debian-clang 0.1.5 23.65 63.77 87.42 OK
r-devel-linux-x86_64-debian-gcc 0.1.5 16.44 48.91 65.35 OK
r-devel-linux-x86_64-fedora-clang 0.1.5 147.48 OK
r-devel-linux-x86_64-fedora-gcc 0.1.5 149.31 OK
r-devel-windows-x86_64 0.1.5 32.00 106.00 138.00 OK
r-patched-linux-x86_64 OK
r-release-linux-x86_64 0.1.5 22.46 59.33 81.79 OK
r-release-macos-arm64 0.1.5 49.00 OK
r-release-macos-x86_64 0.1.5 96.00 OK
r-release-windows-x86_64 0.1.5 32.00 104.00 136.00 OK
r-oldrel-macos-arm64 0.1.5 52.00 NOTE
r-oldrel-macos-x86_64 0.1.5 69.00 NOTE
r-oldrel-windows-x86_64 0.1.5 42.00 124.00 166.00 NOTE

Check Details

Version: 0.1.5
Check: LazyData
Result: NOTE 'LazyData' is specified without a 'data' directory Flavors: r-oldrel-macos-arm64, r-oldrel-macos-x86_64, r-oldrel-windows-x86_64