Last updated on 2025-02-05 17:50:10 CET.
Flavor | Version | Tinstall | Tcheck | Ttotal | Status | Flags |
---|---|---|---|---|---|---|
r-devel-linux-x86_64-debian-clang | 5.2.2 | 13.70 | 70.04 | 83.74 | OK | |
r-devel-linux-x86_64-debian-gcc | 5.2.2 | 10.72 | 71.23 | 81.95 | OK | |
r-devel-linux-x86_64-fedora-gcc | 5.2.2 | 148.23 | OK | |||
r-devel-windows-x86_64 | 5.2.2 | 44.00 | 152.00 | 196.00 | OK | |
r-patched-linux-x86_64 | 5.2.2 | 15.35 | 29.81 | 45.16 | ERROR | |
r-release-linux-x86_64 | 5.2.2 | 13.40 | 71.54 | 84.94 | OK | |
r-release-macos-arm64 | 5.2.2 | 66.00 | NOTE | |||
r-release-macos-x86_64 | 5.2.2 | 127.00 | NOTE | |||
r-release-windows-x86_64 | 5.2.2 | 42.00 | 145.00 | 187.00 | NOTE | |
r-oldrel-macos-arm64 | 5.2.2 | 66.00 | NOTE | |||
r-oldrel-macos-x86_64 | 5.2.2 | 125.00 | NOTE | |||
r-oldrel-windows-x86_64 | 5.2.2 | 48.00 | 161.00 | 209.00 | NOTE |
Version: 5.2.2
Check: examples
Result: ERROR
Running examples in ‘tesseract-Ex.R’ failed
The error most likely occurred in:
> base::assign(".ptime", proc.time(), pos = "CheckExEnv")
> ### Name: ocr
> ### Title: Tesseract OCR
> ### Aliases: ocr ocr_data
>
> ### ** Examples
>
> # Simple example
> text <- ocr("https://jeroen.github.io/images/testocr.png")
Error in curl::curl_download(path, tmp) :
Timeout was reached [jeroen.github.io]: Connection timed out after 10001 milliseconds
Calls: ocr ... vapply -> FUN -> <Anonymous> -> raise_libcurl_error
Execution halted
Flavor: r-patched-linux-x86_64
Version: 5.2.2
Check: re-building of vignette outputs
Result: ERROR
Error(s) in re-building vignettes:
...
--- re-building ‘intro.Rmd’ using rmarkdown
Quitting from lines 38-42 [unnamed-chunk-2] (intro.Rmd)
Error: processing vignette 'intro.Rmd' failed with diagnostics:
Timeout was reached [jeroen.github.io]: Connection timed out after 10001 milliseconds
--- failed re-building ‘intro.Rmd’
SUMMARY: processing the following file failed:
‘intro.Rmd’
Error: Vignette re-building failed.
Execution halted
Flavor: r-patched-linux-x86_64
Version: 5.2.2
Check: installed package size
Result: NOTE
installed size is 32.7Mb
sub-directories of 1Mb or more:
doc 1.1Mb
libs 9.3Mb
tessdata 22.2Mb
Flavors: r-release-macos-arm64, r-release-macos-x86_64, r-release-windows-x86_64, r-oldrel-macos-arm64, r-oldrel-macos-x86_64, r-oldrel-windows-x86_64