Last updated on 2024-06-29 06:49:55 CEST.
Flavor | Version | Tinstall | Tcheck | Ttotal | Status | Flags |
---|---|---|---|---|---|---|
r-devel-linux-x86_64-debian-clang | 5.2.1 | 24.05 | 112.72 | 136.77 | OK | |
r-devel-linux-x86_64-debian-gcc | 5.2.1 | 18.69 | 350.15 | 368.84 | OK | |
r-devel-linux-x86_64-fedora-gcc | 5.2.1 | 212.88 | OK | |||
r-devel-windows-x86_64 | 5.2.1 | 50.00 | 141.00 | 191.00 | NOTE | |
r-patched-linux-x86_64 | 5.2.1 | 23.73 | 112.47 | 136.20 | OK | |
r-release-linux-x86_64 | 5.2.1 | 22.80 | 99.75 | 122.55 | OK | |
r-release-macos-arm64 | 5.2.1 | 64.00 | NOTE | |||
r-release-macos-x86_64 | 5.2.1 | 87.00 | NOTE | |||
r-release-windows-x86_64 | 5.2.1 | 47.00 | 148.00 | 195.00 | NOTE | |
r-oldrel-macos-arm64 | 5.2.1 | 65.00 | NOTE | |||
r-oldrel-macos-x86_64 | 5.2.1 | 169.00 | NOTE | |||
r-oldrel-windows-x86_64 | 5.2.1 | 58.00 | 164.00 | 222.00 | NOTE |
Version: 5.2.1
Check: installed package size
Result: NOTE
installed size is 23.3Mb
sub-directories of 1Mb or more:
doc 1.1Mb
libs 8.1Mb
tessdata 14.0Mb
Flavors: r-devel-windows-x86_64, r-release-macos-arm64, r-release-macos-x86_64, r-release-windows-x86_64, r-oldrel-macos-arm64, r-oldrel-macos-x86_64, r-oldrel-windows-x86_64