Last updated on 2025-11-26 05:51:54 CET.
| Flavor | Version | Tinstall | Tcheck | Ttotal | Status | Flags |
|---|---|---|---|---|---|---|
| r-devel-linux-x86_64-debian-clang | 0.1.1 | 10.99 | 132.13 | 143.12 | NOTE | |
| r-devel-linux-x86_64-debian-gcc | 0.1.1 | 8.41 | 96.49 | 104.90 | NOTE | |
| r-devel-linux-x86_64-fedora-clang | 0.1.1 | 79.00 | 156.37 | 235.37 | OK | |
| r-devel-linux-x86_64-fedora-gcc | 0.1.1 | 59.00 | 174.21 | 233.21 | OK | |
| r-devel-windows-x86_64 | 0.1.1 | 17.00 | 138.00 | 155.00 | OK | |
| r-patched-linux-x86_64 | 0.1.1 | 12.27 | 128.13 | 140.40 | OK | |
| r-release-linux-x86_64 | 0.1.1 | 11.86 | 131.78 | 143.64 | OK | |
| r-release-macos-arm64 | 0.1.1 | OK | ||||
| r-release-macos-x86_64 | 0.1.1 | 11.00 | 108.00 | 119.00 | OK | |
| r-release-windows-x86_64 | 0.1.1 | 15.00 | 151.00 | 166.00 | OK | |
| r-oldrel-macos-arm64 | 0.1.1 | OK | ||||
| r-oldrel-macos-x86_64 | 0.1.1 | 8.00 | 90.00 | 98.00 | OK | |
| r-oldrel-windows-x86_64 | 0.1.1 | 19.00 | 181.00 | 200.00 | OK |
Version: 0.1.1
Check: CRAN incoming feasibility
Result: NOTE
Maintainer: ‘Pixu Shi <pixu.shi@duke.edu>’
No Authors@R field in DESCRIPTION.
Please add one, modifying
Authors@R: person(given = "Pixu",
family = "Shi",
role = c("aut", "cre"),
email = "pixu.shi@duke.edu")
as necessary.
Flavors: r-devel-linux-x86_64-debian-clang, r-devel-linux-x86_64-debian-gcc