Last updated on 2025-11-26 05:51:54 CET.
| Flavor | Version | Tinstall | Tcheck | Ttotal | Status | Flags |
|---|---|---|---|---|---|---|
| r-devel-linux-x86_64-debian-clang | 0.3.0 | 92.11 | 43.00 | 135.11 | OK | |
| r-devel-linux-x86_64-debian-gcc | 0.3.0 | 61.08 | 33.33 | 94.41 | OK | |
| r-devel-linux-x86_64-fedora-clang | 0.3.0 | 149.00 | 101.32 | 250.32 | OK | |
| r-devel-linux-x86_64-fedora-gcc | 0.3.0 | 455.00 | -183.63 | 271.37 | OK | |
| r-devel-windows-x86_64 | 0.3.0 | 117.00 | 88.00 | 205.00 | OK | |
| r-patched-linux-x86_64 | 0.3.0 | 92.97 | 40.29 | 133.26 | OK | |
| r-release-linux-x86_64 | 0.3.0 | 91.05 | 39.75 | 130.80 | OK | |
| r-release-macos-arm64 | 0.3.0 | OK | ||||
| r-release-macos-x86_64 | 0.3.0 | 29.00 | 51.00 | 80.00 | OK | |
| r-release-windows-x86_64 | 0.3.0 | 102.00 | 94.00 | 196.00 | OK | |
| r-oldrel-macos-arm64 | 0.3.0 | NOTE | ||||
| r-oldrel-macos-x86_64 | 0.3.0 | 25.00 | 40.00 | 65.00 | NOTE | |
| r-oldrel-windows-x86_64 | 0.3.0 | 97.00 | 102.00 | 199.00 | OK |
Version: 0.3.0
Check: installed package size
Result: NOTE
installed size is 6.8Mb
sub-directories of 1Mb or more:
libs 6.5Mb
Flavors: r-oldrel-macos-arm64, r-oldrel-macos-x86_64