CRAN Package Check Results for Package tapLock

Last updated on 2025-11-26 05:51:54 CET.

Flavor Version Tinstall Tcheck Ttotal Status Flags
r-devel-linux-x86_64-debian-clang 0.2.0 2.40 30.11 32.51 NOTE
r-devel-linux-x86_64-debian-gcc 0.2.0 1.68 24.67 26.35 NOTE
r-devel-linux-x86_64-fedora-clang 0.2.0 49.53 NOTE
r-devel-linux-x86_64-fedora-gcc 0.2.0 62.59 NOTE
r-devel-windows-x86_64 0.2.0 6.00 51.00 57.00 NOTE
r-patched-linux-x86_64 0.2.0 2.41 27.50 29.91 NOTE
r-release-linux-x86_64 0.2.0 1.92 27.27 29.19 NOTE
r-release-macos-arm64 0.2.0 NOTE
r-release-macos-x86_64 0.2.0 2.00 44.00 46.00 NOTE
r-release-windows-x86_64 0.2.0 5.00 55.00 60.00 NOTE
r-oldrel-macos-arm64 0.2.0 OK
r-oldrel-macos-x86_64 0.2.0 2.00 40.00 42.00 OK
r-oldrel-windows-x86_64 0.2.0 6.00 58.00 64.00 OK

Check Details

Version: 0.2.0
Check: DESCRIPTION meta-information
Result: NOTE Missing dependency on R >= 4.1.0 because package code uses the pipe |> or function shorthand \(...) syntax added in R 4.1.0. File(s) using such syntax: ‘auth0.R’ ‘config.R’ ‘entra_id.R’ ‘google.R’ ‘utils.R’ Flavors: r-devel-linux-x86_64-debian-clang, r-devel-linux-x86_64-debian-gcc, r-devel-linux-x86_64-fedora-clang, r-devel-linux-x86_64-fedora-gcc, r-devel-windows-x86_64, r-patched-linux-x86_64, r-release-linux-x86_64, r-release-macos-arm64, r-release-macos-x86_64, r-release-windows-x86_64