Last updated on 2025-02-10 17:49:24 CET.
Flavor | Version | Tinstall | Tcheck | Ttotal | Status | Flags |
---|---|---|---|---|---|---|
r-devel-linux-x86_64-debian-clang | 0.6 | 12.50 | 30.96 | 43.46 | NOTE | |
r-devel-linux-x86_64-debian-gcc | 0.6 | 10.11 | 23.82 | 33.93 | NOTE | |
r-devel-linux-x86_64-fedora-clang | 0.6 | 76.92 | NOTE | |||
r-devel-linux-x86_64-fedora-gcc | 0.6 | 104.26 | NOTE | |||
r-devel-windows-x86_64 | 0.6 | 17.00 | 67.00 | 84.00 | NOTE | |
r-patched-linux-x86_64 | 0.6 | 14.26 | 29.79 | 44.05 | OK | |
r-release-linux-x86_64 | 0.6 | 13.59 | 30.09 | 43.68 | OK | |
r-release-macos-arm64 | 0.6 | 36.00 | OK | |||
r-release-macos-x86_64 | 0.6 | 53.00 | OK | |||
r-release-windows-x86_64 | 0.6 | 17.00 | 70.00 | 87.00 | OK | |
r-oldrel-macos-arm64 | 0.6 | 41.00 | OK | |||
r-oldrel-macos-x86_64 | 0.6 | 58.00 | OK | |||
r-oldrel-windows-x86_64 | 0.6 | 18.00 | 83.00 | 101.00 | OK |
Version: 0.6
Check: Rd cross-references
Result: NOTE
Found the following Rd file(s) with Rd \link{} targets missing package
anchors:
smoothPalette.Rd: brewer.pal
Please provide package anchors for all Rd \link{} targets not in the
package itself and the base packages.
Flavors: r-devel-linux-x86_64-debian-clang, r-devel-linux-x86_64-debian-gcc, r-devel-windows-x86_64
Version: 0.6
Check: compiled code
Result: NOTE
File ‘tagcloud/libs/tagcloud.so’:
Found no calls to: ‘R_registerRoutines’, ‘R_useDynamicSymbols’
It is good practice to register native routines and to disable symbol
search.
See ‘Writing portable packages’ in the ‘Writing R Extensions’ manual.
Flavors: r-devel-linux-x86_64-fedora-clang, r-devel-linux-x86_64-fedora-gcc