Last updated on 2025-02-10 17:49:24 CET.
Flavor | Version | Tinstall | Tcheck | Ttotal | Status | Flags |
---|---|---|---|---|---|---|
r-devel-linux-x86_64-debian-clang | 0.8.0 | 1.64 | 17.84 | 19.48 | OK | |
r-devel-linux-x86_64-debian-gcc | 0.8.0 | 1.40 | 14.60 | 16.00 | OK | |
r-devel-linux-x86_64-fedora-clang | 0.8.0 | 32.73 | OK | |||
r-devel-linux-x86_64-fedora-gcc | 0.8.0 | 30.49 | OK | |||
r-devel-windows-x86_64 | 0.8.0 | 2.00 | 43.00 | 45.00 | OK | |
r-patched-linux-x86_64 | 0.8.0 | 1.74 | 17.22 | 18.96 | NOTE | |
r-release-linux-x86_64 | 0.8.0 | 1.56 | 17.40 | 18.96 | NOTE | |
r-release-macos-arm64 | 0.8.0 | 14.00 | NOTE | |||
r-release-macos-x86_64 | 0.8.0 | 22.00 | NOTE | |||
r-release-windows-x86_64 | 0.8.0 | 2.00 | 43.00 | 45.00 | NOTE | |
r-oldrel-macos-arm64 | 0.8.0 | 16.00 | NOTE | |||
r-oldrel-macos-x86_64 | 0.8.0 | 19.00 | NOTE | |||
r-oldrel-windows-x86_64 | 0.8.0 | 2.00 | 44.00 | 46.00 | NOTE |
Version: 0.8.0
Check: LazyData
Result: NOTE
'LazyData' is specified without a 'data' directory
Flavors: r-patched-linux-x86_64, r-release-linux-x86_64, r-release-macos-arm64, r-release-macos-x86_64, r-release-windows-x86_64, r-oldrel-macos-arm64, r-oldrel-macos-x86_64, r-oldrel-windows-x86_64