Last updated on 2025-02-10 17:49:24 CET.
Flavor | Version | Tinstall | Tcheck | Ttotal | Status | Flags |
---|---|---|---|---|---|---|
r-devel-linux-x86_64-debian-clang | 0.1.1 | 1.63 | 16.46 | 18.09 | OK | |
r-devel-linux-x86_64-debian-gcc | 0.1.1 | 1.29 | 13.42 | 14.71 | OK | |
r-devel-linux-x86_64-fedora-clang | 0.1.1 | 29.00 | OK | |||
r-devel-linux-x86_64-fedora-gcc | 0.1.1 | 27.33 | OK | |||
r-devel-windows-x86_64 | 0.1.1 | 2.00 | 36.00 | 38.00 | OK | |
r-patched-linux-x86_64 | 0.1.1 | 1.59 | 15.62 | 17.21 | NOTE | |
r-release-linux-x86_64 | 0.1.1 | 1.46 | 15.61 | 17.07 | NOTE | |
r-release-macos-arm64 | 0.1.1 | 13.00 | NOTE | |||
r-release-macos-x86_64 | 0.1.1 | 19.00 | NOTE | |||
r-release-windows-x86_64 | 0.1.1 | 2.00 | 35.00 | 37.00 | NOTE | |
r-oldrel-macos-arm64 | 0.1.1 | 14.00 | NOTE | |||
r-oldrel-macos-x86_64 | 0.1.1 | 19.00 | NOTE | |||
r-oldrel-windows-x86_64 | 0.1.1 | 3.00 | 34.00 | 37.00 | NOTE |
Version: 0.1.1
Check: LazyData
Result: NOTE
'LazyData' is specified without a 'data' directory
Flavors: r-patched-linux-x86_64, r-release-linux-x86_64, r-release-macos-arm64, r-release-macos-x86_64, r-release-windows-x86_64, r-oldrel-macos-arm64, r-oldrel-macos-x86_64, r-oldrel-windows-x86_64