Last updated on 2025-11-26 05:51:53 CET.
| Flavor | Version | Tinstall | Tcheck | Ttotal | Status | Flags |
|---|---|---|---|---|---|---|
| r-devel-linux-x86_64-debian-clang | 1.5.0 | 2.30 | 59.33 | 61.63 | NOTE | |
| r-devel-linux-x86_64-debian-gcc | 1.5.0 | 1.83 | 46.55 | 48.38 | NOTE | |
| r-devel-linux-x86_64-fedora-clang | 1.5.0 | 98.29 | OK | |||
| r-devel-linux-x86_64-fedora-gcc | 1.5.0 | 106.90 | OK | |||
| r-devel-windows-x86_64 | 1.5.0 | 5.00 | 87.00 | 92.00 | OK | |
| r-patched-linux-x86_64 | 1.5.0 | 2.77 | 57.51 | 60.28 | OK | |
| r-release-linux-x86_64 | 1.5.0 | 2.28 | 57.75 | 60.03 | OK | |
| r-release-macos-arm64 | 1.5.0 | OK | ||||
| r-release-macos-x86_64 | 1.5.0 | 2.00 | 79.00 | 81.00 | OK | |
| r-release-windows-x86_64 | 1.5.0 | 5.00 | 94.00 | 99.00 | OK | |
| r-oldrel-macos-arm64 | 1.5.0 | OK | ||||
| r-oldrel-macos-x86_64 | 1.5.0 | 2.00 | 56.00 | 58.00 | OK | |
| r-oldrel-windows-x86_64 | 1.5.0 | 5.00 | 106.00 | 111.00 | OK |
Version: 1.5.0
Check: CRAN incoming feasibility
Result: NOTE
Maintainer: ‘Mans Magnusson <mons.magnusson@gmail.com>’
No Authors@R field in DESCRIPTION.
Please add one, modifying
Authors@R: c(person(given = "Mans",
family = "Magnusson",
role = c("aut", "cre"),
email = "mons.magnusson@gmail.com"),
person(given = "Erik",
family = "Bulow",
role = "aut"))
as necessary.
Flavors: r-devel-linux-x86_64-debian-clang, r-devel-linux-x86_64-debian-gcc