Last updated on 2025-11-26 05:51:53 CET.
| Flavor | Version | Tinstall | Tcheck | Ttotal | Status | Flags |
|---|---|---|---|---|---|---|
| r-devel-linux-x86_64-debian-clang | 0.8.1 | 5.80 | 59.09 | 64.89 | NOTE | |
| r-devel-linux-x86_64-debian-gcc | 0.8.1 | 4.42 | 42.11 | 46.53 | NOTE | |
| r-devel-linux-x86_64-fedora-clang | 0.8.1 | 13.00 | 83.88 | 96.88 | OK | |
| r-devel-linux-x86_64-fedora-gcc | 0.8.1 | 14.00 | 77.49 | 91.49 | OK | |
| r-devel-windows-x86_64 | 0.8.1 | 8.00 | 72.00 | 80.00 | OK | |
| r-patched-linux-x86_64 | 0.8.1 | 5.09 | 56.11 | 61.20 | OK | |
| r-release-linux-x86_64 | 0.8.1 | 5.68 | 55.41 | 61.09 | OK | |
| r-release-macos-arm64 | 0.8.1 | OK | ||||
| r-release-macos-x86_64 | 0.8.1 | 5.00 | 43.00 | 48.00 | OK | |
| r-release-windows-x86_64 | 0.8.1 | 7.00 | 77.00 | 84.00 | OK | |
| r-oldrel-macos-arm64 | 0.8.1 | NOTE | ||||
| r-oldrel-macos-x86_64 | 0.8.1 | 4.00 | 35.00 | 39.00 | NOTE | |
| r-oldrel-windows-x86_64 | 0.8.1 | 11.00 | 89.00 | 100.00 | NOTE |
Version: 0.8.1
Check: CRAN incoming feasibility
Result: NOTE
Maintainer: ‘Xingye Qiao <qiao@math.binghamton.edu>’
Found the following \keyword or \concept entries
which likely give several index terms:
File ‘swa.Rd’:
\keyword{classification,}
\keyword{selection,}
Flavors: r-devel-linux-x86_64-debian-clang, r-devel-linux-x86_64-debian-gcc
Version: 0.8.1
Check: LazyData
Result: NOTE
'LazyData' is specified without a 'data' directory
Flavors: r-oldrel-macos-arm64, r-oldrel-macos-x86_64, r-oldrel-windows-x86_64