Last updated on 2025-11-04 13:50:27 CET.
| Flavor | Version | Tinstall | Tcheck | Ttotal | Status | Flags |
|---|---|---|---|---|---|---|
| r-devel-linux-x86_64-debian-clang | 1.0.0 | 49.77 | 370.43 | 420.20 | OK | |
| r-devel-linux-x86_64-debian-gcc | 1.0.0 | 27.79 | 234.86 | 262.65 | OK | |
| r-devel-linux-x86_64-fedora-clang | 1.0.0 | 114.00 | 518.60 | 632.60 | OK | |
| r-devel-linux-x86_64-fedora-gcc | 1.0.0 | 114.00 | 521.00 | 635.00 | OK | |
| r-devel-windows-x86_64 | 1.0.0 | 46.00 | 298.00 | 344.00 | OK | |
| r-patched-linux-x86_64 | 1.0.0 | 45.30 | 346.31 | 391.61 | OK | |
| r-release-linux-x86_64 | 1.0.0 | 46.03 | 346.73 | 392.76 | OK | |
| r-release-macos-arm64 | 1.0.0 | 22.00 | 124.00 | 146.00 | OK | |
| r-release-macos-x86_64 | 1.0.0 | 39.00 | 249.00 | 288.00 | OK | |
| r-release-windows-x86_64 | 1.0.0 | 45.00 | 295.00 | 340.00 | OK | |
| r-oldrel-macos-arm64 | 1.0.0 | 18.00 | 118.00 | 136.00 | NOTE | |
| r-oldrel-macos-x86_64 | 1.0.0 | 29.00 | 183.00 | 212.00 | NOTE | |
| r-oldrel-windows-x86_64 | 1.0.0 | 64.00 | 413.00 | 477.00 | NOTE |
Version: 1.0.0
Check: package dependencies
Result: NOTE
Package suggested but not available for checking: ‘INLA’
Flavors: r-oldrel-macos-arm64, r-oldrel-macos-x86_64
Version: 1.0.0
Check: installed package size
Result: NOTE
installed size is 5.9Mb
sub-directories of 1Mb or more:
data 3.0Mb
doc 2.5Mb
Flavors: r-oldrel-macos-arm64, r-oldrel-macos-x86_64, r-oldrel-windows-x86_64