Last updated on 2025-05-15 18:51:02 CEST.
Flavor | Version | Tinstall | Tcheck | Ttotal | Status | Flags |
---|---|---|---|---|---|---|
r-devel-linux-x86_64-debian-clang | 0.2-1 | 2.62 | 23.82 | 26.44 | NOTE | |
r-devel-linux-x86_64-debian-gcc | 0.2-1 | 1.74 | 18.68 | 20.42 | NOTE | |
r-devel-linux-x86_64-fedora-clang | 0.2-1 | 40.83 | OK | |||
r-devel-linux-x86_64-fedora-gcc | 0.2-1 | 38.30 | OK | |||
r-devel-windows-x86_64 | 0.2-1 | 3.00 | 47.00 | 50.00 | OK | |
r-patched-linux-x86_64 | 0.2-1 | 2.49 | 22.55 | 25.04 | OK | |
r-release-linux-x86_64 | 0.2-1 | 2.19 | 22.71 | 24.90 | OK | |
r-release-macos-arm64 | 0.2-1 | 17.00 | OK | |||
r-release-macos-x86_64 | 0.2-1 | 27.00 | OK | |||
r-release-windows-x86_64 | 0.2-1 | 3.00 | 47.00 | 50.00 | OK | |
r-oldrel-macos-arm64 | 0.2-1 | 15.00 | OK | |||
r-oldrel-macos-x86_64 | 0.2-1 | 22.00 | OK | |||
r-oldrel-windows-x86_64 | 0.2-1 | 3.00 | 49.00 | 52.00 | OK |
Version: 0.2-1
Check: CRAN incoming feasibility
Result: NOTE
Maintainer: ‘Hideo Aizaki <azk-r@spa.nifty.com>’
No Authors@R field in DESCRIPTION.
Please add one, modifying
Authors@R: person(given = "Hideo",
family = "Aizaki",
role = c("aut", "cre"),
email = "azk-r@spa.nifty.com")
as necessary.
Flavors: r-devel-linux-x86_64-debian-clang, r-devel-linux-x86_64-debian-gcc