Last updated on 2025-11-26 05:51:53 CET.
| Flavor | Version | Tinstall | Tcheck | Ttotal | Status | Flags |
|---|---|---|---|---|---|---|
| r-devel-linux-x86_64-debian-clang | 1.12 | 5.70 | 64.92 | 70.62 | NOTE | |
| r-devel-linux-x86_64-debian-gcc | 1.12 | 6.19 | 48.32 | 54.51 | NOTE | |
| r-devel-linux-x86_64-fedora-clang | 1.12 | 15.00 | 90.97 | 105.97 | OK | |
| r-devel-linux-x86_64-fedora-gcc | 1.12 | 17.00 | 83.13 | 100.13 | OK | |
| r-devel-windows-x86_64 | 1.12 | 10.00 | 73.00 | 83.00 | OK | |
| r-patched-linux-x86_64 | 1.12 | 7.81 | 61.45 | 69.26 | OK | |
| r-release-linux-x86_64 | 1.12 | 8.30 | 62.43 | 70.73 | OK | |
| r-release-macos-arm64 | 1.12 | OK | ||||
| r-release-macos-x86_64 | 1.12 | 6.00 | 52.00 | 58.00 | OK | |
| r-release-windows-x86_64 | 1.12 | 8.00 | 87.00 | 95.00 | OK | |
| r-oldrel-macos-arm64 | 1.12 | OK | ||||
| r-oldrel-macos-x86_64 | 1.12 | 6.00 | 42.00 | 48.00 | OK | |
| r-oldrel-windows-x86_64 | 1.12 | 11.00 | 92.00 | 103.00 | OK |
Version: 1.12
Check: CRAN incoming feasibility
Result: NOTE
Maintainer: ‘Jean-Eudes Dazard <jean-eudes.dazard@case.edu>’
Package CITATION file contains call(s) to old-style personList() or
as.personList(). Please use c() on person objects instead.
Package CITATION file contains call(s) to old-style citEntry(). Please
use bibentry() instead.
Flavors: r-devel-linux-x86_64-debian-clang, r-devel-linux-x86_64-debian-gcc