Last updated on 2025-02-05 17:50:09 CET.
Flavor | Version | Tinstall | Tcheck | Ttotal | Status | Flags |
---|---|---|---|---|---|---|
r-devel-linux-x86_64-debian-clang | 0.95.19 | 10.56 | 379.49 | 390.05 | OK | |
r-devel-linux-x86_64-debian-gcc | 0.95.19 | 6.92 | 254.87 | 261.79 | OK | |
r-devel-linux-x86_64-fedora-clang | 0.95.19 | 645.74 | OK | |||
r-devel-linux-x86_64-fedora-gcc | 0.95.19 | 616.88 | OK | |||
r-devel-windows-x86_64 | 0.95.19 | 14.00 | 400.00 | 414.00 | OK | |
r-patched-linux-x86_64 | 0.95.19 | 10.25 | 344.37 | 354.62 | ERROR | |
r-release-linux-x86_64 | 0.95.19 | 8.83 | 351.70 | 360.53 | OK | |
r-release-macos-arm64 | 0.95.19 | 198.00 | OK | |||
r-release-macos-x86_64 | 0.95.19 | 310.00 | OK | |||
r-release-windows-x86_64 | 0.95.19 | 14.00 | 385.00 | 399.00 | OK | |
r-oldrel-macos-arm64 | 0.95.19 | 186.00 | OK | |||
r-oldrel-macos-x86_64 | 0.95.19 | 290.00 | OK | |||
r-oldrel-windows-x86_64 | 0.95.19 | 16.00 | 479.00 | 495.00 | OK |
Version: 0.95.19
Check: re-building of vignette outputs
Result: ERROR
Error(s) in re-building vignettes:
...
--- re-building ‘CustomizingSuperbPlots.Rmd’ using rmarkdown
** Processing: /home/hornik/tmp/R.check/r-patched-gcc/Work/PKGS/superb.Rcheck/vign_test/superb/vignettes/CustomizingSuperbPlots_files/figure-html/unnamed-chunk-4-1.png
643x240 pixels, 8 bits/pixel, 256 colors in palette
Reducing image to 8 bits/pixel, grayscale
Input IDAT size = 13631 bytes
Input file size = 14501 bytes
Trying:
zc = 9 zm = 8 zs = 0 f = 0 IDAT size = 12059
zc = 9 zm = 8 zs = 1 f = 0
zc = 1 zm = 8 zs = 2 f = 0
zc = 9 zm = 8 zs = 3 f = 0
zc = 9 zm = 8 zs = 0 f = 5
zc = 9 zm = 8 zs = 1 f = 5
zc = 1 zm = 8 zs = 2 f = 5
zc = 9 zm = 8 zs = 3 f = 5
Selecting parameters:
zc = 9 zm = 8 zs = 0 f = 0 IDAT size = 12059
Output IDAT size = 12059 bytes (1572 bytes decrease)
Output file size = 12137 bytes (2364 bytes = 16.30% decrease)
** Processing: /home/hornik/tmp/R.check/r-patched-gcc/Work/PKGS/superb.Rcheck/vign_test/superb/vignettes/CustomizingSuperbPlots_files/figure-html/unnamed-chunk-5-1.png
643x240 pixels, 3x8 bits/pixel, RGB
Input IDAT size = 29666 bytes
Input file size = 29780 bytes
Trying:
zc = 9 zm = 8 zs = 0 f = 0 IDAT size = 24384
zc = 9 zm = 8 zs = 1 f = 0
zc = 1 zm = 8 zs = 2 f = 0
zc = 9 zm = 8 zs = 3 f = 0
zc = 9 zm = 8 zs = 0 f = 5
zc = 9 zm = 8 zs = 1 f = 5
zc = 1 zm = 8 zs = 2 f = 5
zc = 9 zm = 8 zs = 3 f = 5
Selecting parameters:
zc = 9 zm = 8 zs = 0 f = 0 IDAT size = 24384
Output IDAT size = 24384 bytes (5282 bytes decrease)
Output file size = 24462 bytes (5318 bytes = 17.86% decrease)
** Processing: /home/hornik/tmp/R.check/r-patched-gcc/Work/PKGS/superb.Rcheck/vign_test/superb/vignettes/CustomizingSuperbPlots_files/figure-html/unnamed-chunk-7-1.png
643x240 pixels, 3x8 bits/pixel, RGB
Input IDAT size = 34869 bytes
Input file size = 34995 bytes
Trying:
zc = 9 zm = 8 zs = 0 f = 0 IDAT size = 28002
zc = 9 zm = 8 zs = 1 f = 0
zc = 1 zm = 8 zs = 2 f = 0
zc = 9 zm = 8 zs = 3 f = 0
zc = 9 zm = 8 zs = 0 f = 5
zc = 9 zm = 8 zs = 1 f = 5
zc = 1 zm = 8 zs = 2 f = 5
zc = 9 zm = 8 zs = 3 f = 5
Selecting parameters:
zc = 9 zm = 8 zs = 0 f = 0 IDAT size = 28002
Output IDAT size = 28002 bytes (6867 bytes decrease)
Output file size = 28080 bytes (6915 bytes = 19.76% decrease)
** Processing: /home/hornik/tmp/R.check/r-patched-gcc/Work/PKGS/superb.Rcheck/vign_test/superb/vignettes/CustomizingSuperbPlots_files/figure-html/unnamed-chunk-8-1.png
643x240 pixels, 3x8 bits/pixel, RGB
Input IDAT size = 28607 bytes
Input file size = 28721 bytes
Trying:
zc = 9 zm = 8 zs = 0 f = 0 IDAT size = 22669
zc = 9 zm = 8 zs = 1 f = 0
zc = 1 zm = 8 zs = 2 f = 0
zc = 9 zm = 8 zs = 3 f = 0
zc = 9 zm = 8 zs = 0 f = 5
zc = 9 zm = 8 zs = 1 f = 5
zc = 1 zm = 8 zs = 2 f = 5
zc = 9 zm = 8 zs = 3 f = 5
Selecting parameters:
zc = 9 zm = 8 zs = 0 f = 0 IDAT size = 22669
Output IDAT size = 22669 bytes (5938 bytes decrease)
Output file size = 22747 bytes (5974 bytes = 20.80% decrease)
** Processing: /home/hornik/tmp/R.check/r-patched-gcc/Work/PKGS/superb.Rcheck/vign_test/superb/vignettes/CustomizingSuperbPlots_files/figure-html/unnamed-chunk-9-1.png
643x480 pixels, 3x8 bits/pixel, RGB
Input IDAT size = 64089 bytes
Input file size = 64251 bytes
Trying:
zc = 9 zm = 8 zs = 0 f = 0 IDAT size = 50948
zc = 9 zm = 8 zs = 1 f = 0
zc = 1 zm = 8 zs = 2 f = 0
zc = 9 zm = 8 zs = 3 f = 0
zc = 9 zm = 8 zs = 0 f = 5
zc = 9 zm = 8 zs = 1 f = 5
zc = 1 zm = 8 zs = 2 f = 5
zc = 9 zm = 8 zs = 3 f = 5
Selecting parameters:
zc = 9 zm = 8 zs = 0 f = 0 IDAT size = 50948
Output IDAT size = 50948 bytes (13141 bytes decrease)
Output file size = 51026 bytes (13225 bytes = 20.58% decrease)
** Processing: /home/hornik/tmp/R.check/r-patched-gcc/Work/PKGS/superb.Rcheck/vign_test/superb/vignettes/CustomizingSuperbPlots_files/figure-html/unnamed-chunk-16-1.png
288x384 pixels, 8 bits/pixel, 213 colors in palette
Reducing image to 8 bits/pixel, grayscale
Input IDAT size = 2567 bytes
Input file size = 3296 bytes
Trying:
zc = 9 zm = 8 zs = 0 f = 0 IDAT size = 2108
zc = 9 zm = 8 zs = 1 f = 0
zc = 1 zm = 8 zs = 2 f = 0
zc = 9 zm = 8 zs = 3 f = 0
zc = 9 zm = 8 zs = 0 f = 5
zc = 9 zm = 8 zs = 1 f = 5
zc = 1 zm = 8 zs = 2 f = 5
zc = 9 zm = 8 zs = 3 f = 5
Selecting parameters:
zc = 9 zm = 8 zs = 0 f = 0 IDAT size = 2108
Output IDAT size = 2108 bytes (459 bytes decrease)
Output file size = 2186 bytes (1110 bytes = 33.68% decrease)
** Processing: /home/hornik/tmp/R.check/r-patched-gcc/Work/PKGS/superb.Rcheck/vign_test/superb/vignettes/CustomizingSuperbPlots_files/figure-html/unnamed-chunk-17-1.png
288x384 pixels, 8 bits/pixel, 231 colors in palette
Reducing image to 8 bits/pixel, grayscale
Input IDAT size = 3556 bytes
Input file size = 4339 bytes
Trying:
zc = 9 zm = 8 zs = 0 f = 0 IDAT size = 3106
zc = 9 zm = 8 zs = 1 f = 0
zc = 1 zm = 8 zs = 2 f = 0
zc = 9 zm = 8 zs = 3 f = 0
zc = 9 zm = 8 zs = 0 f = 5
zc = 9 zm = 8 zs = 1 f = 5
zc = 1 zm = 8 zs = 2 f = 5
zc = 9 zm = 8 zs = 3 f = 5
Selecting parameters:
zc = 9 zm = 8 zs = 0 f = 0 IDAT size = 3106
Output IDAT size = 3106 bytes (450 bytes decrease)
Output file size = 3184 bytes (1155 bytes = 26.62% decrease)
** Processing: /home/hornik/tmp/R.check/r-patched-gcc/Work/PKGS/superb.Rcheck/vign_test/superb/vignettes/CustomizingSuperbPlots_files/figure-html/unnamed-chunk-18-1.png
288x384 pixels, 8 bits/pixel, 256 colors in palette
Reducing image to 8 bits/pixel, grayscale
Input IDAT size = 6266 bytes
Input file size = 7124 bytes
Trying:
zc = 9 zm = 8 zs = 0 f = 0 IDAT size = 5797
zc = 9 zm = 8 zs = 1 f = 0
zc = 1 zm = 8 zs = 2 f = 0
zc = 9 zm = 8 zs = 3 f = 0
zc = 9 zm = 8 zs = 0 f = 5
zc = 9 zm = 8 zs = 1 f = 5
zc = 1 zm = 8 zs = 2 f = 5
zc = 9 zm = 8 zs = 3 f = 5
Selecting parameters:
zc = 9 zm = 8 zs = 0 f = 0 IDAT size = 5797
Output IDAT size = 5797 bytes (469 bytes decrease)
Output file size = 5875 bytes (1249 bytes = 17.53% decrease)
** Processing: /home/hornik/tmp/R.check/r-patched-gcc/Work/PKGS/superb.Rcheck/vign_test/superb/vignettes/CustomizingSuperbPlots_files/figure-html/unnamed-chunk-19-1.png
288x384 pixels, 8 bits/pixel, 256 colors in palette
Reducing image to 8 bits/pixel, grayscale
Input IDAT size = 7706 bytes
Input file size = 8564 bytes
Trying:
zc = 9 zm = 8 zs = 0 f = 0 IDAT size = 7182
zc = 9 zm = 8 zs = 1 f = 0 IDAT size = 7175
zc = 1 zm = 8 zs = 2 f = 0
zc = 9 zm = 8 zs = 3 f = 0
zc = 9 zm = 8 zs = 0 f = 5
zc = 9 zm = 8 zs = 1 f = 5
zc = 1 zm = 8 zs = 2 f = 5
zc = 9 zm = 8 zs = 3 f = 5
Selecting parameters:
zc = 9 zm = 8 zs = 1 f = 0 IDAT size = 7175
Output IDAT size = 7175 bytes (531 bytes decrease)
Output file size = 7253 bytes (1311 bytes = 15.31% decrease)
** Processing: /home/hornik/tmp/R.check/r-patched-gcc/Work/PKGS/superb.Rcheck/vign_test/superb/vignettes/CustomizingSuperbPlots_files/figure-html/unnamed-chunk-20-1.png
288x384 pixels, 8 bits/pixel, 256 colors in palette
Reducing image to 8 bits/pixel, grayscale
Input IDAT size = 7903 bytes
Input file size = 8761 bytes
Trying:
zc = 9 zm = 8 zs = 0 f = 0 IDAT size = 7351
zc = 9 zm = 8 zs = 1 f = 0 IDAT size = 7345
zc = 1 zm = 8 zs = 2 f = 0
zc = 9 zm = 8 zs = 3 f = 0
zc = 9 zm = 8 zs = 0 f = 5
zc = 9 zm = 8 zs = 1 f = 5
zc = 1 zm = 8 zs = 2 f = 5
zc = 9 zm = 8 zs = 3 f = 5
Selecting parameters:
zc = 9 zm = 8 zs = 1 f = 0 IDAT size = 7345
Output IDAT size = 7345 bytes (558 bytes decrease)
Output file size = 7423 bytes (1338 bytes = 15.27% decrease)
** Processing: /home/hornik/tmp/R.check/r-patched-gcc/Work/PKGS/superb.Rcheck/vign_test/superb/vignettes/CustomizingSuperbPlots_files/figure-html/unnamed-chunk-21-1.png
576x384 pixels, 8 bits/pixel, 256 colors in palette
Reducing image to 8 bits/pixel, grayscale
Input IDAT size = 13915 bytes
Input file size = 14785 bytes
Trying:
zc = 9 zm = 8 zs = 0 f = 0 IDAT size = 12916
zc = 9 zm = 8 zs = 1 f = 0
zc = 1 zm = 8 zs = 2 f = 0
zc = 9 zm = 8 zs = 3 f = 0
zc = 9 zm = 8 zs = 0 f = 5
zc = 9 zm = 8 zs = 1 f = 5
zc = 1 zm = 8 zs = 2 f = 5
zc = 9 zm = 8 zs = 3 f = 5
Selecting parameters:
zc = 9 zm = 8 zs = 0 f = 0 IDAT size = 12916
Output IDAT size = 12916 bytes (999 bytes decrease)
Output file size = 12994 bytes (1791 bytes = 12.11% decrease)
--- finished re-building ‘CustomizingSuperbPlots.Rmd’
--- re-building ‘TheMakingOf.Rmd’ using rmarkdown
** Processing: /home/hornik/tmp/R.check/r-patched-gcc/Work/PKGS/superb.Rcheck/vign_test/superb/vignettes/TheMakingOf_files/figure-html/unnamed-chunk-3-1.png
288x384 pixels, 8 bits/pixel, 241 colors in palette
Reducing image to 8 bits/pixel, grayscale
Input IDAT size = 3112 bytes
Input file size = 3925 bytes
Trying:
zc = 9 zm = 8 zs = 0 f = 0 IDAT size = 2592
zc = 9 zm = 8 zs = 1 f = 0
zc = 1 zm = 8 zs = 2 f = 0
zc = 9 zm = 8 zs = 3 f = 0
zc = 9 zm = 8 zs = 0 f = 5
zc = 9 zm = 8 zs = 1 f = 5
zc = 1 zm = 8 zs = 2 f = 5
zc = 9 zm = 8 zs = 3 f = 5
Selecting parameters:
zc = 9 zm = 8 zs = 0 f = 0 IDAT size = 2592
Output IDAT size = 2592 bytes (520 bytes decrease)
Output file size = 2670 bytes (1255 bytes = 31.97% decrease)
** Processing: /home/hornik/tmp/R.check/r-patched-gcc/Work/PKGS/superb.Rcheck/vign_test/superb/vignettes/TheMakingOf_files/figure-html/unnamed-chunk-5-1.png
288x384 pixels, 8 bits/pixel, 255 colors in palette
Reducing image to 8 bits/pixel, grayscale
Input IDAT size = 6143 bytes
Input file size = 6998 bytes
Trying:
zc = 9 zm = 8 zs = 0 f = 0 IDAT size = 5625
zc = 9 zm = 8 zs = 1 f = 0
zc = 1 zm = 8 zs = 2 f = 0
zc = 9 zm = 8 zs = 3 f = 0
zc = 9 zm = 8 zs = 0 f = 5
zc = 9 zm = 8 zs = 1 f = 5
zc = 1 zm = 8 zs = 2 f = 5
zc = 9 zm = 8 zs = 3 f = 5
Selecting parameters:
zc = 9 zm = 8 zs = 0 f = 0 IDAT size = 5625
Output IDAT size = 5625 bytes (518 bytes decrease)
Output file size = 5703 bytes (1295 bytes = 18.51% decrease)
** Processing: /home/hornik/tmp/R.check/r-patched-gcc/Work/PKGS/superb.Rcheck/vign_test/superb/vignettes/TheMakingOf_files/figure-html/unnamed-chunk-6-1.png
288x384 pixels, 8 bits/pixel, 256 colors in palette
Reducing image to 8 bits/pixel, grayscale
Input IDAT size = 6303 bytes
Input file size = 7161 bytes
Trying:
zc = 9 zm = 8 zs = 0 f = 0 IDAT size = 5779
zc = 9 zm = 8 zs = 1 f = 0
zc = 1 zm = 8 zs = 2 f = 0
zc = 9 zm = 8 zs = 3 f = 0
zc = 9 zm = 8 zs = 0 f = 5
zc = 9 zm = 8 zs = 1 f = 5
zc = 1 zm = 8 zs = 2 f = 5
zc = 9 zm = 8 zs = 3 f = 5
Selecting parameters:
zc = 9 zm = 8 zs = 0 f = 0 IDAT size = 5779
Output IDAT size = 5779 bytes (524 bytes decrease)
Output file size = 5857 bytes (1304 bytes = 18.21% decrease)
** Processing: /home/hornik/tmp/R.check/r-patched-gcc/Work/PKGS/superb.Rcheck/vign_test/superb/vignettes/TheMakingOf_files/figure-html/unnamed-chunk-7-1.png
288x384 pixels, 3x8 bits/pixel, RGB
Input IDAT size = 26378 bytes
Input file size = 26492 bytes
Trying:
zc = 9 zm = 8 zs = 0 f = 0 IDAT size = 21353
zc = 9 zm = 8 zs = 1 f = 0
zc = 1 zm = 8 zs = 2 f = 0
zc = 9 zm = 8 zs = 3 f = 0
zc = 9 zm = 8 zs = 0 f = 5
zc = 9 zm = 8 zs = 1 f = 5
zc = 1 zm = 8 zs = 2 f = 5
zc = 9 zm = 8 zs = 3 f = 5
Selecting parameters:
zc = 9 zm = 8 zs = 0 f = 0 IDAT size = 21353
Output IDAT size = 21353 bytes (5025 bytes decrease)
Output file size = 21431 bytes (5061 bytes = 19.10% decrease)
** Processing: /home/hornik/tmp/R.check/r-patched-gcc/Work/PKGS/superb.Rcheck/vign_test/superb/vignettes/TheMakingOf_files/figure-html/unnamed-chunk-8-1.png
864x384 pixels, 3x8 bits/pixel, RGB
Input IDAT size = 34373 bytes
Input file size = 34499 bytes
Trying:
zc = 9 zm = 8 zs = 0 f = 0 IDAT size = 29511
zc = 9 zm = 8 zs = 1 f = 0
zc = 1 zm = 8 zs = 2 f = 0
zc = 9 zm = 8 zs = 3 f = 0
zc = 9 zm = 8 zs = 0 f = 5
zc = 9 zm = 8 zs = 1 f = 5
zc = 1 zm = 8 zs = 2 f = 5
zc = 9 zm = 8 zs = 3 f = 5
Selecting parameters:
zc = 9 zm = 8 zs = 0 f = 0 IDAT size = 29511
Output IDAT size = 29511 bytes (4862 bytes decrease)
Output file size = 29589 bytes (4910 bytes = 14.23% decrease)
** Processing: /home/hornik/tmp/R.check/r-patched-gcc/Work/PKGS/superb.Rcheck/vign_test/superb/vignettes/TheMakingOf_files/figure-html/unnamed-chunk-13-1.png
288x384 pixels, 8 bits/pixel, 256 colors in palette
Reducing image to 8 bits/pixel, grayscale
Input IDAT size = 5595 bytes
Input file size = 6453 bytes
Trying:
zc = 9 zm = 8 zs = 0 f = 0 IDAT size = 5061
zc = 9 zm = 8 zs = 1 f = 0
zc = 1 zm = 8 zs = 2 f = 0
zc = 9 zm = 8 zs = 3 f = 0
zc = 9 zm = 8 zs = 0 f = 5
zc = 9 zm = 8 zs = 1 f = 5
zc = 1 zm = 8 zs = 2 f = 5
zc = 9 zm = 8 zs = 3 f = 5
Selecting parameters:
zc = 9 zm = 8 zs = 0 f = 0 IDAT size = 5061
Output IDAT size = 5061 bytes (534 bytes decrease)
Output file size = 5139 bytes (1314 bytes = 20.36% decrease)
** Processing: /home/hornik/tmp/R.check/r-patched-gcc/Work/PKGS/superb.Rcheck/vign_test/superb/vignettes/TheMakingOf_files/figure-html/unnamed-chunk-14-1.png
288x384 pixels, 8 bits/pixel, 256 colors in palette
Reducing image to 8 bits/pixel, grayscale
Input IDAT size = 6185 bytes
Input file size = 7043 bytes
Trying:
zc = 9 zm = 8 zs = 0 f = 0 IDAT size = 5676
zc = 9 zm = 8 zs = 1 f = 0
zc = 1 zm = 8 zs = 2 f = 0
zc = 9 zm = 8 zs = 3 f = 0
zc = 9 zm = 8 zs = 0 f = 5
zc = 9 zm = 8 zs = 1 f = 5
zc = 1 zm = 8 zs = 2 f = 5
zc = 9 zm = 8 zs = 3 f = 5
Selecting parameters:
zc = 9 zm = 8 zs = 0 f = 0 IDAT size = 5676
Output IDAT size = 5676 bytes (509 bytes decrease)
Output file size = 5754 bytes (1289 bytes = 18.30% decrease)
** Processing: /home/hornik/tmp/R.check/r-patched-gcc/Work/PKGS/superb.Rcheck/vign_test/superb/vignettes/TheMakingOf_files/figure-html/unnamed-chunk-15-1.png
288x384 pixels, 8 bits/pixel, 256 colors in palette
Reducing image to 8 bits/pixel, grayscale
Input IDAT size = 11983 bytes
Input file size = 12853 bytes
Trying:
zc = 9 zm = 8 zs = 0 f = 0 IDAT size = 11248
zc = 9 zm = 8 zs = 1 f = 0
zc = 1 zm = 8 zs = 2 f = 0
zc = 9 zm = 8 zs = 3 f = 0
zc = 9 zm = 8 zs = 0 f = 5
zc = 9 zm = 8 zs = 1 f = 5
zc = 1 zm = 8 zs = 2 f = 5
zc = 9 zm = 8 zs = 3 f = 5
Selecting parameters:
zc = 9 zm = 8 zs = 0 f = 0 IDAT size = 11248
Output IDAT size = 11248 bytes (735 bytes decrease)
Output file size = 11326 bytes (1527 bytes = 11.88% decrease)
** Processing: /home/hornik/tmp/R.check/r-patched-gcc/Work/PKGS/superb.Rcheck/vign_test/superb/vignettes/TheMakingOf_files/figure-html/unnamed-chunk-17-1.png
288x384 pixels, 3x8 bits/pixel, RGB
Input IDAT size = 19415 bytes
Input file size = 19517 bytes
Trying:
zc = 9 zm = 8 zs = 0 f = 0 IDAT size = 15409
zc = 9 zm = 8 zs = 1 f = 0
zc = 1 zm = 8 zs = 2 f = 0
zc = 9 zm = 8 zs = 3 f = 0
zc = 9 zm = 8 zs = 0 f = 5
zc = 9 zm = 8 zs = 1 f = 5
zc = 1 zm = 8 zs = 2 f = 5
zc = 9 zm = 8 zs = 3 f = 5
Selecting parameters:
zc = 9 zm = 8 zs = 0 f = 0 IDAT size = 15409
Output IDAT size = 15409 bytes (4006 bytes decrease)
Output file size = 15487 bytes (4030 bytes = 20.65% decrease)
** Processing: /home/hornik/tmp/R.check/r-patched-gcc/Work/PKGS/superb.Rcheck/vign_test/superb/vignettes/TheMakingOf_files/figure-html/unnamed-chunk-18-1.png
864x384 pixels, 3x8 bits/pixel, RGB
Input IDAT size = 47379 bytes
Input file size = 47517 bytes
Trying:
zc = 9 zm = 8 zs = 0 f = 0 IDAT size = 37975
zc = 9 zm = 8 zs = 1 f = 0
zc = 1 zm = 8 zs = 2 f = 0
zc = 9 zm = 8 zs = 3 f = 0
zc = 9 zm = 8 zs = 0 f = 5
zc = 9 zm = 8 zs = 1 f = 5
zc = 1 zm = 8 zs = 2 f = 5
zc = 9 zm = 8 zs = 3 f = 5
Selecting parameters:
zc = 9 zm = 8 zs = 0 f = 0 IDAT size = 37975
Output IDAT size = 37975 bytes (9404 bytes decrease)
Output file size = 38053 bytes (9464 bytes = 19.92% decrease)
** Processing: /home/hornik/tmp/R.check/r-patched-gcc/Work/PKGS/superb.Rcheck/vign_test/superb/vignettes/TheMakingOf_files/figure-html/unnamed-chunk-22-1.png
288x384 pixels, 8 bits/pixel, 256 colors in palette
Reducing image to 8 bits/pixel, grayscale
Input IDAT size = 5744 bytes
Input file size = 6602 bytes
Trying:
zc = 9 zm = 8 zs = 0 f = 0 IDAT size = 5136
zc = 9 zm = 8 zs = 1 f = 0
zc = 1 zm = 8 zs = 2 f = 0
zc = 9 zm = 8 zs = 3 f = 0
zc = 9 zm = 8 zs = 0 f = 5
zc = 9 zm = 8 zs = 1 f = 5
zc = 1 zm = 8 zs = 2 f = 5
zc = 9 zm = 8 zs = 3 f = 5
Selecting parameters:
zc = 9 zm = 8 zs = 0 f = 0 IDAT size = 5136
Output IDAT size = 5136 bytes (608 bytes decrease)
Output file size = 5214 bytes (1388 bytes = 21.02% decrease)
** Processing: /home/hornik/tmp/R.check/r-patched-gcc/Work/PKGS/superb.Rcheck/vign_test/superb/vignettes/TheMakingOf_files/figure-html/unnamed-chunk-23-1.png
288x384 pixels, 8 bits/pixel, 255 colors in palette
Reducing image to 8 bits/pixel, grayscale
Input IDAT size = 6510 bytes
Input file size = 7365 bytes
Trying:
zc = 9 zm = 8 zs = 0 f = 0 IDAT size = 5887
zc = 9 zm = 8 zs = 1 f = 0
zc = 1 zm = 8 zs = 2 f = 0
zc = 9 zm = 8 zs = 3 f = 0
zc = 9 zm = 8 zs = 0 f = 5
zc = 9 zm = 8 zs = 1 f = 5
zc = 1 zm = 8 zs = 2 f = 5
zc = 9 zm = 8 zs = 3 f = 5
Selecting parameters:
zc = 9 zm = 8 zs = 0 f = 0 IDAT size = 5887
Output IDAT size = 5887 bytes (623 bytes decrease)
Output file size = 5965 bytes (1400 bytes = 19.01% decrease)
** Processing: /home/hornik/tmp/R.check/r-patched-gcc/Work/PKGS/superb.Rcheck/vign_test/superb/vignettes/TheMakingOf_files/figure-html/unnamed-chunk-25-1.png
768x384 pixels, 3x8 bits/pixel, RGB
Input IDAT size = 33026 bytes
Input file size = 33152 bytes
Trying:
zc = 9 zm = 8 zs = 0 f = 0 IDAT size = 28306
zc = 9 zm = 8 zs = 1 f = 0
zc = 1 zm = 8 zs = 2 f = 0
zc = 9 zm = 8 zs = 3 f = 0
zc = 9 zm = 8 zs = 0 f = 5
zc = 9 zm = 8 zs = 1 f = 5
zc = 1 zm = 8 zs = 2 f = 5
zc = 9 zm = 8 zs = 3 f = 5
Selecting parameters:
zc = 9 zm = 8 zs = 0 f = 0 IDAT size = 28306
Output IDAT size = 28306 bytes (4720 bytes decrease)
Output file size = 28384 bytes (4768 bytes = 14.38% decrease)
** Processing: /home/hornik/tmp/R.check/r-patched-gcc/Work/PKGS/superb.Rcheck/vign_test/superb/vignettes/TheMakingOf_files/figure-html/unnamed-chunk-32-1.png
864x384 pixels, 3x8 bits/pixel, RGB
Input IDAT size = 27294 bytes
Input file size = 27408 bytes
Trying:
zc = 9 zm = 8 zs = 0 f = 0 IDAT size = 23533
zc = 9 zm = 8 zs = 1 f = 0
zc = 1 zm = 8 zs = 2 f = 0
zc = 9 zm = 8 zs = 3 f = 0
zc = 9 zm = 8 zs = 0 f = 5
zc = 9 zm = 8 zs = 1 f = 5
zc = 1 zm = 8 zs = 2 f = 5
zc = 9 zm = 8 zs = 3 f = 5
Selecting parameters:
zc = 9 zm = 8 zs = 0 f = 0 IDAT size = 23533
Output IDAT size = 23533 bytes (3761 bytes decrease)
Output file size = 23611 bytes (3797 bytes = 13.85% decrease)
--- finished re-building ‘TheMakingOf.Rmd’
--- re-building ‘Vignette1.Rmd’ using rmarkdown
** Processing: /home/hornik/tmp/R.check/r-patched-gcc/Work/PKGS/superb.Rcheck/vign_test/superb/vignettes/Vignette1_files/figure-html/unnamed-chunk-3-1.png
384x288 pixels, 8 bits/pixel, 256 colors in palette
Reducing image to 8 bits/pixel, grayscale
Input IDAT size = 6409 bytes
Input file size = 7267 bytes
Trying:
zc = 9 zm = 8 zs = 0 f = 0 IDAT size = 5811
zc = 9 zm = 8 zs = 1 f = 0 IDAT size = 5745
zc = 1 zm = 8 zs = 2 f = 0
zc = 9 zm = 8 zs = 3 f = 0
zc = 9 zm = 8 zs = 0 f = 5
zc = 9 zm = 8 zs = 1 f = 5
zc = 1 zm = 8 zs = 2 f = 5
zc = 9 zm = 8 zs = 3 f = 5
Selecting parameters:
zc = 9 zm = 8 zs = 1 f = 0 IDAT size = 5745
Output IDAT size = 5745 bytes (664 bytes decrease)
Output file size = 5823 bytes (1444 bytes = 19.87% decrease)
** Processing: /home/hornik/tmp/R.check/r-patched-gcc/Work/PKGS/superb.Rcheck/vign_test/superb/vignettes/Vignette1_files/figure-html/unnamed-chunk-4-1.png
288x288 pixels, 8 bits/pixel, 249 colors in palette
Reducing image to 8 bits/pixel, grayscale
Input IDAT size = 3621 bytes
Input file size = 4458 bytes
Trying:
zc = 9 zm = 8 zs = 0 f = 0 IDAT size = 3213
zc = 9 zm = 8 zs = 1 f = 0
zc = 1 zm = 8 zs = 2 f = 0
zc = 9 zm = 8 zs = 3 f = 0
zc = 9 zm = 8 zs = 0 f = 5
zc = 9 zm = 8 zs = 1 f = 5
zc = 1 zm = 8 zs = 2 f = 5
zc = 9 zm = 8 zs = 3 f = 5
Selecting parameters:
zc = 9 zm = 8 zs = 0 f = 0 IDAT size = 3213
Output IDAT size = 3213 bytes (408 bytes decrease)
Output file size = 3291 bytes (1167 bytes = 26.18% decrease)
** Processing: /home/hornik/tmp/R.check/r-patched-gcc/Work/PKGS/superb.Rcheck/vign_test/superb/vignettes/Vignette1_files/figure-html/unnamed-chunk-5-1.png
384x288 pixels, 8 bits/pixel, 256 colors in palette
Reducing image to 8 bits/pixel, grayscale
Input IDAT size = 6540 bytes
Input file size = 7398 bytes
Trying:
zc = 9 zm = 8 zs = 0 f = 0 IDAT size = 5968
zc = 9 zm = 8 zs = 1 f = 0 IDAT size = 5904
zc = 1 zm = 8 zs = 2 f = 0
zc = 9 zm = 8 zs = 3 f = 0
zc = 9 zm = 8 zs = 0 f = 5
zc = 9 zm = 8 zs = 1 f = 5
zc = 1 zm = 8 zs = 2 f = 5
zc = 9 zm = 8 zs = 3 f = 5
Selecting parameters:
zc = 9 zm = 8 zs = 1 f = 0 IDAT size = 5904
Output IDAT size = 5904 bytes (636 bytes decrease)
Output file size = 5982 bytes (1416 bytes = 19.14% decrease)
** Processing: /home/hornik/tmp/R.check/r-patched-gcc/Work/PKGS/superb.Rcheck/vign_test/superb/vignettes/Vignette1_files/figure-html/unnamed-chunk-7-1.png
384x288 pixels, 8 bits/pixel, 256 colors in palette
Reducing image to 8 bits/pixel, grayscale
Input IDAT size = 6532 bytes
Input file size = 7390 bytes
Trying:
zc = 9 zm = 8 zs = 0 f = 0 IDAT size = 5966
zc = 9 zm = 8 zs = 1 f = 0 IDAT size = 5939
zc = 1 zm = 8 zs = 2 f = 0
zc = 9 zm = 8 zs = 3 f = 0
zc = 9 zm = 8 zs = 0 f = 5
zc = 9 zm = 8 zs = 1 f = 5
zc = 1 zm = 8 zs = 2 f = 5
zc = 9 zm = 8 zs = 3 f = 5
Selecting parameters:
zc = 9 zm = 8 zs = 1 f = 0 IDAT size = 5939
Output IDAT size = 5939 bytes (593 bytes decrease)
Output file size = 6017 bytes (1373 bytes = 18.58% decrease)
** Processing: /home/hornik/tmp/R.check/r-patched-gcc/Work/PKGS/superb.Rcheck/vign_test/superb/vignettes/Vignette1_files/figure-html/unnamed-chunk-8-1.png
384x288 pixels, 8 bits/pixel, 256 colors in palette
Reducing image to 8 bits/pixel, grayscale
Input IDAT size = 6923 bytes
Input file size = 7781 bytes
Trying:
zc = 9 zm = 8 zs = 0 f = 0 IDAT size = 6345
zc = 9 zm = 8 zs = 1 f = 0 IDAT size = 6293
zc = 1 zm = 8 zs = 2 f = 0
zc = 9 zm = 8 zs = 3 f = 0
zc = 9 zm = 8 zs = 0 f = 5
zc = 9 zm = 8 zs = 1 f = 5
zc = 1 zm = 8 zs = 2 f = 5
zc = 9 zm = 8 zs = 3 f = 5
Selecting parameters:
zc = 9 zm = 8 zs = 1 f = 0 IDAT size = 6293
Output IDAT size = 6293 bytes (630 bytes decrease)
Output file size = 6371 bytes (1410 bytes = 18.12% decrease)
** Processing: /home/hornik/tmp/R.check/r-patched-gcc/Work/PKGS/superb.Rcheck/vign_test/superb/vignettes/Vignette1_files/figure-html/unnamed-chunk-10-1.png
384x288 pixels, 8 bits/pixel, 256 colors in palette
Reducing image to 8 bits/pixel, grayscale
Input IDAT size = 7071 bytes
Input file size = 7929 bytes
Trying:
zc = 9 zm = 8 zs = 0 f = 0 IDAT size = 6497
zc = 9 zm = 8 zs = 1 f = 0 IDAT size = 6455
zc = 1 zm = 8 zs = 2 f = 0
zc = 9 zm = 8 zs = 3 f = 0
zc = 9 zm = 8 zs = 0 f = 5
zc = 9 zm = 8 zs = 1 f = 5
zc = 1 zm = 8 zs = 2 f = 5
zc = 9 zm = 8 zs = 3 f = 5
Selecting parameters:
zc = 9 zm = 8 zs = 1 f = 0 IDAT size = 6455
Output IDAT size = 6455 bytes (616 bytes decrease)
Output file size = 6533 bytes (1396 bytes = 17.61% decrease)
--- finished re-building ‘Vignette1.Rmd’
--- re-building ‘Vignette2.Rmd’ using rmarkdown
** Processing: /home/hornik/tmp/R.check/r-patched-gcc/Work/PKGS/superb.Rcheck/vign_test/superb/vignettes/Vignette2_files/figure-html/unnamed-chunk-2-1.png
288x384 pixels, 8 bits/pixel, 255 colors in palette
Reducing image to 8 bits/pixel, grayscale
Input IDAT size = 5866 bytes
Input file size = 6721 bytes
Trying:
zc = 9 zm = 8 zs = 0 f = 0 IDAT size = 5218
zc = 9 zm = 8 zs = 1 f = 0
zc = 1 zm = 8 zs = 2 f = 0
zc = 9 zm = 8 zs = 3 f = 0
zc = 9 zm = 8 zs = 0 f = 5
zc = 9 zm = 8 zs = 1 f = 5
zc = 1 zm = 8 zs = 2 f = 5
zc = 9 zm = 8 zs = 3 f = 5
Selecting parameters:
zc = 9 zm = 8 zs = 0 f = 0 IDAT size = 5218
Output IDAT size = 5218 bytes (648 bytes decrease)
Output file size = 5296 bytes (1425 bytes = 21.20% decrease)
** Processing: /home/hornik/tmp/R.check/r-patched-gcc/Work/PKGS/superb.Rcheck/vign_test/superb/vignettes/Vignette2_files/figure-html/unnamed-chunk-6-1.png
288x384 pixels, 8 bits/pixel, 256 colors in palette
Reducing image to 8 bits/pixel, grayscale
Input IDAT size = 6039 bytes
Input file size = 6897 bytes
Trying:
zc = 9 zm = 8 zs = 0 f = 0 IDAT size = 5418
zc = 9 zm = 8 zs = 1 f = 0
zc = 1 zm = 8 zs = 2 f = 0
zc = 9 zm = 8 zs = 3 f = 0
zc = 9 zm = 8 zs = 0 f = 5
zc = 9 zm = 8 zs = 1 f = 5
zc = 1 zm = 8 zs = 2 f = 5
zc = 9 zm = 8 zs = 3 f = 5
Selecting parameters:
zc = 9 zm = 8 zs = 0 f = 0 IDAT size = 5418
Output IDAT size = 5418 bytes (621 bytes decrease)
Output file size = 5496 bytes (1401 bytes = 20.31% decrease)
** Processing: /home/hornik/tmp/R.check/r-patched-gcc/Work/PKGS/superb.Rcheck/vign_test/superb/vignettes/Vignette2_files/figure-html/unnamed-chunk-7-1.png
288x384 pixels, 8 bits/pixel, 256 colors in palette
Reducing image to 8 bits/pixel, grayscale
Input IDAT size = 6111 bytes
Input file size = 6969 bytes
Trying:
zc = 9 zm = 8 zs = 0 f = 0 IDAT size = 5762
zc = 9 zm = 8 zs = 1 f = 0 IDAT size = 5741
zc = 1 zm = 8 zs = 2 f = 0
zc = 9 zm = 8 zs = 3 f = 0
zc = 9 zm = 8 zs = 0 f = 5
zc = 9 zm = 8 zs = 1 f = 5
zc = 1 zm = 8 zs = 2 f = 5
zc = 9 zm = 8 zs = 3 f = 5
Selecting parameters:
zc = 9 zm = 8 zs = 1 f = 0 IDAT size = 5741
Output IDAT size = 5741 bytes (370 bytes decrease)
Output file size = 5819 bytes (1150 bytes = 16.50% decrease)
** Processing: /home/hornik/tmp/R.check/r-patched-gcc/Work/PKGS/superb.Rcheck/vign_test/superb/vignettes/Vignette2_files/figure-html/unnamed-chunk-8-1.png
576x384 pixels, 3x8 bits/pixel, RGB
Input IDAT size = 18236 bytes
Input file size = 18338 bytes
Trying:
zc = 9 zm = 8 zs = 0 f = 0 IDAT size = 14446
zc = 9 zm = 8 zs = 1 f = 0
zc = 1 zm = 8 zs = 2 f = 0
zc = 9 zm = 8 zs = 3 f = 0
zc = 9 zm = 8 zs = 0 f = 5
zc = 9 zm = 8 zs = 1 f = 5
zc = 1 zm = 8 zs = 2 f = 5
zc = 9 zm = 8 zs = 3 f = 5
Selecting parameters:
zc = 9 zm = 8 zs = 0 f = 0 IDAT size = 14446
Output IDAT size = 14446 bytes (3790 bytes decrease)
Output file size = 14524 bytes (3814 bytes = 20.80% decrease)
--- finished re-building ‘Vignette2.Rmd’
--- re-building ‘Vignette3.Rmd’ using rmarkdown
** Processing: /home/hornik/tmp/R.check/r-patched-gcc/Work/PKGS/superb.Rcheck/vign_test/superb/vignettes/Vignette3_files/figure-html/unnamed-chunk-5-1.png
384x288 pixels, 3x8 bits/pixel, RGB
Input IDAT size = 18873 bytes
Input file size = 18975 bytes
Trying:
zc = 9 zm = 8 zs = 0 f = 0 IDAT size = 14756
zc = 9 zm = 8 zs = 1 f = 0
zc = 1 zm = 8 zs = 2 f = 0
zc = 9 zm = 8 zs = 3 f = 0
zc = 9 zm = 8 zs = 0 f = 5
zc = 9 zm = 8 zs = 1 f = 5
zc = 1 zm = 8 zs = 2 f = 5
zc = 9 zm = 8 zs = 3 f = 5
Selecting parameters:
zc = 9 zm = 8 zs = 0 f = 0 IDAT size = 14756
Output IDAT size = 14756 bytes (4117 bytes decrease)
Output file size = 14834 bytes (4141 bytes = 21.82% decrease)
** Processing: /home/hornik/tmp/R.check/r-patched-gcc/Work/PKGS/superb.Rcheck/vign_test/superb/vignettes/Vignette3_files/figure-html/unnamed-chunk-6-1.png
384x288 pixels, 3x8 bits/pixel, RGB
Input IDAT size = 16982 bytes
Input file size = 17084 bytes
Trying:
zc = 9 zm = 8 zs = 0 f = 0 IDAT size = 15189
zc = 9 zm = 8 zs = 1 f = 0
zc = 1 zm = 8 zs = 2 f = 0
zc = 9 zm = 8 zs = 3 f = 0
zc = 9 zm = 8 zs = 0 f = 5
zc = 9 zm = 8 zs = 1 f = 5
zc = 1 zm = 8 zs = 2 f = 5
zc = 9 zm = 8 zs = 3 f = 5
Selecting parameters:
zc = 9 zm = 8 zs = 0 f = 0 IDAT size = 15189
Output IDAT size = 15189 bytes (1793 bytes decrease)
Output file size = 15267 bytes (1817 bytes = 10.64% decrease)
** Processing: /home/hornik/tmp/R.check/r-patched-gcc/Work/PKGS/superb.Rcheck/vign_test/superb/vignettes/Vignette3_files/figure-html/unnamed-chunk-9-1.png
384x288 pixels, 8 bits/pixel, 245 colors in palette
Reducing image to 8 bits/pixel, grayscale
Input IDAT size = 3137 bytes
Input file size = 3962 bytes
Trying:
zc = 9 zm = 8 zs = 0 f = 0 IDAT size = 2772
zc = 9 zm = 8 zs = 1 f = 0
zc = 1 zm = 8 zs = 2 f = 0
zc = 9 zm = 8 zs = 3 f = 0
zc = 9 zm = 8 zs = 0 f = 5
zc = 9 zm = 8 zs = 1 f = 5
zc = 1 zm = 8 zs = 2 f = 5
zc = 9 zm = 8 zs = 3 f = 5
Selecting parameters:
zc = 9 zm = 8 zs = 0 f = 0 IDAT size = 2772
Output IDAT size = 2772 bytes (365 bytes decrease)
Output file size = 2850 bytes (1112 bytes = 28.07% decrease)
** Processing: /home/hornik/tmp/R.check/r-patched-gcc/Work/PKGS/superb.Rcheck/vign_test/superb/vignettes/Vignette3_files/figure-html/unnamed-chunk-10-1.png
384x288 pixels, 8 bits/pixel, 256 colors in palette
Reducing image to 8 bits/pixel, grayscale
Input IDAT size = 6208 bytes
Input file size = 7066 bytes
Trying:
zc = 9 zm = 8 zs = 0 f = 0 IDAT size = 5762
zc = 9 zm = 8 zs = 1 f = 0
zc = 1 zm = 8 zs = 2 f = 0
zc = 9 zm = 8 zs = 3 f = 0
zc = 9 zm = 8 zs = 0 f = 5
zc = 9 zm = 8 zs = 1 f = 5
zc = 1 zm = 8 zs = 2 f = 5
zc = 9 zm = 8 zs = 3 f = 5
Selecting parameters:
zc = 9 zm = 8 zs = 0 f = 0 IDAT size = 5762
Output IDAT size = 5762 bytes (446 bytes decrease)
Output file size = 5840 bytes (1226 bytes = 17.35% decrease)
** Processing: /home/hornik/tmp/R.check/r-patched-gcc/Work/PKGS/superb.Rcheck/vign_test/superb/vignettes/Vignette3_files/figure-html/unnamed-chunk-11-1.png
384x288 pixels, 3x8 bits/pixel, RGB
Input IDAT size = 21810 bytes
Input file size = 21912 bytes
Trying:
zc = 9 zm = 8 zs = 0 f = 0 IDAT size = 16796
zc = 9 zm = 8 zs = 1 f = 0
zc = 1 zm = 8 zs = 2 f = 0
zc = 9 zm = 8 zs = 3 f = 0
zc = 9 zm = 8 zs = 0 f = 5
zc = 9 zm = 8 zs = 1 f = 5
zc = 1 zm = 8 zs = 2 f = 5
zc = 9 zm = 8 zs = 3 f = 5
Selecting parameters:
zc = 9 zm = 8 zs = 0 f = 0 IDAT size = 16796
Output IDAT size = 16796 bytes (5014 bytes decrease)
Output file size = 16874 bytes (5038 bytes = 22.99% decrease)
** Processing: /home/hornik/tmp/R.check/r-patched-gcc/Work/PKGS/superb.Rcheck/vign_test/superb/vignettes/Vignette3_files/figure-html/unnamed-chunk-12-1.png
384x288 pixels, 8 bits/pixel, 256 colors in palette
Reducing image to 8 bits/pixel, grayscale
Input IDAT size = 10335 bytes
Input file size = 11205 bytes
Trying:
zc = 9 zm = 8 zs = 0 f = 0 IDAT size = 9631
zc = 9 zm = 8 zs = 1 f = 0
zc = 1 zm = 8 zs = 2 f = 0
zc = 9 zm = 8 zs = 3 f = 0
zc = 9 zm = 8 zs = 0 f = 5
zc = 9 zm = 8 zs = 1 f = 5
zc = 1 zm = 8 zs = 2 f = 5
zc = 9 zm = 8 zs = 3 f = 5
Selecting parameters:
zc = 9 zm = 8 zs = 0 f = 0 IDAT size = 9631
Output IDAT size = 9631 bytes (704 bytes decrease)
Output file size = 9709 bytes (1496 bytes = 13.35% decrease)
** Processing: /home/hornik/tmp/R.check/r-patched-gcc/Work/PKGS/superb.Rcheck/vign_test/superb/vignettes/Vignette3_files/figure-html/unnamed-chunk-13-1.png
384x288 pixels, 3x8 bits/pixel, RGB
Input IDAT size = 33115 bytes
Input file size = 33241 bytes
Trying:
zc = 9 zm = 8 zs = 0 f = 0 IDAT size = 26619
zc = 9 zm = 8 zs = 1 f = 0
zc = 1 zm = 8 zs = 2 f = 0
zc = 9 zm = 8 zs = 3 f = 0
zc = 9 zm = 8 zs = 0 f = 5
zc = 9 zm = 8 zs = 1 f = 5
zc = 1 zm = 8 zs = 2 f = 5
zc = 9 zm = 8 zs = 3 f = 5
Selecting parameters:
zc = 9 zm = 8 zs = 0 f = 0 IDAT size = 26619
Output IDAT size = 26619 bytes (6496 bytes decrease)
Output file size = 26697 bytes (6544 bytes = 19.69% decrease)
--- finished re-building ‘Vignette3.Rmd’
--- re-building ‘Vignette4.Rmd’ using rmarkdown
** Processing: /home/hornik/tmp/R.check/r-patched-gcc/Work/PKGS/superb.Rcheck/vign_test/superb/vignettes/Vignette4_files/figure-html/unnamed-chunk-2-1.png
576x384 pixels, 3x8 bits/pixel, RGB
Input IDAT size = 37712 bytes
Input file size = 37838 bytes
Trying:
zc = 9 zm = 8 zs = 0 f = 0 IDAT size = 29203
zc = 9 zm = 8 zs = 1 f = 0
zc = 1 zm = 8 zs = 2 f = 0
zc = 9 zm = 8 zs = 3 f = 0
zc = 9 zm = 8 zs = 0 f = 5
zc = 9 zm = 8 zs = 1 f = 5
zc = 1 zm = 8 zs = 2 f = 5
zc = 9 zm = 8 zs = 3 f = 5
Selecting parameters:
zc = 9 zm = 8 zs = 0 f = 0 IDAT size = 29203
Output IDAT size = 29203 bytes (8509 bytes decrease)
Output file size = 29281 bytes (8557 bytes = 22.61% decrease)
** Processing: /home/hornik/tmp/R.check/r-patched-gcc/Work/PKGS/superb.Rcheck/vign_test/superb/vignettes/Vignette4_files/figure-html/unnamed-chunk-7-1.png
288x384 pixels, 8 bits/pixel, 256 colors in palette
Reducing image to 8 bits/pixel, grayscale
Input IDAT size = 4870 bytes
Input file size = 5728 bytes
Trying:
zc = 9 zm = 8 zs = 0 f = 0 IDAT size = 4264
zc = 9 zm = 8 zs = 1 f = 0 IDAT size = 4264
zc = 1 zm = 8 zs = 2 f = 0
zc = 9 zm = 8 zs = 3 f = 0
zc = 9 zm = 8 zs = 0 f = 5
zc = 9 zm = 8 zs = 1 f = 5
zc = 1 zm = 8 zs = 2 f = 5
zc = 9 zm = 8 zs = 3 f = 5
Selecting parameters:
zc = 9 zm = 8 zs = 1 f = 0 IDAT size = 4264
Output IDAT size = 4264 bytes (606 bytes decrease)
Output file size = 4342 bytes (1386 bytes = 24.20% decrease)
** Processing: /home/hornik/tmp/R.check/r-patched-gcc/Work/PKGS/superb.Rcheck/vign_test/superb/vignettes/Vignette4_files/figure-html/unnamed-chunk-9-1.png
288x384 pixels, 8 bits/pixel, 256 colors in palette
Reducing image to 8 bits/pixel, grayscale
Input IDAT size = 5819 bytes
Input file size = 6677 bytes
Trying:
zc = 9 zm = 8 zs = 0 f = 0 IDAT size = 5223
zc = 9 zm = 8 zs = 1 f = 0 IDAT size = 5221
zc = 1 zm = 8 zs = 2 f = 0
zc = 9 zm = 8 zs = 3 f = 0
zc = 9 zm = 8 zs = 0 f = 5
zc = 9 zm = 8 zs = 1 f = 5
zc = 1 zm = 8 zs = 2 f = 5
zc = 9 zm = 8 zs = 3 f = 5
Selecting parameters:
zc = 9 zm = 8 zs = 1 f = 0 IDAT size = 5221
Output IDAT size = 5221 bytes (598 bytes decrease)
Output file size = 5299 bytes (1378 bytes = 20.64% decrease)
** Processing: /home/hornik/tmp/R.check/r-patched-gcc/Work/PKGS/superb.Rcheck/vign_test/superb/vignettes/Vignette4_files/figure-html/unnamed-chunk-11-1.png
576x384 pixels, 8 bits/pixel, 256 colors in palette
Reducing image to 8 bits/pixel, grayscale
Input IDAT size = 7897 bytes
Input file size = 8755 bytes
Trying:
zc = 9 zm = 8 zs = 0 f = 0 IDAT size = 7047
zc = 9 zm = 8 zs = 1 f = 0
zc = 1 zm = 8 zs = 2 f = 0
zc = 9 zm = 8 zs = 3 f = 0
zc = 9 zm = 8 zs = 0 f = 5
zc = 9 zm = 8 zs = 1 f = 5
zc = 1 zm = 8 zs = 2 f = 5
zc = 9 zm = 8 zs = 3 f = 5
Selecting parameters:
zc = 9 zm = 8 zs = 0 f = 0 IDAT size = 7047
Output IDAT size = 7047 bytes (850 bytes decrease)
Output file size = 7125 bytes (1630 bytes = 18.62% decrease)
--- finished re-building ‘Vignette4.Rmd’
--- re-building ‘Vignette5.Rmd’ using rmarkdown
** Processing: /home/hornik/tmp/R.check/r-patched-gcc/Work/PKGS/superb.Rcheck/vign_test/superb/vignettes/Vignette5_files/figure-html/unnamed-chunk-5-1.png
672x672 pixels, 3x8 bits/pixel, RGB
Input IDAT size = 87868 bytes
Input file size = 88066 bytes
Trying:
zc = 9 zm = 8 zs = 0 f = 0 IDAT size = 78279
zc = 9 zm = 8 zs = 1 f = 0
zc = 1 zm = 8 zs = 2 f = 0
zc = 9 zm = 8 zs = 3 f = 0
zc = 9 zm = 8 zs = 0 f = 5
zc = 9 zm = 8 zs = 1 f = 5
zc = 1 zm = 8 zs = 2 f = 5
zc = 9 zm = 8 zs = 3 f = 5
Selecting parameters:
zc = 9 zm = 8 zs = 0 f = 0 IDAT size = 78279
Output IDAT size = 78279 bytes (9589 bytes decrease)
Output file size = 78357 bytes (9709 bytes = 11.02% decrease)
** Processing: /home/hornik/tmp/R.check/r-patched-gcc/Work/PKGS/superb.Rcheck/vign_test/superb/vignettes/Vignette5_files/figure-html/unnamed-chunk-6-1.png
672x336 pixels, 3x8 bits/pixel, RGB
Input IDAT size = 24887 bytes
Input file size = 25001 bytes
Trying:
zc = 9 zm = 8 zs = 0 f = 0 IDAT size = 22426
zc = 9 zm = 8 zs = 1 f = 0
zc = 1 zm = 8 zs = 2 f = 0
zc = 9 zm = 8 zs = 3 f = 0
zc = 9 zm = 8 zs = 0 f = 5
zc = 9 zm = 8 zs = 1 f = 5
zc = 1 zm = 8 zs = 2 f = 5
zc = 9 zm = 8 zs = 3 f = 5
Selecting parameters:
zc = 9 zm = 8 zs = 0 f = 0 IDAT size = 22426
Output IDAT size = 22426 bytes (2461 bytes decrease)
Output file size = 22504 bytes (2497 bytes = 9.99% decrease)
** Processing: /home/hornik/tmp/R.check/r-patched-gcc/Work/PKGS/superb.Rcheck/vign_test/superb/vignettes/Vignette5_files/figure-html/unnamed-chunk-7-1.png
480x288 pixels, 3x8 bits/pixel, RGB
Input IDAT size = 13508 bytes
Input file size = 13598 bytes
Trying:
zc = 9 zm = 8 zs = 0 f = 0 IDAT size = 10800
zc = 9 zm = 8 zs = 1 f = 0
zc = 1 zm = 8 zs = 2 f = 0
zc = 9 zm = 8 zs = 3 f = 0
zc = 9 zm = 8 zs = 0 f = 5
zc = 9 zm = 8 zs = 1 f = 5
zc = 1 zm = 8 zs = 2 f = 5
zc = 9 zm = 8 zs = 3 f = 5
Selecting parameters:
zc = 9 zm = 8 zs = 0 f = 0 IDAT size = 10800
Output IDAT size = 10800 bytes (2708 bytes decrease)
Output file size = 10878 bytes (2720 bytes = 20.00% decrease)
** Processing: /home/hornik/tmp/R.check/r-patched-gcc/Work/PKGS/superb.Rcheck/vign_test/superb/vignettes/Vignette5_files/figure-html/unnamed-chunk-8-1.png
672x672 pixels, 3x8 bits/pixel, RGB
Input IDAT size = 96388 bytes
Input file size = 96598 bytes
Trying:
zc = 9 zm = 8 zs = 0 f = 0 IDAT size = 83263
zc = 9 zm = 8 zs = 1 f = 0
zc = 1 zm = 8 zs = 2 f = 0
zc = 9 zm = 8 zs = 3 f = 0
zc = 9 zm = 8 zs = 0 f = 5
zc = 9 zm = 8 zs = 1 f = 5
zc = 1 zm = 8 zs = 2 f = 5
zc = 9 zm = 8 zs = 3 f = 5
Selecting parameters:
zc = 9 zm = 8 zs = 0 f = 0 IDAT size = 83263
Output IDAT size = 83263 bytes (13125 bytes decrease)
Output file size = 83341 bytes (13257 bytes = 13.72% decrease)
** Processing: /home/hornik/tmp/R.check/r-patched-gcc/Work/PKGS/superb.Rcheck/vign_test/superb/vignettes/Vignette5_files/figure-html/unnamed-chunk-10-1.png
384x288 pixels, 8 bits/pixel, 255 colors in palette
Reducing image to 8 bits/pixel, grayscale
Input IDAT size = 5929 bytes
Input file size = 6784 bytes
Trying:
zc = 9 zm = 8 zs = 0 f = 0 IDAT size = 5341
zc = 9 zm = 8 zs = 1 f = 0
zc = 1 zm = 8 zs = 2 f = 0
zc = 9 zm = 8 zs = 3 f = 0
zc = 9 zm = 8 zs = 0 f = 5
zc = 9 zm = 8 zs = 1 f = 5
zc = 1 zm = 8 zs = 2 f = 5
zc = 9 zm = 8 zs = 3 f = 5
Selecting parameters:
zc = 9 zm = 8 zs = 0 f = 0 IDAT size = 5341
Output IDAT size = 5341 bytes (588 bytes decrease)
Output file size = 5419 bytes (1365 bytes = 20.12% decrease)
** Processing: /home/hornik/tmp/R.check/r-patched-gcc/Work/PKGS/superb.Rcheck/vign_test/superb/vignettes/Vignette5_files/figure-html/unnamed-chunk-13-1.png
288x288 pixels, 8 bits/pixel, 255 colors in palette
Reducing image to 8 bits/pixel, grayscale
Input IDAT size = 5596 bytes
Input file size = 6451 bytes
Trying:
zc = 9 zm = 8 zs = 0 f = 0 IDAT size = 5091
zc = 9 zm = 8 zs = 1 f = 0 IDAT size = 5089
zc = 1 zm = 8 zs = 2 f = 0
zc = 9 zm = 8 zs = 3 f = 0
zc = 9 zm = 8 zs = 0 f = 5
zc = 9 zm = 8 zs = 1 f = 5
zc = 1 zm = 8 zs = 2 f = 5
zc = 9 zm = 8 zs = 3 f = 5
Selecting parameters:
zc = 9 zm = 8 zs = 1 f = 0 IDAT size = 5089
Output IDAT size = 5089 bytes (507 bytes decrease)
Output file size = 5167 bytes (1284 bytes = 19.90% decrease)
** Processing: /home/hornik/tmp/R.check/r-patched-gcc/Work/PKGS/superb.Rcheck/vign_test/superb/vignettes/Vignette5_files/figure-html/unnamed-chunk-18-1.png
288x288 pixels, 8 bits/pixel, 5 colors in palette
Reducing image to 4 bits/pixel, 5 colors in palette
Input IDAT size = 585 bytes
Input file size = 690 bytes
Trying:
zc = 9 zm = 8 zs = 0 f = 0 IDAT size = 211
zc = 9 zm = 8 zs = 1 f = 0 IDAT size = 211
zc = 1 zm = 8 zs = 2 f = 0
zc = 9 zm = 8 zs = 3 f = 0
zc = 9 zm = 8 zs = 0 f = 5
zc = 9 zm = 8 zs = 1 f = 5
zc = 1 zm = 8 zs = 2 f = 5
zc = 9 zm = 8 zs = 3 f = 5
Selecting parameters:
zc = 9 zm = 8 zs = 1 f = 0 IDAT size = 211
Output IDAT size = 211 bytes (374 bytes decrease)
Output file size = 316 bytes (374 bytes = 54.20% decrease)
** Processing: /home/hornik/tmp/R.check/r-patched-gcc/Work/PKGS/superb.Rcheck/vign_test/superb/vignettes/Vignette5_files/figure-html/unnamed-chunk-19-1.png
288x288 pixels, 8 bits/pixel, 255 colors in palette
Reducing image to 8 bits/pixel, grayscale
Input IDAT size = 5596 bytes
Input file size = 6451 bytes
Trying:
zc = 9 zm = 8 zs = 0 f = 0 IDAT size = 5091
zc = 9 zm = 8 zs = 1 f = 0 IDAT size = 5089
zc = 1 zm = 8 zs = 2 f = 0
zc = 9 zm = 8 zs = 3 f = 0
zc = 9 zm = 8 zs = 0 f = 5
zc = 9 zm = 8 zs = 1 f = 5
zc = 1 zm = 8 zs = 2 f = 5
zc = 9 zm = 8 zs = 3 f = 5
Selecting parameters:
zc = 9 zm = 8 zs = 1 f = 0 IDAT size = 5089
Output IDAT size = 5089 bytes (507 bytes decrease)
Output file size = 5167 bytes (1284 bytes = 19.90% decrease)
** Processing: /home/hornik/tmp/R.check/r-patched-gcc/Work/PKGS/superb.Rcheck/vign_test/superb/vignettes/Vignette5_files/figure-html/unnamed-chunk-23-1.png
384x288 pixels, 3x8 bits/pixel, RGB
Input IDAT size = 118588 bytes
Input file size = 118834 bytes
Trying:
zc = 9 zm = 8 zs = 0 f = 0 IDAT size = 101188
zc = 9 zm = 8 zs = 1 f = 0
zc = 1 zm = 8 zs = 2 f = 0
zc = 9 zm = 8 zs = 3 f = 0
zc = 9 zm = 8 zs = 0 f = 5
zc = 9 zm = 8 zs = 1 f = 5
zc = 1 zm = 8 zs = 2 f = 5
zc = 9 zm = 8 zs = 3 f = 5
Selecting parameters:
zc = 9 zm = 8 zs = 0 f = 0 IDAT size = 101188
Output IDAT size = 101188 bytes (17400 bytes decrease)
Output file size = 101266 bytes (17568 bytes = 14.78% decrease)
--- finished re-building ‘Vignette5.Rmd’
--- re-building ‘Vignette6.Rmd’ using rmarkdown
** Processing: /home/hornik/tmp/R.check/r-patched-gcc/Work/PKGS/superb.Rcheck/vign_test/superb/vignettes/Vignette6_files/figure-html/unnamed-chunk-9-1.png
288x216 pixels, 8 bits/pixel, 256 colors in palette
Reducing image to 8 bits/pixel, grayscale
Input IDAT size = 3225 bytes
Input file size = 4083 bytes
Trying:
zc = 9 zm = 8 zs = 0 f = 0 IDAT size = 2876
zc = 9 zm = 8 zs = 1 f = 0
zc = 1 zm = 8 zs = 2 f = 0
zc = 9 zm = 8 zs = 3 f = 0
zc = 9 zm = 8 zs = 0 f = 5
zc = 9 zm = 8 zs = 1 f = 5
zc = 1 zm = 8 zs = 2 f = 5
zc = 9 zm = 8 zs = 3 f = 5
Selecting parameters:
zc = 9 zm = 8 zs = 0 f = 0 IDAT size = 2876
Output IDAT size = 2876 bytes (349 bytes decrease)
Output file size = 2954 bytes (1129 bytes = 27.65% decrease)
** Processing: /home/hornik/tmp/R.check/r-patched-gcc/Work/PKGS/superb.Rcheck/vign_test/superb/vignettes/Vignette6_files/figure-html/unnamed-chunk-11-1.png
288x216 pixels, 8 bits/pixel, 247 colors in palette
Reducing image to 8 bits/pixel, grayscale
Input IDAT size = 6860 bytes
Input file size = 7691 bytes
Trying:
zc = 9 zm = 8 zs = 0 f = 0 IDAT size = 6439
zc = 9 zm = 8 zs = 1 f = 0
zc = 1 zm = 8 zs = 2 f = 0
zc = 9 zm = 8 zs = 3 f = 0
zc = 9 zm = 8 zs = 0 f = 5
zc = 9 zm = 8 zs = 1 f = 5
zc = 1 zm = 8 zs = 2 f = 5
zc = 9 zm = 8 zs = 3 f = 5
Selecting parameters:
zc = 9 zm = 8 zs = 0 f = 0 IDAT size = 6439
Output IDAT size = 6439 bytes (421 bytes decrease)
Output file size = 6517 bytes (1174 bytes = 15.26% decrease)
** Processing: /home/hornik/tmp/R.check/r-patched-gcc/Work/PKGS/superb.Rcheck/vign_test/superb/vignettes/Vignette6_files/figure-html/unnamed-chunk-12-1.png
288x216 pixels, 8 bits/pixel, 256 colors in palette
Reducing image to 8 bits/pixel, grayscale
Input IDAT size = 3690 bytes
Input file size = 4548 bytes
Trying:
zc = 9 zm = 8 zs = 0 f = 0 IDAT size = 3300
zc = 9 zm = 8 zs = 1 f = 0
zc = 1 zm = 8 zs = 2 f = 0
zc = 9 zm = 8 zs = 3 f = 0
zc = 9 zm = 8 zs = 0 f = 5
zc = 9 zm = 8 zs = 1 f = 5
zc = 1 zm = 8 zs = 2 f = 5
zc = 9 zm = 8 zs = 3 f = 5
Selecting parameters:
zc = 9 zm = 8 zs = 0 f = 0 IDAT size = 3300
Output IDAT size = 3300 bytes (390 bytes decrease)
Output file size = 3378 bytes (1170 bytes = 25.73% decrease)
** Processing: /home/hornik/tmp/R.check/r-patched-gcc/Work/PKGS/superb.Rcheck/vign_test/superb/vignettes/Vignette6_files/figure-html/unnamed-chunk-13-1.png
288x216 pixels, 3x8 bits/pixel, RGB
Input IDAT size = 11530 bytes
Input file size = 11620 bytes
Trying:
zc = 9 zm = 8 zs = 0 f = 0 IDAT size = 9379
zc = 9 zm = 8 zs = 1 f = 0
zc = 1 zm = 8 zs = 2 f = 0
zc = 9 zm = 8 zs = 3 f = 0
zc = 9 zm = 8 zs = 0 f = 5
zc = 9 zm = 8 zs = 1 f = 5
zc = 1 zm = 8 zs = 2 f = 5
zc = 9 zm = 8 zs = 3 f = 5
Selecting parameters:
zc = 9 zm = 8 zs = 0 f = 0 IDAT size = 9379
Output IDAT size = 9379 bytes (2151 bytes decrease)
Output file size = 9457 bytes (2163 bytes = 18.61% decrease)
** Processing: /home/hornik/tmp/R.check/r-patched-gcc/Work/PKGS/superb.Rcheck/vign_test/superb/vignettes/Vignette6_files/figure-html/unnamed-chunk-14-1.png
288x216 pixels, 3x8 bits/pixel, RGB
Input IDAT size = 10943 bytes
Input file size = 11033 bytes
Trying:
zc = 9 zm = 8 zs = 0 f = 0 IDAT size = 8720
zc = 9 zm = 8 zs = 1 f = 0
zc = 1 zm = 8 zs = 2 f = 0
zc = 9 zm = 8 zs = 3 f = 0
zc = 9 zm = 8 zs = 0 f = 5
zc = 9 zm = 8 zs = 1 f = 5
zc = 1 zm = 8 zs = 2 f = 5
zc = 9 zm = 8 zs = 3 f = 5
Selecting parameters:
zc = 9 zm = 8 zs = 0 f = 0 IDAT size = 8720
Output IDAT size = 8720 bytes (2223 bytes decrease)
Output file size = 8798 bytes (2235 bytes = 20.26% decrease)
** Processing: /home/hornik/tmp/R.check/r-patched-gcc/Work/PKGS/superb.Rcheck/vign_test/superb/vignettes/Vignette6_files/figure-html/unnamed-chunk-15-1.png
288x288 pixels, 8 bits/pixel, 256 colors in palette
Reducing image to 8 bits/pixel, grayscale
Input IDAT size = 13907 bytes
Input file size = 14777 bytes
Trying:
zc = 9 zm = 8 zs = 0 f = 0 IDAT size = 13084
zc = 9 zm = 8 zs = 1 f = 0 IDAT size = 13020
zc = 1 zm = 8 zs = 2 f = 0
zc = 9 zm = 8 zs = 3 f = 0
zc = 9 zm = 8 zs = 0 f = 5
zc = 9 zm = 8 zs = 1 f = 5
zc = 1 zm = 8 zs = 2 f = 5
zc = 9 zm = 8 zs = 3 f = 5
Selecting parameters:
zc = 9 zm = 8 zs = 1 f = 0 IDAT size = 13020
Output IDAT size = 13020 bytes (887 bytes decrease)
Output file size = 13098 bytes (1679 bytes = 11.36% decrease)
** Processing: /home/hornik/tmp/R.check/r-patched-gcc/Work/PKGS/superb.Rcheck/vign_test/superb/vignettes/Vignette6_files/figure-html/unnamed-chunk-16-1.png
288x288 pixels, 8 bits/pixel, 256 colors in palette
Reducing image to 8 bits/pixel, grayscale
Input IDAT size = 11326 bytes
Input file size = 12196 bytes
Trying:
zc = 9 zm = 8 zs = 0 f = 0 IDAT size = 10469
zc = 9 zm = 8 zs = 1 f = 0 IDAT size = 10452
zc = 1 zm = 8 zs = 2 f = 0
zc = 9 zm = 8 zs = 3 f = 0
zc = 9 zm = 8 zs = 0 f = 5
zc = 9 zm = 8 zs = 1 f = 5
zc = 1 zm = 8 zs = 2 f = 5
zc = 9 zm = 8 zs = 3 f = 5
Selecting parameters:
zc = 9 zm = 8 zs = 1 f = 0 IDAT size = 10452
Output IDAT size = 10452 bytes (874 bytes decrease)
Output file size = 10530 bytes (1666 bytes = 13.66% decrease)
** Processing: /home/hornik/tmp/R.check/r-patched-gcc/Work/PKGS/superb.Rcheck/vign_test/superb/vignettes/Vignette6_files/figure-html/unnamed-chunk-17-1.png
288x216 pixels, 8 bits/pixel, 256 colors in palette
Reducing image to 8 bits/pixel, grayscale
Input IDAT size = 4212 bytes
Input file size = 5070 bytes
Trying:
zc = 9 zm = 8 zs = 0 f = 0 IDAT size = 3770
zc = 9 zm = 8 zs = 1 f = 0
zc = 1 zm = 8 zs = 2 f = 0
zc = 9 zm = 8 zs = 3 f = 0
zc = 9 zm = 8 zs = 0 f = 5
zc = 9 zm = 8 zs = 1 f = 5
zc = 1 zm = 8 zs = 2 f = 5
zc = 9 zm = 8 zs = 3 f = 5
Selecting parameters:
zc = 9 zm = 8 zs = 0 f = 0 IDAT size = 3770
Output IDAT size = 3770 bytes (442 bytes decrease)
Output file size = 3848 bytes (1222 bytes = 24.10% decrease)
** Processing: /home/hornik/tmp/R.check/r-patched-gcc/Work/PKGS/superb.Rcheck/vign_test/superb/vignettes/Vignette6_files/figure-html/unnamed-chunk-18-1.png
288x216 pixels, 8 bits/pixel, 256 colors in palette
Reducing image to 8 bits/pixel, grayscale
Input IDAT size = 3954 bytes
Input file size = 4812 bytes
Trying:
zc = 9 zm = 8 zs = 0 f = 0 IDAT size = 3499
zc = 9 zm = 8 zs = 1 f = 0
zc = 1 zm = 8 zs = 2 f = 0
zc = 9 zm = 8 zs = 3 f = 0
zc = 9 zm = 8 zs = 0 f = 5
zc = 9 zm = 8 zs = 1 f = 5
zc = 1 zm = 8 zs = 2 f = 5
zc = 9 zm = 8 zs = 3 f = 5
Selecting parameters:
zc = 9 zm = 8 zs = 0 f = 0 IDAT size = 3499
Output IDAT size = 3499 bytes (455 bytes decrease)
Output file size = 3577 bytes (1235 bytes = 25.67% decrease)
--- finished re-building ‘Vignette6.Rmd’
--- re-building ‘Vignette7.Rmd’ using rmarkdown
** Processing: /home/hornik/tmp/R.check/r-patched-gcc/Work/PKGS/superb.Rcheck/vign_test/superb/vignettes/Vignette7_files/figure-html/unnamed-chunk-5-1.png
288x384 pixels, 8 bits/pixel, 242 colors in palette
Reducing image to 8 bits/pixel, grayscale
Input IDAT size = 3451 bytes
Input file size = 4267 bytes
Trying:
zc = 9 zm = 8 zs = 0 f = 0 IDAT size = 2926
zc = 9 zm = 8 zs = 1 f = 0
zc = 1 zm = 8 zs = 2 f = 0
zc = 9 zm = 8 zs = 3 f = 0
zc = 9 zm = 8 zs = 0 f = 5
zc = 9 zm = 8 zs = 1 f = 5
zc = 1 zm = 8 zs = 2 f = 5
zc = 9 zm = 8 zs = 3 f = 5
Selecting parameters:
zc = 9 zm = 8 zs = 0 f = 0 IDAT size = 2926
Output IDAT size = 2926 bytes (525 bytes decrease)
Output file size = 3004 bytes (1263 bytes = 29.60% decrease)
** Processing: /home/hornik/tmp/R.check/r-patched-gcc/Work/PKGS/superb.Rcheck/vign_test/superb/vignettes/Vignette7_files/figure-html/unnamed-chunk-7-1.png
288x384 pixels, 8 bits/pixel, 247 colors in palette
Reducing image to 8 bits/pixel, grayscale
Input IDAT size = 3561 bytes
Input file size = 4392 bytes
Trying:
zc = 9 zm = 8 zs = 0 f = 0 IDAT size = 3017
zc = 9 zm = 8 zs = 1 f = 0
zc = 1 zm = 8 zs = 2 f = 0
zc = 9 zm = 8 zs = 3 f = 0
zc = 9 zm = 8 zs = 0 f = 5
zc = 9 zm = 8 zs = 1 f = 5
zc = 1 zm = 8 zs = 2 f = 5
zc = 9 zm = 8 zs = 3 f = 5
Selecting parameters:
zc = 9 zm = 8 zs = 0 f = 0 IDAT size = 3017
Output IDAT size = 3017 bytes (544 bytes decrease)
Output file size = 3095 bytes (1297 bytes = 29.53% decrease)
** Processing: /home/hornik/tmp/R.check/r-patched-gcc/Work/PKGS/superb.Rcheck/vign_test/superb/vignettes/Vignette7_files/figure-html/unnamed-chunk-8-1.png
288x384 pixels, 8 bits/pixel, 244 colors in palette
Reducing image to 8 bits/pixel, grayscale
Input IDAT size = 3551 bytes
Input file size = 4373 bytes
Trying:
zc = 9 zm = 8 zs = 0 f = 0 IDAT size = 3000
zc = 9 zm = 8 zs = 1 f = 0
zc = 1 zm = 8 zs = 2 f = 0
zc = 9 zm = 8 zs = 3 f = 0
zc = 9 zm = 8 zs = 0 f = 5
zc = 9 zm = 8 zs = 1 f = 5
zc = 1 zm = 8 zs = 2 f = 5
zc = 9 zm = 8 zs = 3 f = 5
Selecting parameters:
zc = 9 zm = 8 zs = 0 f = 0 IDAT size = 3000
Output IDAT size = 3000 bytes (551 bytes decrease)
Output file size = 3078 bytes (1295 bytes = 29.61% decrease)
** Processing: /home/hornik/tmp/R.check/r-patched-gcc/Work/PKGS/superb.Rcheck/vign_test/superb/vignettes/Vignette7_files/figure-html/unnamed-chunk-12-1.png
864x384 pixels, 3x8 bits/pixel, RGB
Input IDAT size = 28307 bytes
Input file size = 28421 bytes
Trying:
zc = 9 zm = 8 zs = 0 f = 0 IDAT size = 23538
zc = 9 zm = 8 zs = 1 f = 0
zc = 1 zm = 8 zs = 2 f = 0
zc = 9 zm = 8 zs = 3 f = 0
zc = 9 zm = 8 zs = 0 f = 5
zc = 9 zm = 8 zs = 1 f = 5
zc = 1 zm = 8 zs = 2 f = 5
zc = 9 zm = 8 zs = 3 f = 5
Selecting parameters:
zc = 9 zm = 8 zs = 0 f = 0 IDAT size = 23538
Output IDAT size = 23538 bytes (4769 bytes decrease)
Output file size = 23616 bytes (4805 bytes = 16.91% decrease)
--- finished re-building ‘Vignette7.Rmd’
--- re-building ‘Vignette8.Rmd’ using rmarkdown
** Processing: /home/hornik/tmp/R.check/r-patched-gcc/Work/PKGS/superb.Rcheck/vign_test/superb/vignettes/Vignette8_files/figure-html/unnamed-chunk-5-1.png
672x384 pixels, 3x8 bits/pixel, RGB
Input IDAT size = 28806 bytes
Input file size = 28920 bytes
Trying:
zc = 9 zm = 8 zs = 0 f = 0 IDAT size = 23246
zc = 9 zm = 8 zs = 1 f = 0
zc = 1 zm = 8 zs = 2 f = 0
zc = 9 zm = 8 zs = 3 f = 0
zc = 9 zm = 8 zs = 0 f = 5
zc = 9 zm = 8 zs = 1 f = 5
zc = 1 zm = 8 zs = 2 f = 5
zc = 9 zm = 8 zs = 3 f = 5
Selecting parameters:
zc = 9 zm = 8 zs = 0 f = 0 IDAT size = 23246
Output IDAT size = 23246 bytes (5560 bytes decrease)
Output file size = 23324 bytes (5596 bytes = 19.35% decrease)
--- finished re-building ‘Vignette8.Rmd’
--- re-building ‘Vignette9.Rmd’ using rmarkdown
** Processing: /home/hornik/tmp/R.check/r-patched-gcc/Work/PKGS/superb.Rcheck/vign_test/superb/vignettes/Vignette9_files/figure-html/unnamed-chunk-5-1.png
384x288 pixels, 8 bits/pixel, 255 colors in palette
Reducing image to 8 bits/pixel, grayscale
Input IDAT size = 5947 bytes
Input file size = 6802 bytes
Trying:
zc = 9 zm = 8 zs = 0 f = 0 IDAT size = 5346
zc = 9 zm = 8 zs = 1 f = 0
zc = 1 zm = 8 zs = 2 f = 0
zc = 9 zm = 8 zs = 3 f = 0
zc = 9 zm = 8 zs = 0 f = 5
zc = 9 zm = 8 zs = 1 f = 5
zc = 1 zm = 8 zs = 2 f = 5
zc = 9 zm = 8 zs = 3 f = 5
Selecting parameters:
zc = 9 zm = 8 zs = 0 f = 0 IDAT size = 5346
Output IDAT size = 5346 bytes (601 bytes decrease)
Output file size = 5424 bytes (1378 bytes = 20.26% decrease)
** Processing: /home/hornik/tmp/R.check/r-patched-gcc/Work/PKGS/superb.Rcheck/vign_test/superb/vignettes/Vignette9_files/figure-html/unnamed-chunk-11-1.png
384x288 pixels, 8 bits/pixel, 256 colors in palette
Reducing image to 8 bits/pixel, grayscale
Input IDAT size = 10111 bytes
Input file size = 10981 bytes
Trying:
zc = 9 zm = 8 zs = 0 f = 0 IDAT size = 9435
zc = 9 zm = 8 zs = 1 f = 0
zc = 1 zm = 8 zs = 2 f = 0
zc = 9 zm = 8 zs = 3 f = 0
zc = 9 zm = 8 zs = 0 f = 5
zc = 9 zm = 8 zs = 1 f = 5
zc = 1 zm = 8 zs = 2 f = 5
zc = 9 zm = 8 zs = 3 f = 5
Selecting parameters:
zc = 9 zm = 8 zs = 0 f = 0 IDAT size = 9435
Output IDAT size = 9435 bytes (676 bytes decrease)
Output file size = 9513 bytes (1468 bytes = 13.37% decrease)
--- finished re-building ‘Vignette9.Rmd’
--- re-building ‘VignetteA.Rmd’ using rmarkdown
** Processing: /home/hornik/tmp/R.check/r-patched-gcc/Work/PKGS/superb.Rcheck/vign_test/superb/vignettes/VignetteA_files/figure-html/unnamed-chunk-7-1.png
384x288 pixels, 8 bits/pixel, 254 colors in palette
Reducing image to 8 bits/pixel, grayscale
Input IDAT size = 4885 bytes
Input file size = 5737 bytes
Trying:
zc = 9 zm = 8 zs = 0 f = 0 IDAT size = 4324
zc = 9 zm = 8 zs = 1 f = 0
zc = 1 zm = 8 zs = 2 f = 0
zc = 9 zm = 8 zs = 3 f = 0
zc = 9 zm = 8 zs = 0 f = 5
zc = 9 zm = 8 zs = 1 f = 5
zc = 1 zm = 8 zs = 2 f = 5
zc = 9 zm = 8 zs = 3 f = 5
Selecting parameters:
zc = 9 zm = 8 zs = 0 f = 0 IDAT size = 4324
Output IDAT size = 4324 bytes (561 bytes decrease)
Output file size = 4402 bytes (1335 bytes = 23.27% decrease)
** Processing: /home/hornik/tmp/R.check/r-patched-gcc/Work/PKGS/superb.Rcheck/vign_test/superb/vignettes/VignetteA_files/figure-html/unnamed-chunk-10-1.png
384x288 pixels, 8 bits/pixel, 251 colors in palette
Reducing image to 8 bits/pixel, grayscale
Input IDAT size = 4285 bytes
Input file size = 5128 bytes
Trying:
zc = 9 zm = 8 zs = 0 f = 0 IDAT size = 3772
zc = 9 zm = 8 zs = 1 f = 0
zc = 1 zm = 8 zs = 2 f = 0
zc = 9 zm = 8 zs = 3 f = 0
zc = 9 zm = 8 zs = 0 f = 5
zc = 9 zm = 8 zs = 1 f = 5
zc = 1 zm = 8 zs = 2 f = 5
zc = 9 zm = 8 zs = 3 f = 5
Selecting parameters:
zc = 9 zm = 8 zs = 0 f = 0 IDAT size = 3772
Output IDAT size = 3772 bytes (513 bytes decrease)
Output file size = 3850 bytes (1278 bytes = 24.92% decrease)
** Processing: /home/hornik/tmp/R.check/r-patched-gcc/Work/PKGS/superb.Rcheck/vign_test/superb/vignettes/VignetteA_files/figure-html/unnamed-chunk-12-1.png
384x288 pixels, 8 bits/pixel, 250 colors in palette
Reducing image to 8 bits/pixel, grayscale
Input IDAT size = 4228 bytes
Input file size = 5068 bytes
Trying:
zc = 9 zm = 8 zs = 0 f = 0 IDAT size = 3716
zc = 9 zm = 8 zs = 1 f = 0
zc = 1 zm = 8 zs = 2 f = 0
zc = 9 zm = 8 zs = 3 f = 0
zc = 9 zm = 8 zs = 0 f = 5
zc = 9 zm = 8 zs = 1 f = 5
zc = 1 zm = 8 zs = 2 f = 5
zc = 9 zm = 8 zs = 3 f = 5
Selecting parameters:
zc = 9 zm = 8 zs = 0 f = 0 IDAT size = 3716
Output IDAT size = 3716 bytes (512 bytes decrease)
Output file size = 3794 bytes (1274 bytes = 25.14% decrease)
** Processing: /home/hornik/tmp/R.check/r-patched-gcc/Work/PKGS/superb.Rcheck/vign_test/superb/vignettes/VignetteA_files/figure-html/unnamed-chunk-15-1.png
384x288 pixels, 3x8 bits/pixel, RGB
Input IDAT size = 20491 bytes
Input file size = 20593 bytes
Trying:
zc = 9 zm = 8 zs = 0 f = 0 IDAT size = 16169
zc = 9 zm = 8 zs = 1 f = 0
zc = 1 zm = 8 zs = 2 f = 0
zc = 9 zm = 8 zs = 3 f = 0
zc = 9 zm = 8 zs = 0 f = 5
zc = 9 zm = 8 zs = 1 f = 5
zc = 1 zm = 8 zs = 2 f = 5
zc = 9 zm = 8 zs = 3 f = 5
Selecting parameters:
zc = 9 zm = 8 zs = 0 f = 0 IDAT size = 16169
Output IDAT size = 16169 bytes (4322 bytes decrease)
Output file size = 16247 bytes (4346 bytes = 21.10% decrease)
** Processing: /home/hornik/tmp/R.check/r-patched-gcc/Work/PKGS/superb.Rcheck/vign_test/superb/vignettes/VignetteA_files/figure-html/unnamed-chunk-16-1.png
384x288 pixels, 3x8 bits/pixel, RGB
Input IDAT size = 35844 bytes
Input file size = 35970 bytes
Trying:
zc = 9 zm = 8 zs = 0 f = 0 IDAT size = 28347
zc = 9 zm = 8 zs = 1 f = 0
zc = 1 zm = 8 zs = 2 f = 0
zc = 9 zm = 8 zs = 3 f = 0
zc = 9 zm = 8 zs = 0 f = 5
zc = 9 zm = 8 zs = 1 f = 5
zc = 1 zm = 8 zs = 2 f = 5
zc = 9 zm = 8 zs = 3 f = 5
Selecting parameters:
zc = 9 zm = 8 zs = 0 f = 0 IDAT size = 28347
Output IDAT size = 28347 bytes (7497 bytes decrease)
Output file size = 28425 bytes (7545 bytes = 20.98% decrease)
** Processing: /home/hornik/tmp/R.check/r-patched-gcc/Work/PKGS/superb.Rcheck/vign_test/superb/vignettes/VignetteA_files/figure-html/unnamed-chunk-17-1.png
384x288 pixels, 3x8 bits/pixel, RGB
Input IDAT size = 38540 bytes
Input file size = 38666 bytes
Trying:
zc = 9 zm = 8 zs = 0 f = 0 IDAT size = 30767
zc = 9 zm = 8 zs = 1 f = 0
zc = 1 zm = 8 zs = 2 f = 0
zc = 9 zm = 8 zs = 3 f = 0
zc = 9 zm = 8 zs = 0 f = 5
zc = 9 zm = 8 zs = 1 f = 5
zc = 1 zm = 8 zs = 2 f = 5
zc = 9 zm = 8 zs = 3 f = 5
Selecting parameters:
zc = 9 zm = 8 zs = 0 f = 0 IDAT size = 30767
Output IDAT size = 30767 bytes (7773 bytes decrease)
Output file size = 30845 bytes (7821 bytes = 20.23% decrease)
** Processing: /home/hornik/tmp/R.check/r-patched-gcc/Work/PKGS/superb.Rcheck/vign_test/superb/vignettes/VignetteA_files/figure-html/unnamed-chunk-19-1.png
384x288 pixels, 3x8 bits/pixel, RGB
Input IDAT size = 37358 bytes
Input file size = 37484 bytes
Trying:
zc = 9 zm = 8 zs = 0 f = 0 IDAT size = 30302
zc = 9 zm = 8 zs = 1 f = 0
zc = 1 zm = 8 zs = 2 f = 0
zc = 9 zm = 8 zs = 3 f = 0
zc = 9 zm = 8 zs = 0 f = 5
zc = 9 zm = 8 zs = 1 f = 5
zc = 1 zm = 8 zs = 2 f = 5
zc = 9 zm = 8 zs = 3 f = 5
Selecting parameters:
zc = 9 zm = 8 zs = 0 f = 0 IDAT size = 30302
Output IDAT size = 30302 bytes (7056 bytes decrease)
Output file size = 30380 bytes (7104 bytes = 18.95% decrease)
--- finished re-building ‘VignetteA.Rmd’
--- re-building ‘VignetteB.Rmd’ using rmarkdown
** Processing: /home/hornik/tmp/R.check/r-patched-gcc/Work/PKGS/superb.Rcheck/vign_test/superb/vignettes/VignetteB_files/figure-html/unnamed-chunk-3-1.png
384x288 pixels, 3x8 bits/pixel, RGB
Input IDAT size = 19192 bytes
Input file size = 19294 bytes
Trying:
zc = 9 zm = 8 zs = 0 f = 0 IDAT size = 15407
zc = 9 zm = 8 zs = 1 f = 0
zc = 1 zm = 8 zs = 2 f = 0
zc = 9 zm = 8 zs = 3 f = 0
zc = 9 zm = 8 zs = 0 f = 5
zc = 9 zm = 8 zs = 1 f = 5
zc = 1 zm = 8 zs = 2 f = 5
zc = 9 zm = 8 zs = 3 f = 5
Selecting parameters:
zc = 9 zm = 8 zs = 0 f = 0 IDAT size = 15407
Output IDAT size = 15407 bytes (3785 bytes decrease)
Output file size = 15485 bytes (3809 bytes = 19.74% decrease)
** Processing: /home/hornik/tmp/R.check/r-patched-gcc/Work/PKGS/superb.Rcheck/vign_test/superb/vignettes/VignetteB_files/figure-html/unnamed-chunk-5-1.png
384x288 pixels, 3x8 bits/pixel, RGB
Input IDAT size = 17157 bytes
Input file size = 17259 bytes
Trying:
zc = 9 zm = 8 zs = 0 f = 0 IDAT size = 13665
zc = 9 zm = 8 zs = 1 f = 0
zc = 1 zm = 8 zs = 2 f = 0
zc = 9 zm = 8 zs = 3 f = 0
zc = 9 zm = 8 zs = 0 f = 5
zc = 9 zm = 8 zs = 1 f = 5
zc = 1 zm = 8 zs = 2 f = 5
zc = 9 zm = 8 zs = 3 f = 5
Selecting parameters:
zc = 9 zm = 8 zs = 0 f = 0 IDAT size = 13665
Output IDAT size = 13665 bytes (3492 bytes decrease)
Output file size = 13743 bytes (3516 bytes = 20.37% decrease)
--- finished re-building ‘VignetteB.Rmd’
--- re-building ‘VignetteC.Rmd’ using rmarkdown
** Processing: /home/hornik/tmp/R.check/r-patched-gcc/Work/PKGS/superb.Rcheck/vign_test/superb/vignettes/VignetteC_files/figure-html/unnamed-chunk-6-1.png
288x288 pixels, 3x8 bits/pixel, RGB
Input IDAT size = 13340 bytes
Input file size = 13430 bytes
Trying:
zc = 9 zm = 8 zs = 0 f = 0 IDAT size = 10266
zc = 9 zm = 8 zs = 1 f = 0
zc = 1 zm = 8 zs = 2 f = 0
zc = 9 zm = 8 zs = 3 f = 0
zc = 9 zm = 8 zs = 0 f = 5
zc = 9 zm = 8 zs = 1 f = 5
zc = 1 zm = 8 zs = 2 f = 5
zc = 9 zm = 8 zs = 3 f = 5
Selecting parameters:
zc = 9 zm = 8 zs = 0 f = 0 IDAT size = 10266
Output IDAT size = 10266 bytes (3074 bytes decrease)
Output file size = 10344 bytes (3086 bytes = 22.98% decrease)
** Processing: /home/hornik/tmp/R.check/r-patched-gcc/Work/PKGS/superb.Rcheck/vign_test/superb/vignettes/VignetteC_files/figure-html/unnamed-chunk-8-1.png
288x288 pixels, 3x8 bits/pixel, RGB
Input IDAT size = 11279 bytes
Input file size = 11369 bytes
Trying:
zc = 9 zm = 8 zs = 0 f = 0 IDAT size = 8653
zc = 9 zm = 8 zs = 1 f = 0
zc = 1 zm = 8 zs = 2 f = 0
zc = 9 zm = 8 zs = 3 f = 0
zc = 9 zm = 8 zs = 0 f = 5
zc = 9 zm = 8 zs = 1 f = 5
zc = 1 zm = 8 zs = 2 f = 5
zc = 9 zm = 8 zs = 3 f = 5
Selecting parameters:
zc = 9 zm = 8 zs = 0 f = 0 IDAT size = 8653
Output IDAT size = 8653 bytes (2626 bytes decrease)
Output file size = 8731 bytes (2638 bytes = 23.20% decrease)
--- finished re-building ‘VignetteC.Rmd’
--- re-building ‘VignetteD.Rmd’ using rmarkdown
** Processing: /home/hornik/tmp/R.check/r-patched-gcc/Work/PKGS/superb.Rcheck/vign_test/superb/vignettes/VignetteD_files/figure-html/fig2-1.png
768x768 pixels, 3x8 bits/pixel, RGB
Input IDAT size = 131208 bytes
Input file size = 131478 bytes
Trying:
zc = 9 zm = 8 zs = 0 f = 0 IDAT size = 126753
zc = 9 zm = 8 zs = 1 f = 0
zc = 1 zm = 8 zs = 2 f = 0
zc = 9 zm = 8 zs = 3 f = 0
zc = 9 zm = 8 zs = 0 f = 5
zc = 9 zm = 8 zs = 1 f = 5
zc = 1 zm = 8 zs = 2 f = 5
zc = 9 zm = 8 zs = 3 f = 5
Selecting parameters:
zc = 9 zm = 8 zs = 0 f = 0 IDAT size = 126753
Output IDAT size = 126753 bytes (4455 bytes decrease)
Output file size = 126831 bytes (4647 bytes = 3.53% decrease)
--- finished re-building ‘VignetteD.Rmd’
--- re-building ‘VignetteE.Rmd’ using rmarkdown
** Processing: /home/hornik/tmp/R.check/r-patched-gcc/Work/PKGS/superb.Rcheck/vign_test/superb/vignettes/VignetteE_files/figure-html/unnamed-chunk-3-1.png
384x288 pixels, 3x8 bits/pixel, RGB
Input IDAT size = 11675 bytes
Input file size = 11765 bytes
Trying:
zc = 9 zm = 8 zs = 0 f = 0 IDAT size = 9669
zc = 9 zm = 8 zs = 1 f = 0
zc = 1 zm = 8 zs = 2 f = 0
zc = 9 zm = 8 zs = 3 f = 0
zc = 9 zm = 8 zs = 0 f = 5
zc = 9 zm = 8 zs = 1 f = 5
zc = 1 zm = 8 zs = 2 f = 5
zc = 9 zm = 8 zs = 3 f = 5
Selecting parameters:
zc = 9 zm = 8 zs = 0 f = 0 IDAT size = 9669
Output IDAT size = 9669 bytes (2006 bytes decrease)
Output file size = 9747 bytes (2018 bytes = 17.15% decrease)
** Processing: /home/hornik/tmp/R.check/r-patched-gcc/Work/PKGS/superb.Rcheck/vign_test/superb/vignettes/VignetteE_files/figure-html/unnamed-chunk-4-1.png
384x288 pixels, 3x8 bits/pixel, RGB
Input IDAT size = 12399 bytes
Input file size = 12489 bytes
Trying:
zc = 9 zm = 8 zs = 0 f = 0 IDAT size = 10180
zc = 9 zm = 8 zs = 1 f = 0
zc = 1 zm = 8 zs = 2 f = 0
zc = 9 zm = 8 zs = 3 f = 0
zc = 9 zm = 8 zs = 0 f = 5
zc = 9 zm = 8 zs = 1 f = 5
zc = 1 zm = 8 zs = 2 f = 5
zc = 9 zm = 8 zs = 3 f = 5
Selecting parameters:
zc = 9 zm = 8 zs = 0 f = 0 IDAT size = 10180
Output IDAT size = 10180 bytes (2219 bytes decrease)
Output file size = 10258 bytes (2231 bytes = 17.86% decrease)
** Processing: /home/hornik/tmp/R.check/r-patched-gcc/Work/PKGS/superb.Rcheck/vign_test/superb/vignettes/VignetteE_files/figure-html/unnamed-chunk-6-1.png
384x288 pixels, 3x8 bits/pixel, RGB
Input IDAT size = 11150 bytes
Input file size = 11240 bytes
Trying:
zc = 9 zm = 8 zs = 0 f = 0 IDAT size = 9225
zc = 9 zm = 8 zs = 1 f = 0
zc = 1 zm = 8 zs = 2 f = 0
zc = 9 zm = 8 zs = 3 f = 0
zc = 9 zm = 8 zs = 0 f = 5
zc = 9 zm = 8 zs = 1 f = 5
zc = 1 zm = 8 zs = 2 f = 5
zc = 9 zm = 8 zs = 3 f = 5
Selecting parameters:
zc = 9 zm = 8 zs = 0 f = 0 IDAT size = 9225
Output IDAT size = 9225 bytes (1925 bytes decrease)
Output file size = 9303 bytes (1937 bytes = 17.23% decrease)
** Processing: /home/hornik/tmp/R.check/r-patched-gcc/Work/PKGS/superb.Rcheck/vign_test/superb/vignettes/VignetteE_files/figure-html/unnamed-chunk-7-1.png
384x288 pixels, 3x8 bits/pixel, RGB
Input IDAT size = 16497 bytes
Input file size = 16599 bytes
Trying:
zc = 9 zm = 8 zs = 0 f = 0 IDAT size = 13265
zc = 9 zm = 8 zs = 1 f = 0
zc = 1 zm = 8 zs = 2 f = 0
zc = 9 zm = 8 zs = 3 f = 0
zc = 9 zm = 8 zs = 0 f = 5
zc = 9 zm = 8 zs = 1 f = 5
zc = 1 zm = 8 zs = 2 f = 5
zc = 9 zm = 8 zs = 3 f = 5
Selecting parameters:
zc = 9 zm = 8 zs = 0 f = 0 IDAT size = 13265
Output IDAT size = 13265 bytes (3232 bytes decrease)
Output file size = 13343 bytes (3256 bytes = 19.62% decrease)
** Processing: /home/hornik/tmp/R.check/r-patched-gcc/Work/PKGS/superb.Rcheck/vign_test/superb/vignettes/VignetteE_files/figure-html/unnamed-chunk-10-1.png
384x288 pixels, 3x8 bits/pixel, RGB
Input IDAT size = 42009 bytes
Input file size = 42147 bytes
Trying:
zc = 9 zm = 8 zs = 0 f = 0 IDAT size = 33061
zc = 9 zm = 8 zs = 1 f = 0
zc = 1 zm = 8 zs = 2 f = 0
zc = 9 zm = 8 zs = 3 f = 0
zc = 9 zm = 8 zs = 0 f = 5
zc = 9 zm = 8 zs = 1 f = 5
zc = 1 zm = 8 zs = 2 f = 5
zc = 9 zm = 8 zs = 3 f = 5
Selecting parameters:
zc = 9 zm = 8 zs = 0 f = 0 IDAT size = 33061
Output IDAT size = 33061 bytes (8948 bytes decrease)
Output file size = 33139 bytes (9008 bytes = 21.37% decrease)
--- finished re-building ‘VignetteE.Rmd’
--- re-building ‘VignetteF.Rmd’ using rmarkdown
** Processing: /home/hornik/tmp/R.check/r-patched-gcc/Work/PKGS/superb.Rcheck/vign_test/superb/vignettes/VignetteF_files/figure-html/unnamed-chunk-4-1.png
576x288 pixels, 3x8 bits/pixel, RGB
Input IDAT size = 25601 bytes
Input file size = 25715 bytes
Trying:
zc = 9 zm = 8 zs = 0 f = 0 IDAT size = 20284
zc = 9 zm = 8 zs = 1 f = 0
zc = 1 zm = 8 zs = 2 f = 0
zc = 9 zm = 8 zs = 3 f = 0
zc = 9 zm = 8 zs = 0 f = 5
zc = 9 zm = 8 zs = 1 f = 5
zc = 1 zm = 8 zs = 2 f = 5
zc = 9 zm = 8 zs = 3 f = 5
Selecting parameters:
zc = 9 zm = 8 zs = 0 f = 0 IDAT size = 20284
Output IDAT size = 20284 bytes (5317 bytes decrease)
Output file size = 20362 bytes (5353 bytes = 20.82% decrease)
** Processing: /home/hornik/tmp/R.check/r-patched-gcc/Work/PKGS/superb.Rcheck/vign_test/superb/vignettes/VignetteF_files/figure-html/unnamed-chunk-8-1.png
576x288 pixels, 3x8 bits/pixel, RGB
Input IDAT size = 26218 bytes
Input file size = 26332 bytes
Trying:
zc = 9 zm = 8 zs = 0 f = 0 IDAT size = 20014
zc = 9 zm = 8 zs = 1 f = 0
zc = 1 zm = 8 zs = 2 f = 0
zc = 9 zm = 8 zs = 3 f = 0
zc = 9 zm = 8 zs = 0 f = 5
zc = 9 zm = 8 zs = 1 f = 5
zc = 1 zm = 8 zs = 2 f = 5
zc = 9 zm = 8 zs = 3 f = 5
Selecting parameters:
zc = 9 zm = 8 zs = 0 f = 0 IDAT size = 20014
Output IDAT size = 20014 bytes (6204 bytes decrease)
Output file size = 20092 bytes (6240 bytes = 23.70% decrease)
** Processing: /home/hornik/tmp/R.check/r-patched-gcc/Work/PKGS/superb.Rcheck/vign_test/superb/vignettes/VignetteF_files/figure-html/unnamed-chunk-9-1.png
576x288 pixels, 3x8 bits/pixel, RGB
Input IDAT size = 35544 bytes
Input file size = 35670 bytes
Trying:
zc = 9 zm = 8 zs = 0 f = 0 IDAT size = 26514
zc = 9 zm = 8 zs = 1 f = 0
zc = 1 zm = 8 zs = 2 f = 0
zc = 9 zm = 8 zs = 3 f = 0
zc = 9 zm = 8 zs = 0 f = 5
zc = 9 zm = 8 zs = 1 f = 5
zc = 1 zm = 8 zs = 2 f = 5
zc = 9 zm = 8 zs = 3 f = 5
Selecting parameters:
zc = 9 zm = 8 zs = 0 f = 0 IDAT size = 26514
Output IDAT size = 26514 bytes (9030 bytes decrease)
Output file size = 26592 bytes (9078 bytes = 25.45% decrease)
--- finished re-building ‘VignetteF.Rmd’
--- re-building ‘VignetteG.Rmd’ using rmarkdown
Quitting from lines 87-90 [unnamed-chunk-2] (VignetteG.Rmd)
Error: processing vignette 'VignetteG.Rmd' failed with diagnostics:
cannot open the connection to 'https://raw.githubusercontent.com/mwaskom/seaborn-data/de49440879bea4d563ccefe671fd7584cba08983/fmri.csv'
--- failed re-building ‘VignetteG.Rmd’
--- re-building ‘VignetteH.Rmd’ using rmarkdown
** Processing: /home/hornik/tmp/R.check/r-patched-gcc/Work/PKGS/superb.Rcheck/vign_test/superb/vignettes/VignetteH_files/figure-html/unnamed-chunk-2-1.png
672x384 pixels, 8 bits/pixel, 255 colors in palette
Reducing image to 8 bits/pixel, grayscale
Input IDAT size = 20209 bytes
Input file size = 21088 bytes
Trying:
zc = 9 zm = 8 zs = 0 f = 0 IDAT size = 18672
zc = 9 zm = 8 zs = 1 f = 0
zc = 1 zm = 8 zs = 2 f = 0
zc = 9 zm = 8 zs = 3 f = 0
zc = 9 zm = 8 zs = 0 f = 5
zc = 9 zm = 8 zs = 1 f = 5
zc = 1 zm = 8 zs = 2 f = 5
zc = 9 zm = 8 zs = 3 f = 5
Selecting parameters:
zc = 9 zm = 8 zs = 0 f = 0 IDAT size = 18672
Output IDAT size = 18672 bytes (1537 bytes decrease)
Output file size = 18750 bytes (2338 bytes = 11.09% decrease)
** Processing: /home/hornik/tmp/R.check/r-patched-gcc/Work/PKGS/superb.Rcheck/vign_test/superb/vignettes/VignetteH_files/figure-html/unnamed-chunk-3-1.png
672x384 pixels, 3x8 bits/pixel, RGB
Input IDAT size = 52621 bytes
Input file size = 52771 bytes
Trying:
zc = 9 zm = 8 zs = 0 f = 0 IDAT size = 44403
zc = 9 zm = 8 zs = 1 f = 0
zc = 1 zm = 8 zs = 2 f = 0
zc = 9 zm = 8 zs = 3 f = 0
zc = 9 zm = 8 zs = 0 f = 5
zc = 9 zm = 8 zs = 1 f = 5
zc = 1 zm = 8 zs = 2 f = 5
zc = 9 zm = 8 zs = 3 f = 5
Selecting parameters:
zc = 9 zm = 8 zs = 0 f = 0 IDAT size = 44403
Output IDAT size = 44403 bytes (8218 bytes decrease)
Output file size = 44481 bytes (8290 bytes = 15.71% decrease)
** Processing: /home/hornik/tmp/R.check/r-patched-gcc/Work/PKGS/superb.Rcheck/vign_test/superb/vignettes/VignetteH_files/figure-html/unnamed-chunk-4-1.png
672x384 pixels, 3x8 bits/pixel, RGB
Input IDAT size = 58317 bytes
Input file size = 58479 bytes
Trying:
zc = 9 zm = 8 zs = 0 f = 0 IDAT size = 46901
zc = 9 zm = 8 zs = 1 f = 0
zc = 1 zm = 8 zs = 2 f = 0
zc = 9 zm = 8 zs = 3 f = 0
zc = 9 zm = 8 zs = 0 f = 5
zc = 9 zm = 8 zs = 1 f = 5
zc = 1 zm = 8 zs = 2 f = 5
zc = 9 zm = 8 zs = 3 f = 5
Selecting parameters:
zc = 9 zm = 8 zs = 0 f = 0 IDAT size = 46901
Output IDAT size = 46901 bytes (11416 bytes decrease)
Output file size = 46979 bytes (11500 bytes = 19.67% decrease)
** Processing: /home/hornik/tmp/R.check/r-patched-gcc/Work/PKGS/superb.Rcheck/vign_test/superb/vignettes/VignetteH_files/figure-html/unnamed-chunk-5-1.png
672x384 pixels, 3x8 bits/pixel, RGB
Input IDAT size = 55042 bytes
Input file size = 55192 bytes
Trying:
zc = 9 zm = 8 zs = 0 f = 0 IDAT size = 46988
zc = 9 zm = 8 zs = 1 f = 0
zc = 1 zm = 8 zs = 2 f = 0
zc = 9 zm = 8 zs = 3 f = 0
zc = 9 zm = 8 zs = 0 f = 5
zc = 9 zm = 8 zs = 1 f = 5
zc = 1 zm = 8 zs = 2 f = 5
zc = 9 zm = 8 zs = 3 f = 5
Selecting parameters:
zc = 9 zm = 8 zs = 0 f = 0 IDAT size = 46988
Output IDAT size = 46988 bytes (8054 bytes decrease)
Output file size = 47066 bytes (8126 bytes = 14.72% decrease)
** Processing: /home/hornik/tmp/R.check/r-patched-gcc/Work/PKGS/superb.Rcheck/vign_test/superb/vignettes/VignetteH_files/figure-html/unnamed-chunk-6-1.png
672x384 pixels, 3x8 bits/pixel, RGB
Input IDAT size = 62185 bytes
Input file size = 62347 bytes
Trying:
zc = 9 zm = 8 zs = 0 f = 0 IDAT size = 48022
zc = 9 zm = 8 zs = 1 f = 0
zc = 1 zm = 8 zs = 2 f = 0
zc = 9 zm = 8 zs = 3 f = 0
zc = 9 zm = 8 zs = 0 f = 5
zc = 9 zm = 8 zs = 1 f = 5
zc = 1 zm = 8 zs = 2 f = 5
zc = 9 zm = 8 zs = 3 f = 5
Selecting parameters:
zc = 9 zm = 8 zs = 0 f = 0 IDAT size = 48022
Output IDAT size = 48022 bytes (14163 bytes decrease)
Output file size = 48100 bytes (14247 bytes = 22.85% decrease)
** Processing: /home/hornik/tmp/R.check/r-patched-gcc/Work/PKGS/superb.Rcheck/vign_test/superb/vignettes/VignetteH_files/figure-html/unnamed-chunk-7-1.png
672x384 pixels, 3x8 bits/pixel, RGB
Input IDAT size = 61710 bytes
Input file size = 61872 bytes
Trying:
zc = 9 zm = 8 zs = 0 f = 0 IDAT size = 47203
zc = 9 zm = 8 zs = 1 f = 0
zc = 1 zm = 8 zs = 2 f = 0
zc = 9 zm = 8 zs = 3 f = 0
zc = 9 zm = 8 zs = 0 f = 5
zc = 9 zm = 8 zs = 1 f = 5
zc = 1 zm = 8 zs = 2 f = 5
zc = 9 zm = 8 zs = 3 f = 5
Selecting parameters:
zc = 9 zm = 8 zs = 0 f = 0 IDAT size = 47203
Output IDAT size = 47203 bytes (14507 bytes decrease)
Output file size = 47281 bytes (14591 bytes = 23.58% decrease)
** Processing: /home/hornik/tmp/R.check/r-patched-gcc/Work/PKGS/superb.Rcheck/vign_test/superb/vignettes/VignetteH_files/figure-html/unnamed-chunk-9-1.png
672x384 pixels, 3x8 bits/pixel, RGB
Input IDAT size = 61888 bytes
Input file size = 62050 bytes
Trying:
zc = 9 zm = 8 zs = 0 f = 0 IDAT size = 47275
zc = 9 zm = 8 zs = 1 f = 0
zc = 1 zm = 8 zs = 2 f = 0
zc = 9 zm = 8 zs = 3 f = 0
zc = 9 zm = 8 zs = 0 f = 5
zc = 9 zm = 8 zs = 1 f = 5
zc = 1 zm = 8 zs = 2 f = 5
zc = 9 zm = 8 zs = 3 f = 5
Selecting parameters:
zc = 9 zm = 8 zs = 0 f = 0 IDAT size = 47275
Output IDAT size = 47275 bytes (14613 bytes decrease)
Output file size = 47353 bytes (14697 bytes = 23.69% decrease)
--- finished re-building ‘VignetteH.Rmd’
SUMMARY: processing the following file failed:
‘VignetteG.Rmd’
Error: Vignette re-building failed.
Execution halted
Flavor: r-patched-linux-x86_64