Last updated on 2025-05-15 18:51:01 CEST.
Flavor | Version | Tinstall | Tcheck | Ttotal | Status | Flags |
---|---|---|---|---|---|---|
r-devel-linux-x86_64-debian-clang | 1.4 | 7.78 | 68.80 | 76.58 | NOTE | |
r-devel-linux-x86_64-debian-gcc | 1.4 | 5.11 | 47.06 | 52.17 | NOTE | |
r-devel-linux-x86_64-fedora-clang | 1.4 | 122.86 | OK | |||
r-devel-linux-x86_64-fedora-gcc | 1.4 | 117.04 | OK | |||
r-devel-windows-x86_64 | 1.4 | 9.00 | 85.00 | 94.00 | OK | |
r-patched-linux-x86_64 | 1.4 | 7.08 | 65.74 | 72.82 | OK | |
r-release-linux-x86_64 | 1.4 | 7.11 | 65.16 | 72.27 | OK | |
r-release-macos-arm64 | 1.4 | 39.00 | OK | |||
r-release-macos-x86_64 | 1.4 | 69.00 | OK | |||
r-release-windows-x86_64 | 1.4 | 11.00 | 85.00 | 96.00 | OK | |
r-oldrel-macos-arm64 | 1.4 | 36.00 | OK | |||
r-oldrel-macos-x86_64 | 1.4 | 55.00 | OK | |||
r-oldrel-windows-x86_64 | 1.4 | 13.00 | 110.00 | 123.00 | OK |
Version: 1.4
Check: CRAN incoming feasibility
Result: NOTE
Maintainer: ‘Nele Schuwirth <nele.schuwirth@eawag.ch>’
No Authors@R field in DESCRIPTION.
Please add one, modifying
Authors@R: c(person(given = "Nele",
family = "Schuwirth",
role = c("aut", "cre"),
email = "nele.schuwirth@eawag.ch"),
person(given = "Peter",
family = "Reichert",
role = "aut"),
person(given = "Mikolaj",
family = "Rybinski",
role = "aut"))
as necessary.
Flavors: r-devel-linux-x86_64-debian-clang, r-devel-linux-x86_64-debian-gcc