Last updated on 2024-08-16 06:50:13 CEST.
Flavor | Version | Tinstall | Tcheck | Ttotal | Status | Flags |
---|---|---|---|---|---|---|
r-devel-linux-x86_64-debian-clang | 1.7.12 | 169.78 | 345.59 | 515.37 | OK | |
r-devel-linux-x86_64-debian-gcc | 1.7.12 | 102.68 | 216.34 | 319.02 | OK | |
r-devel-linux-x86_64-fedora-clang | 1.7.12 | 908.84 | OK | |||
r-devel-linux-x86_64-fedora-gcc | 1.7.12 | 886.55 | OK | |||
r-devel-windows-x86_64 | 1.7.12 | 158.00 | 346.00 | 504.00 | OK | |
r-patched-linux-x86_64 | 1.7.12 | 150.87 | 326.15 | 477.02 | OK | |
r-release-linux-x86_64 | 1.7.12 | 148.50 | 324.09 | 472.59 | OK | |
r-release-macos-arm64 | 1.7.12 | 202.00 | NOTE | |||
r-release-macos-x86_64 | 1.7.12 | 370.00 | NOTE | |||
r-release-windows-x86_64 | 1.7.12 | 158.00 | 354.00 | 512.00 | OK | |
r-oldrel-macos-arm64 | 1.7.12 | 238.00 | NOTE | |||
r-oldrel-macos-x86_64 | 1.7.12 | 502.00 | NOTE | |||
r-oldrel-windows-x86_64 | 1.7.12 | 196.00 | 429.00 | 625.00 | OK |
Version: 1.7.12
Check: installed package size
Result: NOTE
installed size is 9.0Mb
sub-directories of 1Mb or more:
libs 6.7Mb
Flavors: r-release-macos-arm64, r-release-macos-x86_64, r-oldrel-macos-arm64, r-oldrel-macos-x86_64